{"text_format":"1","workbook":"xlsx","n_sheets":8,"sheets":["Templates","Devices","Instructions","NETWORK(IOLINK)","NETWORK(EIP)","Part Number","IO Assignment MCM06","MCM06_DESC"],"not_rendered":{"charts":0,"images":10,"macros":1,"external_links":1,"defined_names":4,"comments":4,"pivot_tables":0},"unopened":[],"bounds":{"document_bytes":16777216,"sheet_cells":100000,"rows_first":2000,"rows_last":500,"rows_between":2000,"halvings":0,"cell_chars":16384,"cell_head_chars":4096},"cells_cut":0,"cells_raw":0,"read":"whole","date_system":"1900"}

{"sheet":"Templates","index":0,"n_rows":19,"n_cols":3,"rows_kept":19,"cut":false,"hidden":false,"merged":[]}
[]
["VFD IO TEMPLATE",null,"FIO IO Template"]
["I0",null,"IO00"]
["I1",null,"IO01"]
["I2",null,"IO02"]
["I3",null,"IO03"]
["IO0",null,"IO04"]
["IO1",null,"IO05"]
["SI0",null,"IO06"]
["SI1",null,"IO07"]
["SI2",null,"IO08"]
["SI3",null,"IO09"]
["SO0",null,"IO10"]
[null,null,"IO11"]
[null,null,"IO12"]
[null,null,"IO13"]
[null,null,"IO14"]
[null,null,"IO15"]
[null,null,"IO16"]

{"sheet":"Devices","index":1,"n_rows":206,"n_cols":9,"rows_kept":206,"cut":false,"hidden":false,"merged":[]}
[null,null,null,null,null,null,null,"Which MCM we assign?","MCM06"]
["NCP_11_TPE1"]
["NCP_11_TPE2"]
["NCP1_10A_DISC"]
["NCP1_10A_VFD1"]
["NCP1_10B_DISC"]
["NCP1_10B_VFD1"]
["NCP1_11_DISC"]
["NCP1_11_ENC1"]
["NCP1_11_VFD1"]
["NCP1_12_DISC"]
["NCP1_12_ENC1"]
["NCP1_12_TPE1"]
["NCP1_12_VFD1"]
["NCP1_13_DISC"]
["NCP1_13_TPE1"]
["NCP1_13_VFD1"]
["NCP1_14A_DISC"]
["NCP1_14A_VFD1"]
["NCP1_14B_DISC"]
["NCP1_14B_VFD1"]
["NCP1_14C_DISC"]
["NCP1_14C_VFD1"]
["NCP1_14D_DISC"]
["NCP1_14D_VFD1"]
["NCP1_15_BCN1_R"]
["NCP1_15_BCN2_A"]
["NCP1_15_BCN2_R"]
["NCP1_15_DISC"]
["NCP1_15_ENC1"]
["NCP1_15_EPC1"]
["NCP1_15_EPC1_2"]
["NCP1_15_EPC2"]
["NCP1_15_EPC2_2"]
["NCP1_15_S1_PB"]
["NCP1_15_S1_PB_LT"]
["NCP1_15_S2_PB"]
["NCP1_15_S2_PB_LT"]
["NCP1_15_TPE1"]
["NCP1_15_TPE2"]
["NCP1_15_VFD1"]
["NCP1_16_BCN1_A"]
["NCP1_16_DISC"]
["NCP1_16_JR1_PB"]
["NCP1_16_JR1_PB_LT"]
["NCP1_16_JR2_PB"]
["NCP1_16_JR2_PB_LT"]
["NCP1_16_VFD1"]
["NCP1_17_DISC"]
["NCP1_17_ENC1"]
["NCP1_17_TPE1"]
["NCP1_17_TPE2"]
["NCP1_17_VFD1"]
["NCP1_18A_DISC"]
["NCP1_18A_VFD1"]
["NCP1_18B_DISC"]
["NCP1_18B_VFD1"]
["NCP1_19_DISC"]
["NCP1_19_ENC1"]
["NCP1_19_TPE1"]
["NCP1_19_TPE2"]
["NCP1_19_VFD1"]
["NCP1_20_APS1"]
["NCP1_20_DISC"]
["NCP1_20_PE1"]
["NCP1_20_PE2"]
["NCP1_20_PE3"]
["NCP1_20_PE4"]
["NCP1_20_SOL1"]
["NCP1_20_SOL2"]
["NCP1_20_VFD1"]
["NCP1_21_BCN1_R"]
["NCP1_21_BCN2_R"]
["NCP1_21_DISC"]
["NCP1_21_ENC1"]
["NCP1_21_EPC1"]
["NCP1_21_EPC1_2"]
["NCP1_21_EPC2"]
["NCP1_21_EPC2_2"]
["NCP1_21_SS1"]
["NCP1_21_SS2"]
["NCP1_21_TPE1"]
["NCP1_21_TPE2"]
["NCP1_21_VFD1"]
["NCP1_9_BCN1_R"]
["NCP1_9_BCN2_R"]
["NCP1_9_DISC"]
["NCP1_9_EPC1"]
["NCP1_9_EPC1_2"]
["NCP1_9_EPC2"]
["NCP1_9_EPC2_2"]
["NCP1_9_S1_PB"]
["NCP1_9_S1_PB_LT"]
["NCP1_9_S2_PB"]
["NCP1_9_S2_PB_LT"]
["NCP1_9_TPE1"]
["NCP1_9_VFD1"]
["NCP1-13-ENC1"]
["NCP2_1_DISC"]
["NCP2_1_VFD1"]
["NCS1_1_TPE1"]
["NCS1_2_DISC"]
["NCS1_2_ENC1"]
["NCS1_2_TPE1"]
["NCS1_2_VFD1"]
["NCS1_3_BCN1_A"]
["NCS1_3_DISC"]
["NCS1_3_JR1_PB"]
["NCS1_3_JR1_PB_LT"]
["NCS1_3_VFD1"]
["NCS1_4_BCN1_R"]
["NCS1_4_BCN2_R"]
["NCS1_4_DISC"]
["NCS1_4_ENC1"]
["NCS1_4_EPC1"]
["NCS1_4_EPC1_2"]
["NCS1_4_EPC2"]
["NCS1_4_EPC2_2"]
["NCS1_4_EPC3"]
["NCS1_4_EPC3_2"]
["NCS1_4_EPC4"]
["NCS1_4_EPC4_2"]
["NCS1_4_S1_PB"]
["NCS1_4_S1_PB_LT"]
["NCS1_4_S2_PB"]
["NCS1_4_S2_PB_LT"]
["NCS1_4_TPE1"]
["NCS1_4_TPE2"]
["NCS1_4_VFD1"]
["NCS1_5A_DISC"]
["NCS1_5A_VFD1"]
["NCS1_5B_DISC"]
["NCS1_5B_VFD1"]
["NCS1_6_DISC"]
["NCS1_6_ENC1"]
["NCS1_6_TPE1"]
["NCS1_6_TPE2"]
["NCS1_6_VFD1"]
["NCS1_7_DISC"]
["NCS1_7_ENC1"]
["NCS1_7_TPE1"]
["NCS1_7_VFD1"]
["NCS1_8_DISC"]
["NCS1_8_ENC1"]
["NCS1_8_TPE1"]
["NCS1_8_VFD1"]
["NCS1_9_DISC"]
["NCS1_9_ENC1"]
["NCS1_9_TPE1"]
["NCS1_9_VFD1"]
["NCS2_2_BCN1_R"]
["NCS2_2_BCN2_R"]
["NCS2_2_DISC"]
["NCS2_2_ENC1"]
["NCS2_2_EPC1"]
["NCS2_2_EPC1_2"]
["NCS2_2_EPC2"]
["NCS2_2_EPC2_2"]
["NCS2_2_SS1"]
["NCS2_2_SS2"]
["NCS2_2_TPE1"]
["NCS2_2_TPE2"]
["NCS2_2_VFD1"]
["NCS2_3A_DISC"]
["NCS2_3A_VFD1"]
["NCS2_3B_DISC"]
["NCS2_3B_VFD1"]
["NCS2_4_DISC"]
["NCS2_4_ENC1"]
["NCS2_4_TPE1"]
["NCS2_4_TPE2"]
["NCS2_4_VFD1"]
["NCS2_5_DISC"]
["NCS2_5_ENC1"]
["NCS2_5_TPE1"]
["NCS2_5_VFD1"]
["NCS2_6_DISC"]
["NCS2_6_ENC1"]
["NCS2_6_TPE1"]
["NCS2_6_VFD1"]
["NCS2_7_DISC"]
["NCS2_7_ENC1"]
["NCS2_7_TPE1"]
["NCS2_7_VFD1"]
["S02_1_BCN1_A"]
["S02_1_BCN1_B"]
["S02_1_BCN1_H"]
["S02_1_DISC"]
["S02_1_EPC1"]
["S02_1_EPC1_2"]
["S02_1_EPC2"]
["S02_1_EPC2_2"]
["S02_1_SIO1"]
["S02_1_VFD1"]
["S02_1CH_JPE1"]
["S02_2_BCN1_A"]
["S02_2_BCN1_B"]
["S02_2_BCN1_H"]
["S02_2_DISC"]
["S02_2_EPC1"]
["S02_2_EPC1_2"]
["S02_2_EPC2"]
["S02_2_EPC2_2"]
["S02_2_SIO1"]
["S02_2_VFD1"]
["S02_2CH_JPE1"]

{"sheet":"Instructions","index":2,"n_rows":116,"n_cols":2,"rows_kept":116,"cut":false,"hidden":false,"merged":[]}
[]
["1. ","Put all device tags to cell A2"]
[]
[]
[]
[]
[]
[]
[]
[]
[]
[]
[]
[]
[]
[]
[]
[]
[]
[]
[]
[]
[]
[]
[]
[]
[]
[]
[]
[]
[]
[]
[]
[]
[]
[]
["2.","In cell I1 write MCM number"]
[]
[]
[]
[]
[]
[]
[]
[]
[]
["3. ","Click on \"Add Disconnects\" button. "]
[]
[]
[]
[]
[]
[]
[]
[]
[]
["4. ","Replace all _VFD1_DISC with _DISC. Without this point it will generate IO points for _VFD1_DISC device"]
[]
[]
[]
[]
[]
[]
[]
[]
[]
[]
[]
["5. ","Click on \"Split SS station\". This will split all _SS to SS_STPB, SS_SPB and SS_STPB_LT"]
[]
[]
[]
[]
[]
[]
[]
[]
["6. ","Click on \"Split start PB\". This will split all _S and _JR to _S_PB, _S_PB_LT, JR_PB and JR_PB_LT"]
[]
[]
[]
[]
[]
[]
[]
[]
["7.","Click on \"Duplicate EPC Tag\". This will add duplicate for all EPC and add _2 to copy"]
[]
[]
[]
[]
[]
[]
[]
[]
[]
["8.","Click on \"Create Assignment table template\". This will add new sheet with name \"IO Assignment MCM01 and fill with VFD and FIO names and their adresses"]
[]
[]
[]
[]
[]
[]
[]
[]
[]
["9.","Click on \"Assign Devices to VFD\". This will add device tags to correspond VFD IO. Works for Disc, TPE, JPE, EPC, ENC"]
[]
[]
[]
[]
[]
[]
[]
[]
["10. ","All Unassigned Pushbuttons and lights fill manually and all devices, that couldn't filled to VFD also will be here."]

{"sheet":"NETWORK(IOLINK)","index":3,"n_rows":85,"n_cols":14,"rows_kept":85,"cut":false,"hidden":false,"merged":[[0,3,0,4],[0,5,0,8],[21,3,32,3],[21,4,32,4],[2,3,20,3],[2,4,20,4],[73,3,84,3],[73,4,84,4],[33,3,40,3],[33,4,40,4],[41,3,50,3],[41,4,50,4],[51,3,62,3],[51,4,62,4],[63,3,72,3],[63,4,72,4]]}
[null,"MCM05",null,"RING",null,"STAR"]
["SLOT0","1756_L83ES","IP","DPM","IP","VFD NAME","TYPE","VFD PART NUMBER","IP"]
["SLOT1","1756_N2",null,"NCP1_15_DPM1","11.200.1.2","NCP1_9_VFD1","2HP",{"$f":"VLOOKUP(G3,'Part Number'!$A$1:$B$13,2,0)","v":"35S-6D2-P101"},"11.200.1.30",null,null,null,"NCP1_9_VFD1",{"$f":"VLOOKUP(M3,[1]MCM06!$C$1:$M$157,11,0)","v":"2HP"}]
["SLOT2","1756_EN4TR","11.200.1.1",null,null,"NCP1_10A_VFD1","2HP",{"$f":"VLOOKUP(G4,'Part Number'!$A$1:$B$13,2,0)","v":"35S-6D2-P101"},"11.200.1.31",null,null,null,"NCP1_10A_VFD1",{"$f":"VLOOKUP(M4,[1]MCM06!$C$1:$M$157,11,0)","v":"2HP"}]
["SLOT3","1756_EN2TR","11.200.1.1",null,null,"NCP1_10B_VFD1","2HP",{"$f":"VLOOKUP(G5,'Part Number'!$A$1:$B$13,2,0)","v":"35S-6D2-P101"},"11.200.1.32",null,null,null,"NCP1_10B_VFD1",{"$f":"VLOOKUP(M5,[1]MCM06!$C$1:$M$157,11,0)","v":"2HP"}]
["SLOT4","1756_EN2TR","11.200.1.1",null,null,"NCP1_11_VFD1","2HP",{"$f":"VLOOKUP(G6,'Part Number'!$A$1:$B$13,2,0)","v":"35S-6D2-P101"},"11.200.1.33",null,null,null,"NCP1_11_VFD1",{"$f":"VLOOKUP(M6,[1]MCM06!$C$1:$M$157,11,0)","v":"2HP"}]
["SLOT5","1756_IB16",null,null,null,"NCP1_12_VFD1","2HP",{"$f":"VLOOKUP(G7,'Part Number'!$A$1:$B$13,2,0)","v":"35S-6D2-P101"},"11.200.1.34",null,null,null,"NCP1_12_VFD1",{"$f":"VLOOKUP(M7,[1]MCM06!$C$1:$M$157,11,0)","v":"2HP"}]
["SLOT6","1756_OB16E",null,null,null,"NCP1_13_VFD1","2HP",{"$f":"VLOOKUP(G8,'Part Number'!$A$1:$B$13,2,0)","v":"35S-6D2-P101"},"11.200.1.35",null,null,null,"NCP1_13_VFD1",{"$f":"VLOOKUP(M8,[1]MCM06!$C$1:$M$157,11,0)","v":"2HP"}]
["SLOT7","1756_IB16S",null,null,null,"NCP1_14A_VFD1","2HP",{"$f":"VLOOKUP(G9,'Part Number'!$A$1:$B$13,2,0)","v":"35S-6D2-P101"},"11.200.1.36",null,null,null,"NCP1_14A_VFD1",{"$f":"VLOOKUP(M9,[1]MCM06!$C$1:$M$157,11,0)","v":"2HP"}]
["SLOT8","1756_EN2TR","11.200.1.1",null,null,"NCP1_14B_VFD1","2HP",{"$f":"VLOOKUP(G10,'Part Number'!$A$1:$B$13,2,0)","v":"35S-6D2-P101"},"11.200.1.37",null,null,null,"NCP1_14B_VFD1",{"$f":"VLOOKUP(M10,[1]MCM06!$C$1:$M$157,11,0)","v":"2HP"}]
["SLOT9","1756_EN2TR","11.200.1.1",null,null,"NCP1_14C_VFD1","2HP",{"$f":"VLOOKUP(G11,'Part Number'!$A$1:$B$13,2,0)","v":"35S-6D2-P101"},"11.200.1.38",null,null,null,"NCP1_14C_VFD1",{"$f":"VLOOKUP(M11,[1]MCM06!$C$1:$M$157,11,0)","v":"2HP"}]
[null,null,null,null,null,"NCP1_14D_VFD1","2HP",{"$f":"VLOOKUP(G12,'Part Number'!$A$1:$B$13,2,0)","v":"35S-6D2-P101"},"11.200.1.39",null,null,null,"NCP1_14D_VFD1",{"$f":"VLOOKUP(M12,[1]MCM06!$C$1:$M$157,11,0)","v":"2HP"}]
[null,null,null,null,null,"NCP1_15_VFD1","7.5HP",{"$f":"VLOOKUP(G13,'Part Number'!$A$1:$B$13,2,0)","v":"35S-6D5-P111"},"11.200.1.40",null,null,null,"NCP1_15_VFD1",{"$f":"VLOOKUP(M13,[1]MCM06!$C$1:$M$157,11,0)","v":"7.5HP"}]
["DPM COUNT",7,null,null,null,"NCP1_16_VFD1","5HP",{"$f":"VLOOKUP(G14,'Part Number'!$A$1:$B$13,2,0)","v":"35S-6D4-P111"},"11.200.1.41",null,null,null,"NCP1_16_VFD1",{"$f":"VLOOKUP(M14,[1]MCM06!$C$1:$M$157,11,0)","v":"5HP"}]
["FIO COUNT",53,null,null,null,"NCP1_17_VFD1","2HP",{"$f":"VLOOKUP(G15,'Part Number'!$A$1:$B$13,2,0)","v":"35S-6D2-P101"},"11.200.1.42",null,null,null,"NCP1_17_VFD1",{"$f":"VLOOKUP(M15,[1]MCM06!$C$1:$M$157,11,0)","v":"2HP"}]
[null,null,null,null,null,"NCP1_18A_VFD1","2HP",{"$f":"VLOOKUP(G16,'Part Number'!$A$1:$B$13,2,0)","v":"35S-6D2-P101"},"11.200.1.43",null,null,null,"NCP1_18A_VFD1",{"$f":"VLOOKUP(M16,[1]MCM06!$C$1:$M$157,11,0)","v":"2HP"}]
[null,null,null,null,null,"NCP1_18B_VFD1","2HP",{"$f":"VLOOKUP(G17,'Part Number'!$A$1:$B$13,2,0)","v":"35S-6D2-P101"},"11.200.1.44",null,null,null,"NCP1_18B_VFD1",{"$f":"VLOOKUP(M17,[1]MCM06!$C$1:$M$157,11,0)","v":"2HP"}]
[null,null,null,null,null,"NCP1_19_VFD1","2HP",{"$f":"VLOOKUP(G18,'Part Number'!$A$1:$B$13,2,0)","v":"35S-6D2-P101"},"11.200.1.45",null,null,null,"NCP1_19_VFD1",{"$f":"VLOOKUP(M18,[1]MCM06!$C$1:$M$157,11,0)","v":"2HP"}]
[null,null,null,null,null,"NCP1_20_VFD1","5HP",{"$f":"VLOOKUP(G19,'Part Number'!$A$1:$B$13,2,0)","v":"35S-6D4-P111"},"11.200.1.46",null,null,null,"NCP1_20_VFD1",{"$f":"VLOOKUP(M19,[1]MCM06!$C$1:$M$157,11,0)","v":"5HP"}]
[null,null,null,null,null,"NCP1_21_VFD1","7.5HP",{"$f":"VLOOKUP(G20,'Part Number'!$A$1:$B$13,2,0)","v":"35S-6D5-P111"},"11.200.1.47",null,null,null,"NCP1_21_VFD1",{"$f":"VLOOKUP(M20,[1]MCM06!$C$1:$M$157,11,0)","v":"7.5HP"}]
[null,null,null,null,null,"NCP1_20_FIO1","FIO",{"$f":"VLOOKUP(G21,'Part Number'!$A$1:$B$13,2,0)","v":"5032-8IOLM12DR"},"11.200.1.146","5-26 ADDED"]
[null,null,null,"NCS1_6_DPM1","11.200.1.3","NCS1_1_VFD1","2HP",{"$f":"VLOOKUP(G22,'Part Number'!$A$1:$B$13,2,0)","v":"35S-6D2-P101"},"11.200.1.48"]
[null,null,null,null,null,"NCS1_2_VFD1","2HP",{"$f":"VLOOKUP(G23,'Part Number'!$A$1:$B$13,2,0)","v":"35S-6D2-P101"},"11.200.1.49",null,null,null,"NCS1_2_VFD1",{"$f":"VLOOKUP(M23,[1]MCM06!$C$1:$M$157,11,0)","v":"2HP"}]
[null,null,null,null,null,"NCS1_3_VFD1","5HP",{"$f":"VLOOKUP(G24,'Part Number'!$A$1:$B$13,2,0)","v":"35S-6D4-P111"},"11.200.1.50",null,null,null,"NCS1_3_VFD1",{"$f":"VLOOKUP(M24,[1]MCM06!$C$1:$M$157,11,0)","v":"5HP"}]
[null,null,null,null,null,"NCS1_4_VFD1","2HP",{"$f":"VLOOKUP(G25,'Part Number'!$A$1:$B$13,2,0)","v":"35S-6D2-P101"},"11.200.1.51",null,null,null,"NCS1_4_VFD1",{"$f":"VLOOKUP(M25,[1]MCM06!$C$1:$M$157,11,0)","v":"2HP"}]
[null,null,null,null,null,"NCS1_5A_VFD1","2HP",{"$f":"VLOOKUP(G26,'Part Number'!$A$1:$B$13,2,0)","v":"35S-6D2-P101"},"11.200.1.52",null,null,null,"NCS1_5A_VFD1",{"$f":"VLOOKUP(M26,[1]MCM06!$C$1:$M$157,11,0)","v":"2HP"}]
[null,null,null,null,null,"NCS1_5B_VFD1","2HP",{"$f":"VLOOKUP(G27,'Part Number'!$A$1:$B$13,2,0)","v":"35S-6D2-P101"},"11.200.1.53",null,null,null,"NCS1_5B_VFD1",{"$f":"VLOOKUP(M27,[1]MCM06!$C$1:$M$157,11,0)","v":"2HP"}]
[null,null,null,null,null,"NCS1_6_VFD1","2HP",{"$f":"VLOOKUP(G28,'Part Number'!$A$1:$B$13,2,0)","v":"35S-6D2-P101"},"11.200.1.54",null,null,null,"NCS1_6_VFD1",{"$f":"VLOOKUP(M28,[1]MCM06!$C$1:$M$157,11,0)","v":"2HP"}]
[null,null,null,null,null,"NCS1_7_VFD1","2HP",{"$f":"VLOOKUP(G29,'Part Number'!$A$1:$B$13,2,0)","v":"35S-6D2-P101"},"11.200.1.55",null,null,null,"NCS1_7_VFD1",{"$f":"VLOOKUP(M29,[1]MCM06!$C$1:$M$157,11,0)","v":"2HP"}]
[null,null,null,null,null,"NCS1_8_VFD1","2HP",{"$f":"VLOOKUP(G30,'Part Number'!$A$1:$B$13,2,0)","v":"35S-6D2-P101"},"11.200.1.56",null,null,null,"NCS1_8_VFD1",{"$f":"VLOOKUP(M30,[1]MCM06!$C$1:$M$157,11,0)","v":"2HP"}]
[null,null,null,null,null,"NCS1_9_VFD1","2HP",{"$f":"VLOOKUP(G31,'Part Number'!$A$1:$B$13,2,0)","v":"35S-6D2-P101"},"11.200.1.57",null,null,null,"NCS1_9_VFD1",{"$f":"VLOOKUP(M31,[1]MCM06!$C$1:$M$157,11,0)","v":"2HP"}]
[null,null,null,null,null,"PDP08_FIO1","FIO",{"$f":"VLOOKUP(G32,'Part Number'!$A$1:$B$13,2,0)","v":"5032-8IOLM12DR"},"11.200.1.144","ADDED","2025-05-25"]
[null,null,null,null,null,"PDP08_PMM1","PMM","1420-V2-ENT","11.200.1.145","ADDED","2025-05-25"]
[null,null,null,"NCS2_4_DPM1","11.200.1.4","NCS2_1_VFD1","5HP",{"$f":"VLOOKUP(G34,'Part Number'!$A$1:$B$13,2,0)","v":"35S-6D4-P111"},"11.200.1.58","added",null,null,"NCP2_1_VFD1",{"$f":"VLOOKUP(M34,[1]MCM06!$C$1:$M$157,11,0)","v":"5HP"}]
[null,null,null,null,null,"NCS2_2_VFD1","2HP",{"$f":"VLOOKUP(G35,'Part Number'!$A$1:$B$13,2,0)","v":"35S-6D2-P101"},"11.200.1.59",null,null,null,"NCS2_2_VFD1",{"$f":"VLOOKUP(M35,[1]MCM06!$C$1:$M$157,11,0)","v":"2HP"}]
[null,null,null,null,null,"NCS2_3A_VFD1","2HP",{"$f":"VLOOKUP(G36,'Part Number'!$A$1:$B$13,2,0)","v":"35S-6D2-P101"},"11.200.1.60",null,null,null,"NCS2_3A_VFD1",{"$f":"VLOOKUP(M36,[1]MCM06!$C$1:$M$157,11,0)","v":"2HP"}]
[null,null,null,null,null,"NCS2_3B_VFD1","2HP",{"$f":"VLOOKUP(G37,'Part Number'!$A$1:$B$13,2,0)","v":"35S-6D2-P101"},"11.200.1.61",null,null,null,"NCS2_3B_VFD1",{"$f":"VLOOKUP(M37,[1]MCM06!$C$1:$M$157,11,0)","v":"2HP"}]
[null,null,null,null,null,"NCS2_4_VFD1","2HP",{"$f":"VLOOKUP(G38,'Part Number'!$A$1:$B$13,2,0)","v":"35S-6D2-P101"},"11.200.1.62",null,null,null,"NCS2_4_VFD1",{"$f":"VLOOKUP(M38,[1]MCM06!$C$1:$M$157,11,0)","v":"2HP"}]
[null,null,null,null,null,"NCS2_5_VFD1","2HP",{"$f":"VLOOKUP(G39,'Part Number'!$A$1:$B$13,2,0)","v":"35S-6D2-P101"},"11.200.1.63",null,null,null,"NCS2_5_VFD1",{"$f":"VLOOKUP(M39,[1]MCM06!$C$1:$M$157,11,0)","v":"2HP"}]
[null,null,null,null,null,"NCS2_6_VFD1","2HP",{"$f":"VLOOKUP(G40,'Part Number'!$A$1:$B$13,2,0)","v":"35S-6D2-P101"},"11.200.1.64",null,null,null,"NCS2_6_VFD1",{"$f":"VLOOKUP(M40,[1]MCM06!$C$1:$M$157,11,0)","v":"2HP"}]
[null,null,null,null,null,"NCS2_7_VFD1","2HP",{"$f":"VLOOKUP(G41,'Part Number'!$A$1:$B$13,2,0)","v":"35S-6D2-P101"},"11.200.1.65",null,null,null,"NCS2_7_VFD1",{"$f":"VLOOKUP(M41,[1]MCM06!$C$1:$M$157,11,0)","v":"2HP"}]
[null,null,null,"NCS1_DPM1","11.200.1.5","S02_1_FIO1","FIO",{"$f":"VLOOKUP(G42,'Part Number'!$A$1:$B$13,2,0)","v":"5032-8IOLM12DR"},"11.200.1.100",null,null,null,"S02_1_FIO1","FIO"]
[null,null,null,null,null,"S02_1_FIO2","FIO",{"$f":"VLOOKUP(G43,'Part Number'!$A$1:$B$13,2,0)","v":"5032-8IOLM12DR"},"11.200.1.101",null,null,null,"S02_1_FIO2","FIO"]
[null,null,null,null,null,"S02_1_FIO3","FIO",{"$f":"VLOOKUP(G44,'Part Number'!$A$1:$B$13,2,0)","v":"5032-8IOLM12DR"},"11.200.1.102",null,null,null,"S02_1_FIO3","FIO"]
[null,null,null,null,null,"S02_1_FIO4","FIO",{"$f":"VLOOKUP(G45,'Part Number'!$A$1:$B$13,2,0)","v":"5032-8IOLM12DR"},"11.200.1.103",null,null,null,"S02_1_FIO4","FIO"]
[null,null,null,null,null,"S02_1_FIO9","FIO",{"$f":"VLOOKUP(G46,'Part Number'!$A$1:$B$13,2,0)","v":"5032-8IOLM12DR"},"11.200.1.104",null,null,null,"S02_1_FIO5","FIO"]
[null,null,null,null,null,"S02_1_FIO10","FIO",{"$f":"VLOOKUP(G47,'Part Number'!$A$1:$B$13,2,0)","v":"5032-8IOLM12DR"},"11.200.1.105",null,null,null,"S02_1_FIO6","FIO"]
[null,null,null,null,null,"S02_1_FIO11","FIO",{"$f":"VLOOKUP(G48,'Part Number'!$A$1:$B$13,2,0)","v":"5032-8IOLM12DR"},"11.200.1.106",null,null,null,"S02_1_FIO7","FIO"]
[null,null,null,null,null,"S02_1_FIO12","FIO",{"$f":"VLOOKUP(G49,'Part Number'!$A$1:$B$13,2,0)","v":"5032-8IOLM12DR"},"11.200.1.107",null,null,null,"S02_1_FIO8","FIO"]
[null,null,null,null,null,"S02_1_FIO13","FIO",{"$f":"VLOOKUP(G50,'Part Number'!$A$1:$B$13,2,0)","v":"5032-8IOLM12DR"},"11.200.1.108",null,null,null,"S02_1_SIO1","FIO"]
[null,null,null,null,null,"S02_1_FIO14","FIO",{"$f":"VLOOKUP(G51,'Part Number'!$A$1:$B$13,2,0)","v":"5032-8IOLM12DR"},"11.200.1.109",null,null,null,"S02_1_VFD1",{"$f":"VLOOKUP(M51,[1]MCM06!$C$1:$M$157,11,0)","v":"30HP"}]
[null,null,null,"NCS1_DPM2","11.200.1.6","S02_1_FIO5","FIO",{"$f":"VLOOKUP(G52,'Part Number'!$A$1:$B$13,2,0)","v":"5032-8IOLM12DR"},"11.200.1.110",null,null,null,"S02_2_FIO1","FIO"]
[null,null,null,null,null,"S02_1_FIO6","FIO",{"$f":"VLOOKUP(G53,'Part Number'!$A$1:$B$13,2,0)","v":"5032-8IOLM12DR"},"11.200.1.111",null,null,null,"S02_2_FIO2","FIO"]
[null,null,null,null,null,"S02_1_FIO7","FIO",{"$f":"VLOOKUP(G54,'Part Number'!$A$1:$B$13,2,0)","v":"5032-8IOLM12DR"},"11.200.1.112",null,null,null,"S02_2_FIO3","FIO"]
[null,null,null,null,null,"S02_1_FIO8","FIO",{"$f":"VLOOKUP(G55,'Part Number'!$A$1:$B$13,2,0)","v":"5032-8IOLM12DR"},"11.200.1.113",null,null,null,"S02_2_FIO4","FIO"]
[null,null,null,null,null,"S02_1_SIO1","SIO","0980SSL3131-121-007D-202","11.200.1.114",null,null,null,"S02_2_FIO5","FIO"]
[null,null,null,null,null,"S02_1_VFD1","30HP",{"$f":"VLOOKUP(G57,'Part Number'!$A$1:$B$13,2,0)","v":"25B-D043N114 "},"11.200.1.115",null,null,null,"S02_2_FIO6","FIO"]
[null,null,null,null,null,"S02_1_FIO15","FIO",{"$f":"VLOOKUP(G58,'Part Number'!$A$1:$B$13,2,0)","v":"5032-8IOLM12DR"},"11.200.1.116",null,null,null,"S02_2_FIO7","FIO"]
[null,null,null,null,null,"S02_1_FIO16","FIO",{"$f":"VLOOKUP(G59,'Part Number'!$A$1:$B$13,2,0)","v":"5032-8IOLM12DR"},"11.200.1.117",null,null,null,"S02_2_FIO8","FIO"]
[null,null,null,null,null,"S02_1_FIO17","FIO",{"$f":"VLOOKUP(G60,'Part Number'!$A$1:$B$13,2,0)","v":"5032-8IOLM12DR"},"11.200.1.118",null,null,null,"S02_2_SIO1","SIO"]
[null,null,null,null,null,"S02_1_FIO18","FIO",{"$f":"VLOOKUP(G61,'Part Number'!$A$1:$B$13,2,0)","v":"5032-8IOLM12DR"},"11.200.1.119",null,null,null,"S02_2_VFD1",{"$f":"VLOOKUP(M61,[1]MCM06!$C$1:$M$157,11,0)","v":"30HP"}]
[null,null,null,null,null,"S02_1_FIO19","FIO",{"$f":"VLOOKUP(G62,'Part Number'!$A$1:$B$13,2,0)","v":"5032-8IOLM12DR"},"11.200.1.120"]
[null,null,null,null,null,"S02_1_FIO20","FIO",{"$f":"VLOOKUP(G63,'Part Number'!$A$1:$B$13,2,0)","v":"5032-8IOLM12DR"},"11.200.1.121"]
[null,null,null,"NCS2_DPM1","11.200.1.7","S02_2_FIO1","FIO",{"$f":"VLOOKUP(G64,'Part Number'!$A$1:$B$13,2,0)","v":"5032-8IOLM12DR"},"11.200.1.122"]
[null,null,null,null,null,"S02_2_FIO2","FIO",{"$f":"VLOOKUP(G65,'Part Number'!$A$1:$B$13,2,0)","v":"5032-8IOLM12DR"},"11.200.1.123"]
[null,null,null,null,null,"S02_2_FIO3","FIO",{"$f":"VLOOKUP(G66,'Part Number'!$A$1:$B$13,2,0)","v":"5032-8IOLM12DR"},"11.200.1.124"]
[null,null,null,null,null,"S02_2_FIO4","FIO",{"$f":"VLOOKUP(G67,'Part Number'!$A$1:$B$13,2,0)","v":"5032-8IOLM12DR"},"11.200.1.125"]
[null,null,null,null,null,"S02_2_FIO9","FIO",{"$f":"VLOOKUP(G68,'Part Number'!$A$1:$B$13,2,0)","v":"5032-8IOLM12DR"},"11.200.1.126"]
[null,null,null,null,null,"S02_2_FIO10","FIO",{"$f":"VLOOKUP(G69,'Part Number'!$A$1:$B$13,2,0)","v":"5032-8IOLM12DR"},"11.200.1.127"]
[null,null,null,null,null,"S02_2_FIO11","FIO",{"$f":"VLOOKUP(G70,'Part Number'!$A$1:$B$13,2,0)","v":"5032-8IOLM12DR"},"11.200.1.128"]
[null,null,null,null,null,"S02_2_FIO12","FIO",{"$f":"VLOOKUP(G71,'Part Number'!$A$1:$B$13,2,0)","v":"5032-8IOLM12DR"},"11.200.1.129"]
[null,null,null,null,null,"S02_2_FIO13","FIO",{"$f":"VLOOKUP(G72,'Part Number'!$A$1:$B$13,2,0)","v":"5032-8IOLM12DR"},"11.200.1.130"]
[null,null,null,null,null,"S02_2_FIO14","FIO",{"$f":"VLOOKUP(G73,'Part Number'!$A$1:$B$13,2,0)","v":"5032-8IOLM12DR"},"11.200.1.131"]
[null,null,null,"NCS2_DPM2","11.200.1.8","S02_2_FIO5","FIO",{"$f":"VLOOKUP(G74,'Part Number'!$A$1:$B$13,2,0)","v":"5032-8IOLM12DR"},"11.200.1.132"]
[null,null,null,null,null,"S02_2_FIO6","FIO",{"$f":"VLOOKUP(G75,'Part Number'!$A$1:$B$13,2,0)","v":"5032-8IOLM12DR"},"11.200.1.133"]
[null,null,null,null,null,"S02_2_FIO7","FIO",{"$f":"VLOOKUP(G76,'Part Number'!$A$1:$B$13,2,0)","v":"5032-8IOLM12DR"},"11.200.1.134"]
[null,null,null,null,null,"S02_2_FIO8","FIO",{"$f":"VLOOKUP(G77,'Part Number'!$A$1:$B$13,2,0)","v":"5032-8IOLM12DR"},"11.200.1.135"]
[null,null,null,null,null,"S02_2_SIO1","SIO","0980SSL3131-121-007D-202","11.200.1.136"]
[null,null,null,null,null,"S02_2_VFD1","30HP","25B-D043N114 ","11.200.1.137"]
[null,null,null,null,null,"S02_2_FIO15","FIO",{"$f":"VLOOKUP(G80,'Part Number'!$A$1:$B$13,2,0)","v":"5032-8IOLM12DR"},"11.200.1.138"]
[null,null,null,null,null,"S02_2_FIO16","FIO",{"$f":"VLOOKUP(G81,'Part Number'!$A$1:$B$13,2,0)","v":"5032-8IOLM12DR"},"11.200.1.139"]
[null,null,null,null,null,"S02_2_FIO17","FIO",{"$f":"VLOOKUP(G82,'Part Number'!$A$1:$B$13,2,0)","v":"5032-8IOLM12DR"},"11.200.1.140"]
[null,null,null,null,null,"S02_2_FIO18","FIO",{"$f":"VLOOKUP(G83,'Part Number'!$A$1:$B$13,2,0)","v":"5032-8IOLM12DR"},"11.200.1.141"]
[null,null,null,null,null,"S02_2_FIO19","FIO",{"$f":"VLOOKUP(G84,'Part Number'!$A$1:$B$13,2,0)","v":"5032-8IOLM12DR"},"11.200.1.142"]
[null,null,null,null,null,"S02_2_FIO20","FIO",{"$f":"VLOOKUP(G85,'Part Number'!$A$1:$B$13,2,0)","v":"5032-8IOLM12DR"},"11.200.1.143"]

{"sheet":"NETWORK(EIP)","index":4,"n_rows":232,"n_cols":14,"rows_kept":232,"cut":false,"hidden":false,"merged":[[0,5,0,8],[2,3,19,3],[2,4,19,4],[30,3,37,3],[0,3,0,4],[30,4,37,4],[52,4,57,4],[20,3,29,3],[20,4,29,4],[148,4,189,4],[190,4,231,4],[105,4,146,4],[63,4,104,4],[38,3,41,3],[42,3,47,3],[48,3,51,3],[52,3,57,3],[38,4,41,4],[42,4,47,4],[48,4,51,4]]}
[null,"MCM05",null,"RING",null,"STAR"]
["SLOT0","1756_L83ES","IP","DPM","IP","VFD NAME","TYPE","VFD PART NUMBER","IP"]
["SLOT1","1756_N2",null,"NCP1_15_DPM1","11.200.1.2","NCP1_9_VFD1","2HP",{"$f":"VLOOKUP(G3,'Part Number'!$A$1:$B$13,2,0)","v":"35S-6D2-P101"},"11.200.1.30",null,null,null,"NCP1_9_VFD1",{"$f":"VLOOKUP(M3,[1]MCM06!$C$1:$M$157,11,0)","v":"2HP"}]
["SLOT2","1756_EN4TR","11.200.1.1",null,null,"NCP1_10A_VFD1","2HP",{"$f":"VLOOKUP(G4,'Part Number'!$A$1:$B$13,2,0)","v":"35S-6D2-P101"},"11.200.1.31",null,null,null,"NCP1_10A_VFD1",{"$f":"VLOOKUP(M4,[1]MCM06!$C$1:$M$157,11,0)","v":"2HP"}]
["SLOT3","1756_EN2TR","11.200.1.1",null,null,"NCP1_10B_VFD1","2HP",{"$f":"VLOOKUP(G5,'Part Number'!$A$1:$B$13,2,0)","v":"35S-6D2-P101"},"11.200.1.32",null,null,null,"NCP1_10B_VFD1",{"$f":"VLOOKUP(M5,[1]MCM06!$C$1:$M$157,11,0)","v":"2HP"}]
["SLOT4","1756_EN2TR","11.200.1.1",null,null,"NCP1_11_VFD1","2HP",{"$f":"VLOOKUP(G6,'Part Number'!$A$1:$B$13,2,0)","v":"35S-6D2-P101"},"11.200.1.33",null,null,null,"NCP1_11_VFD1",{"$f":"VLOOKUP(M6,[1]MCM06!$C$1:$M$157,11,0)","v":"2HP"}]
["SLOT5","1756_IB16",null,null,null,"NCP1_12_VFD1","2HP",{"$f":"VLOOKUP(G7,'Part Number'!$A$1:$B$13,2,0)","v":"35S-6D2-P101"},"11.200.1.34",null,null,null,"NCP1_12_VFD1",{"$f":"VLOOKUP(M7,[1]MCM06!$C$1:$M$157,11,0)","v":"2HP"}]
["SLOT6","1756_OB16E",null,null,null,"NCP1_13_VFD1","2HP",{"$f":"VLOOKUP(G8,'Part Number'!$A$1:$B$13,2,0)","v":"35S-6D2-P101"},"11.200.1.35",null,null,null,"NCP1_13_VFD1",{"$f":"VLOOKUP(M8,[1]MCM06!$C$1:$M$157,11,0)","v":"2HP"}]
["SLOT7","1756_IB16S",null,null,null,"NCP1_14A_VFD1","2HP",{"$f":"VLOOKUP(G9,'Part Number'!$A$1:$B$13,2,0)","v":"35S-6D2-P101"},"11.200.1.36",null,null,null,"NCP1_14A_VFD1",{"$f":"VLOOKUP(M9,[1]MCM06!$C$1:$M$157,11,0)","v":"2HP"}]
["SLOT8","1756_EN2TR","11.200.1.1",null,null,"NCP1_14B_VFD1","2HP",{"$f":"VLOOKUP(G10,'Part Number'!$A$1:$B$13,2,0)","v":"35S-6D2-P101"},"11.200.1.37",null,null,null,"NCP1_14B_VFD1",{"$f":"VLOOKUP(M10,[1]MCM06!$C$1:$M$157,11,0)","v":"2HP"}]
["SLOT9","1756_EN2TR","11.200.1.1",null,null,"NCP1_14C_VFD1","2HP",{"$f":"VLOOKUP(G11,'Part Number'!$A$1:$B$13,2,0)","v":"35S-6D2-P101"},"11.200.1.38",null,null,null,"NCP1_14C_VFD1",{"$f":"VLOOKUP(M11,[1]MCM06!$C$1:$M$157,11,0)","v":"2HP"}]
[null,null,null,null,null,"NCP1_14D_VFD1","2HP",{"$f":"VLOOKUP(G12,'Part Number'!$A$1:$B$13,2,0)","v":"35S-6D2-P101"},"11.200.1.39",null,null,null,"NCP1_14D_VFD1",{"$f":"VLOOKUP(M12,[1]MCM06!$C$1:$M$157,11,0)","v":"2HP"}]
[null,null,null,null,null,"NCP1_15_VFD1","7.5HP",{"$f":"VLOOKUP(G13,'Part Number'!$A$1:$B$13,2,0)","v":"35S-6D5-P111"},"11.200.1.40",null,null,null,"NCP1_15_VFD1",{"$f":"VLOOKUP(M13,[1]MCM06!$C$1:$M$157,11,0)","v":"7.5HP"}]
["DPM COUNT",7,null,null,null,"NCP1_16_VFD1","5HP",{"$f":"VLOOKUP(G14,'Part Number'!$A$1:$B$13,2,0)","v":"35S-6D4-P111"},"11.200.1.41",null,null,null,"NCP1_16_VFD1",{"$f":"VLOOKUP(M14,[1]MCM06!$C$1:$M$157,11,0)","v":"5HP"}]
["FIO COUNT",53,null,null,null,"NCP1_17_VFD1","2HP",{"$f":"VLOOKUP(G15,'Part Number'!$A$1:$B$13,2,0)","v":"35S-6D2-P101"},"11.200.1.42",null,null,null,"NCP1_17_VFD1",{"$f":"VLOOKUP(M15,[1]MCM06!$C$1:$M$157,11,0)","v":"2HP"}]
[null,null,null,null,null,"NCP1_18A_VFD1","2HP",{"$f":"VLOOKUP(G16,'Part Number'!$A$1:$B$13,2,0)","v":"35S-6D2-P101"},"11.200.1.43",null,null,null,"NCP1_18A_VFD1",{"$f":"VLOOKUP(M16,[1]MCM06!$C$1:$M$157,11,0)","v":"2HP"}]
[null,null,null,null,null,"NCP1_18B_VFD1","2HP",{"$f":"VLOOKUP(G17,'Part Number'!$A$1:$B$13,2,0)","v":"35S-6D2-P101"},"11.200.1.44",null,null,null,"NCP1_18B_VFD1",{"$f":"VLOOKUP(M17,[1]MCM06!$C$1:$M$157,11,0)","v":"2HP"}]
[null,null,null,null,null,"NCP1_19_VFD1","2HP",{"$f":"VLOOKUP(G18,'Part Number'!$A$1:$B$13,2,0)","v":"35S-6D2-P101"},"11.200.1.45",null,null,null,"NCP1_19_VFD1",{"$f":"VLOOKUP(M18,[1]MCM06!$C$1:$M$157,11,0)","v":"2HP"}]
[null,null,null,null,null,"NCP1_20_VFD1","5HP",{"$f":"VLOOKUP(G19,'Part Number'!$A$1:$B$13,2,0)","v":"35S-6D4-P111"},"11.200.1.46",null,null,null,"NCP1_20_VFD1",{"$f":"VLOOKUP(M19,[1]MCM06!$C$1:$M$157,11,0)","v":"5HP"}]
[null,null,null,null,null,"NCP1_21_VFD1","7.5HP",{"$f":"VLOOKUP(G20,'Part Number'!$A$1:$B$13,2,0)","v":"35S-6D5-P111"},"11.200.1.47",null,null,null,"NCP1_21_VFD1",{"$f":"VLOOKUP(M20,[1]MCM06!$C$1:$M$157,11,0)","v":"7.5HP"}]
[null,null,null,"NCS1_6_DPM1","11.200.1.3","NCS1_1_VFD1","2HP",{"$f":"VLOOKUP(G21,'Part Number'!$A$1:$B$13,2,0)","v":"35S-6D2-P101"},"11.200.1.48"]
[null,null,null,null,null,"NCS1_2_VFD1","2HP",{"$f":"VLOOKUP(G22,'Part Number'!$A$1:$B$13,2,0)","v":"35S-6D2-P101"},"11.200.1.49",null,null,null,"NCS1_2_VFD1",{"$f":"VLOOKUP(M22,[1]MCM06!$C$1:$M$157,11,0)","v":"2HP"}]
[null,null,null,null,null,"NCS1_3_VFD1","5HP",{"$f":"VLOOKUP(G23,'Part Number'!$A$1:$B$13,2,0)","v":"35S-6D4-P111"},"11.200.1.50",null,null,null,"NCS1_3_VFD1",{"$f":"VLOOKUP(M23,[1]MCM06!$C$1:$M$157,11,0)","v":"5HP"}]
[null,null,null,null,null,"NCS1_4_VFD1","2HP",{"$f":"VLOOKUP(G24,'Part Number'!$A$1:$B$13,2,0)","v":"35S-6D2-P101"},"11.200.1.51",null,null,null,"NCS1_4_VFD1",{"$f":"VLOOKUP(M24,[1]MCM06!$C$1:$M$157,11,0)","v":"2HP"}]
[null,null,null,null,null,"NCS1_5A_VFD1","2HP",{"$f":"VLOOKUP(G25,'Part Number'!$A$1:$B$13,2,0)","v":"35S-6D2-P101"},"11.200.1.52",null,null,null,"NCS1_5A_VFD1",{"$f":"VLOOKUP(M25,[1]MCM06!$C$1:$M$157,11,0)","v":"2HP"}]
[null,null,null,null,null,"NCS1_5B_VFD1","2HP",{"$f":"VLOOKUP(G26,'Part Number'!$A$1:$B$13,2,0)","v":"35S-6D2-P101"},"11.200.1.53",null,null,null,"NCS1_5B_VFD1",{"$f":"VLOOKUP(M26,[1]MCM06!$C$1:$M$157,11,0)","v":"2HP"}]
[null,null,null,null,null,"NCS1_6_VFD1","2HP",{"$f":"VLOOKUP(G27,'Part Number'!$A$1:$B$13,2,0)","v":"35S-6D2-P101"},"11.200.1.54",null,null,null,"NCS1_6_VFD1",{"$f":"VLOOKUP(M27,[1]MCM06!$C$1:$M$157,11,0)","v":"2HP"}]
[null,null,null,null,null,"NCS1_7_VFD1","2HP",{"$f":"VLOOKUP(G28,'Part Number'!$A$1:$B$13,2,0)","v":"35S-6D2-P101"},"11.200.1.55",null,null,null,"NCS1_7_VFD1",{"$f":"VLOOKUP(M28,[1]MCM06!$C$1:$M$157,11,0)","v":"2HP"}]
[null,null,null,null,null,"NCS1_8_VFD1","2HP",{"$f":"VLOOKUP(G29,'Part Number'!$A$1:$B$13,2,0)","v":"35S-6D2-P101"},"11.200.1.56",null,null,null,"NCS1_8_VFD1",{"$f":"VLOOKUP(M29,[1]MCM06!$C$1:$M$157,11,0)","v":"2HP"}]
[null,null,null,null,null,"NCS1_9_VFD1","2HP",{"$f":"VLOOKUP(G30,'Part Number'!$A$1:$B$13,2,0)","v":"35S-6D2-P101"},"11.200.1.57",null,null,null,"NCS1_9_VFD1",{"$f":"VLOOKUP(M30,[1]MCM06!$C$1:$M$157,11,0)","v":"2HP"}]
[null,null,null,"NCS2_4_DPM1","11.200.1.4","NCS2_1_VFD1","5HP",{"$f":"VLOOKUP(G31,'Part Number'!$A$1:$B$13,2,0)","v":"35S-6D4-P111"},"11.200.1.58","added",null,null,"NCP2_1_VFD1",{"$f":"VLOOKUP(M31,[1]MCM06!$C$1:$M$157,11,0)","v":"5HP"}]
[null,null,null,null,null,"NCS2_2_VFD1","2HP",{"$f":"VLOOKUP(G32,'Part Number'!$A$1:$B$13,2,0)","v":"35S-6D2-P101"},"11.200.1.59",null,null,null,"NCS2_2_VFD1",{"$f":"VLOOKUP(M32,[1]MCM06!$C$1:$M$157,11,0)","v":"2HP"}]
[null,null,null,null,null,"NCS2_3A_VFD1","2HP",{"$f":"VLOOKUP(G33,'Part Number'!$A$1:$B$13,2,0)","v":"35S-6D2-P101"},"11.200.1.60",null,null,null,"NCS2_3A_VFD1",{"$f":"VLOOKUP(M33,[1]MCM06!$C$1:$M$157,11,0)","v":"2HP"}]
[null,null,null,null,null,"NCS2_3B_VFD1","2HP",{"$f":"VLOOKUP(G34,'Part Number'!$A$1:$B$13,2,0)","v":"35S-6D2-P101"},"11.200.1.61",null,null,null,"NCS2_3B_VFD1",{"$f":"VLOOKUP(M34,[1]MCM06!$C$1:$M$157,11,0)","v":"2HP"}]
[null,null,null,null,null,"NCS2_4_VFD1","2HP",{"$f":"VLOOKUP(G35,'Part Number'!$A$1:$B$13,2,0)","v":"35S-6D2-P101"},"11.200.1.62",null,null,null,"NCS2_4_VFD1",{"$f":"VLOOKUP(M35,[1]MCM06!$C$1:$M$157,11,0)","v":"2HP"}]
[null,null,null,null,null,"NCS2_5_VFD1","2HP",{"$f":"VLOOKUP(G36,'Part Number'!$A$1:$B$13,2,0)","v":"35S-6D2-P101"},"11.200.1.63",null,null,null,"NCS2_5_VFD1",{"$f":"VLOOKUP(M36,[1]MCM06!$C$1:$M$157,11,0)","v":"2HP"}]
[null,null,null,null,null,"NCS2_6_VFD1","2HP",{"$f":"VLOOKUP(G37,'Part Number'!$A$1:$B$13,2,0)","v":"35S-6D2-P101"},"11.200.1.64",null,null,null,"NCS2_6_VFD1",{"$f":"VLOOKUP(M37,[1]MCM06!$C$1:$M$157,11,0)","v":"2HP"}]
[null,null,null,null,null,"NCS2_7_VFD1","2HP",{"$f":"VLOOKUP(G38,'Part Number'!$A$1:$B$13,2,0)","v":"35S-6D2-P101"},"11.200.1.65",null,null,null,"NCS2_7_VFD1",{"$f":"VLOOKUP(M38,[1]MCM06!$C$1:$M$157,11,0)","v":"2HP"}]
[null,null,null,"NCS1_DPM1","11.200.1.5","S02_1_FIO1","FIO",{"$f":"VLOOKUP(G39,'Part Number'!$A$1:$B$13,2,0)","v":"5032-8IOLM12DR"},"11.200.1.100",null,null,null,"S02_1_FIO1","FIO"]
[null,null,null,null,null,"S02_1_FIO2","FIO",{"$f":"VLOOKUP(G40,'Part Number'!$A$1:$B$13,2,0)","v":"5032-8IOLM12DR"},"11.200.1.101",null,null,null,"S02_1_FIO2","FIO"]
[null,null,null,null,null,"S02_1_FIO3","FIO",{"$f":"VLOOKUP(G41,'Part Number'!$A$1:$B$13,2,0)","v":"5032-8IOLM12DR"},"11.200.1.102",null,null,null,"S02_1_FIO3","FIO"]
[null,null,null,null,null,"S02_1_FIO4","FIO",{"$f":"VLOOKUP(G42,'Part Number'!$A$1:$B$13,2,0)","v":"5032-8IOLM12DR"},"11.200.1.103",null,null,null,"S02_1_FIO4","FIO"]
[null,null,null,"NCS1_DPM2","11.200.1.6","S02_1_FIO5","FIO",{"$f":"VLOOKUP(G43,'Part Number'!$A$1:$B$13,2,0)","v":"5032-8IOLM12DR"},"11.200.1.104",null,null,null,"S02_1_FIO5","FIO"]
[null,null,null,null,null,"S02_1_FIO6","FIO",{"$f":"VLOOKUP(G44,'Part Number'!$A$1:$B$13,2,0)","v":"5032-8IOLM12DR"},"11.200.1.105",null,null,null,"S02_1_FIO6","FIO"]
[null,null,null,null,null,"S02_1_FIO7","FIO",{"$f":"VLOOKUP(G45,'Part Number'!$A$1:$B$13,2,0)","v":"5032-8IOLM12DR"},"11.200.1.106",null,null,null,"S02_1_FIO7","FIO"]
[null,null,null,null,null,"S02_1_FIO8","FIO",{"$f":"VLOOKUP(G46,'Part Number'!$A$1:$B$13,2,0)","v":"5032-8IOLM12DR"},"11.200.1.107",null,null,null,"S02_1_FIO8","FIO"]
[null,null,null,null,null,"S02_1_SIO1","SIO","0980SSL3131-121-007D-202","11.200.1.108",null,null,null,"S02_1_SIO1","FIO"]
[null,null,null,null,null,"S02_1_VFD1","30HP",{"$f":"VLOOKUP(G48,'Part Number'!$A$1:$B$13,2,0)","v":"25B-D043N114 "},"11.200.1.109",null,null,null,"S02_1_VFD1",{"$f":"VLOOKUP(M48,[1]MCM06!$C$1:$M$157,11,0)","v":"30HP"}]
[null,null,null,"NCS2_DPM1","11.200.1.7","S02_2_FIO1","FIO",{"$f":"VLOOKUP(G49,'Part Number'!$A$1:$B$13,2,0)","v":"5032-8IOLM12DR"},"11.200.1.110",null,null,null,"S02_2_FIO1","FIO"]
[null,null,null,null,null,"S02_2_FIO2","FIO",{"$f":"VLOOKUP(G50,'Part Number'!$A$1:$B$13,2,0)","v":"5032-8IOLM12DR"},"11.200.1.111",null,null,null,"S02_2_FIO2","FIO"]
[null,null,null,null,null,"S02_2_FIO3","FIO",{"$f":"VLOOKUP(G51,'Part Number'!$A$1:$B$13,2,0)","v":"5032-8IOLM12DR"},"11.200.1.112",null,null,null,"S02_2_FIO3","FIO"]
[null,null,null,null,null,"S02_2_FIO4","FIO",{"$f":"VLOOKUP(G52,'Part Number'!$A$1:$B$13,2,0)","v":"5032-8IOLM12DR"},"11.200.1.113",null,null,null,"S02_2_FIO4","FIO"]
[null,null,null,"NCS2_DPM2","11.200.1.8","S02_2_FIO5","FIO","S02_2_FIO5","11.200.1.114",null,null,null,"S02_2_FIO5","FIO"]
[null,null,null,null,null,"S02_2_FIO6","FIO","S02_2_FIO6","11.200.1.115",null,null,null,"S02_2_FIO6","FIO"]
[null,null,null,null,null,"S02_2_FIO7","FIO","S02_2_FIO7","11.200.1.116",null,null,null,"S02_2_FIO7","FIO"]
[null,null,null,null,null,"S02_2_FIO8","FIO","S02_2_FIO8","11.200.1.117",null,null,null,"S02_2_FIO8","FIO"]
[null,null,null,null,null,"S02_2_SIO1","SIO","S02_2_SIO1","11.200.1.118",null,null,null,"S02_2_SIO1","SIO"]
[null,null,null,null,null,"S02_2_VFD1","30HP","S02_2_VFD1","11.200.1.119",null,null,null,"S02_2_VFD1",{"$f":"VLOOKUP(M58,[1]MCM06!$C$1:$M$157,11,0)","v":"30HP"}]
[]
[]
[]
[]
[]
[null,null,null,null,"SLOT3","NCS1_SOL1","SOL","CTEU-EP","11.200.1.10"]
[null,null,null,null,null,"NCS1_SOL2","SOL","CTEU-EP","11.200.1.11"]
[null,null,null,null,null,"NCS1_SOL3","SOL","CTEU-EP","11.200.1.12"]
[null,null,null,null,null,"NCS1_SOL4","SOL","CTEU-EP","11.200.1.13"]
[null,null,null,null,null,"NCS1_SOL5","SOL","CTEU-EP","11.200.1.14"]
[null,null,null,null,null,"NCS1_SOL6","SOL","CTEU-EP","11.200.1.15"]
[null,null,null,null,null,"NCS1_SOL7","SOL","CTEU-EP","11.200.1.16"]
[null,null,null,null,null,"NCS1_SOL8","SOL","CTEU-EP","11.200.1.17"]
[null,null,null,null,null,"NCS1_SOL9","SOL","CTEU-EP","11.200.1.18"]
[null,null,null,null,null,"NCS1_SOL10","SOL","CTEU-EP","11.200.1.19"]
[null,null,null,null,null,"NCS1_SOL11","SOL","CTEU-EP","11.200.1.20"]
[null,null,null,null,null,"NCS1_SOL12","SOL","CTEU-EP","11.200.1.21"]
[null,null,null,null,null,"NCS1_SOL13","SOL","CTEU-EP","11.200.1.22"]
[null,null,null,null,null,"NCS1_SOL14","SOL","CTEU-EP","11.200.1.23"]
[null,null,null,null,null,"NCS1_SOL15","SOL","CTEU-EP","11.200.1.24"]
[null,null,null,null,null,"NCS1_SOL16","SOL","CTEU-EP","11.200.1.25"]
[null,null,null,null,null,"NCS1_SOL17","SOL","CTEU-EP","11.200.1.26"]
[null,null,null,null,null,"NCS1_SOL18","SOL","CTEU-EP","11.200.1.27"]
[null,null,null,null,null,"NCS1_SOL19","SOL","CTEU-EP","11.200.1.28"]
[null,null,null,null,null,"NCS1_SOL20","SOL","CTEU-EP","11.200.1.29"]
[null,null,null,null,null,"NCS1_SOL21","SOL","CTEU-EP","11.200.1.30"]
[null,null,null,null,null,"NCS1_SOL22","SOL","CTEU-EP","11.200.1.31"]
[null,null,null,null,null,"NCS1_SOL23","SOL","CTEU-EP","11.200.1.32"]
[null,null,null,null,null,"NCS1_SOL24","SOL","CTEU-EP","11.200.1.33"]
[null,null,null,null,null,"NCS1_SOL25","SOL","CTEU-EP","11.200.1.34"]
[null,null,null,null,null,"NCS1_SOL26","SOL","CTEU-EP","11.200.1.35"]
[null,null,null,null,null,"NCS1_SOL27","SOL","CTEU-EP","11.200.1.36"]
[null,null,null,null,null,"NCS1_SOL28","SOL","CTEU-EP","11.200.1.37"]
[null,null,null,null,null,"NCS1_SOL29","SOL","CTEU-EP","11.200.1.38"]
[null,null,null,null,null,"NCS1_SOL30","SOL","CTEU-EP","11.200.1.39"]
[null,null,null,null,null,"NCS1_SOL31","SOL","CTEU-EP","11.200.1.40"]
[null,null,null,null,null,"NCS1_SOL32","SOL","CTEU-EP","11.200.1.41"]
[null,null,null,null,null,"NCS1_SOL33","SOL","CTEU-EP","11.200.1.42"]
[null,null,null,null,null,"NCS1_SOL34","SOL","CTEU-EP","11.200.1.43"]
[null,null,null,null,null,"NCS1_SOL35","SOL","CTEU-EP","11.200.1.44"]
[null,null,null,null,null,"NCS1_SOL36","SOL","CTEU-EP","11.200.1.45"]
[null,null,null,null,null,"NCS1_SOL37","SOL","CTEU-EP","11.200.1.46"]
[null,null,null,null,null,"NCS1_SOL38","SOL","CTEU-EP","11.200.1.47"]
[null,null,null,null,null,"NCS1_SOL39","SOL","CTEU-EP","11.200.1.48"]
[null,null,null,null,null,"NCS1_SOL40","SOL","CTEU-EP","11.200.1.49"]
[null,null,null,null,null,"NCS1_SOL41","SOL","CTEU-EP","11.200.1.50"]
[null,null,null,null,null,"NCS1_SOL42","SOL","CTEU-EP","11.200.1.51"]
[null,null,null,null,"SLOT4","NCS1_SOL43","SOL","CTEU-EP","11.200.1.60"]
[null,null,null,null,null,"NCS1_SOL44","SOL","CTEU-EP","11.200.1.61"]
[null,null,null,null,null,"NCS1_SOL45","SOL","CTEU-EP","11.200.1.62"]
[null,null,null,null,null,"NCS1_SOL46","SOL","CTEU-EP","11.200.1.63"]
[null,null,null,null,null,"NCS1_SOL47","SOL","CTEU-EP","11.200.1.64"]
[null,null,null,null,null,"NCS1_SOL48","SOL","CTEU-EP","11.200.1.65"]
[null,null,null,null,null,"NCS1_SOL49","SOL","CTEU-EP","11.200.1.66"]
[null,null,null,null,null,"NCS1_SOL50","SOL","CTEU-EP","11.200.1.67"]
[null,null,null,null,null,"NCS1_SOL51","SOL","CTEU-EP","11.200.1.68"]
[null,null,null,null,null,"NCS1_SOL52","SOL","CTEU-EP","11.200.1.69"]
[null,null,null,null,null,"NCS1_SOL53","SOL","CTEU-EP","11.200.1.70"]
[null,null,null,null,null,"NCS1_SOL54","SOL","CTEU-EP","11.200.1.71"]
[null,null,null,null,null,"NCS1_SOL55","SOL","CTEU-EP","11.200.1.72"]
[null,null,null,null,null,"NCS1_SOL56","SOL","CTEU-EP","11.200.1.73"]
[null,null,null,null,null,"NCS1_SOL57","SOL","CTEU-EP","11.200.1.74"]
[null,null,null,null,null,"NCS1_SOL58","SOL","CTEU-EP","11.200.1.75"]
[null,null,null,null,null,"NCS1_SOL59","SOL","CTEU-EP","11.200.1.76"]
[null,null,null,null,null,"NCS1_SOL60","SOL","CTEU-EP","11.200.1.77"]
[null,null,null,null,null,"NCS1_SOL61","SOL","CTEU-EP","11.200.1.78"]
[null,null,null,null,null,"NCS1_SOL62","SOL","CTEU-EP","11.200.1.79"]
[null,null,null,null,null,"NCS1_SOL63","SOL","CTEU-EP","11.200.1.80"]
[null,null,null,null,null,"NCS1_SOL64","SOL","CTEU-EP","11.200.1.81"]
[null,null,null,null,null,"NCS1_SOL65","SOL","CTEU-EP","11.200.1.82"]
[null,null,null,null,null,"NCS1_SOL66","SOL","CTEU-EP","11.200.1.83"]
[null,null,null,null,null,"NCS1_SOL67","SOL","CTEU-EP","11.200.1.84"]
[null,null,null,null,null,"NCS1_SOL68","SOL","CTEU-EP","11.200.1.85"]
[null,null,null,null,null,"NCS1_SOL69","SOL","CTEU-EP","11.200.1.86"]
[null,null,null,null,null,"NCS1_SOL70","SOL","CTEU-EP","11.200.1.87"]
[null,null,null,null,null,"NCS1_SOL71","SOL","CTEU-EP","11.200.1.88"]
[null,null,null,null,null,"NCS1_SOL72","SOL","CTEU-EP","11.200.1.89"]
[null,null,null,null,null,"NCS1_SOL73","SOL","CTEU-EP","11.200.1.90"]
[null,null,null,null,null,"NCS1_SOL74","SOL","CTEU-EP","11.200.1.91"]
[null,null,null,null,null,"NCS1_SOL75","SOL","CTEU-EP","11.200.1.92"]
[null,null,null,null,null,"NCS1_SOL76","SOL","CTEU-EP","11.200.1.93"]
[null,null,null,null,null,"NCS1_SOL77","SOL","CTEU-EP","11.200.1.94"]
[null,null,null,null,null,"NCS1_SOL78","SOL","CTEU-EP","11.200.1.95"]
[null,null,null,null,null,"NCS1_SOL79","SOL","CTEU-EP","11.200.1.96"]
[null,null,null,null,null,"NCS1_SOL80","SOL","CTEU-EP","11.200.1.97"]
[null,null,null,null,null,"NCS1_SOL81","SOL","CTEU-EP","11.200.1.98"]
[null,null,null,null,null,"NCS1_SOL82","SOL","CTEU-EP","11.200.1.99"]
[null,null,null,null,null,"NCS1_SOL83","SOL","CTEU-EP","11.200.1.100"]
[null,null,null,null,null,"NCS1_SOL84","SOL","CTEU-EP","11.200.1.101"]
[]
[null,null,null,null,"SLOT7","NCS2_SOL1","SOL","CTEU-EP","11.200.1.10"]
[null,null,null,null,null,"NCS2_SOL2","SOL","CTEU-EP","11.200.1.11"]
[null,null,null,null,null,"NCS2_SOL3","SOL","CTEU-EP","11.200.1.12"]
[null,null,null,null,null,"NCS2_SOL4","SOL","CTEU-EP","11.200.1.13"]
[null,null,null,null,null,"NCS2_SOL5","SOL","CTEU-EP","11.200.1.14"]
[null,null,null,null,null,"NCS2_SOL6","SOL","CTEU-EP","11.200.1.15"]
[null,null,null,null,null,"NCS2_SOL7","SOL","CTEU-EP","11.200.1.16"]
[null,null,null,null,null,"NCS2_SOL8","SOL","CTEU-EP","11.200.1.17"]
[null,null,null,null,null,"NCS2_SOL9","SOL","CTEU-EP","11.200.1.18"]
[null,null,null,null,null,"NCS2_SOL10","SOL","CTEU-EP","11.200.1.19"]
[null,null,null,null,null,"NCS2_SOL11","SOL","CTEU-EP","11.200.1.20"]
[null,null,null,null,null,"NCS2_SOL12","SOL","CTEU-EP","11.200.1.21"]
[null,null,null,null,null,"NCS2_SOL13","SOL","CTEU-EP","11.200.1.22"]
[null,null,null,null,null,"NCS2_SOL14","SOL","CTEU-EP","11.200.1.23"]
[null,null,null,null,null,"NCS2_SOL15","SOL","CTEU-EP","11.200.1.24"]
[null,null,null,null,null,"NCS2_SOL16","SOL","CTEU-EP","11.200.1.25"]
[null,null,null,null,null,"NCS2_SOL17","SOL","CTEU-EP","11.200.1.26"]
[null,null,null,null,null,"NCS2_SOL18","SOL","CTEU-EP","11.200.1.27"]
[null,null,null,null,null,"NCS2_SOL19","SOL","CTEU-EP","11.200.1.28"]
[null,null,null,null,null,"NCS2_SOL20","SOL","CTEU-EP","11.200.1.29"]
[null,null,null,null,null,"NCS2_SOL21","SOL","CTEU-EP","11.200.1.30"]
[null,null,null,null,null,"NCS2_SOL22","SOL","CTEU-EP","11.200.1.31"]
[null,null,null,null,null,"NCS2_SOL23","SOL","CTEU-EP","11.200.1.32"]
[null,null,null,null,null,"NCS2_SOL24","SOL","CTEU-EP","11.200.1.33"]
[null,null,null,null,null,"NCS2_SOL25","SOL","CTEU-EP","11.200.1.34"]
[null,null,null,null,null,"NCS2_SOL26","SOL","CTEU-EP","11.200.1.35"]
[null,null,null,null,null,"NCS2_SOL27","SOL","CTEU-EP","11.200.1.36"]
[null,null,null,null,null,"NCS2_SOL28","SOL","CTEU-EP","11.200.1.37"]
[null,null,null,null,null,"NCS2_SOL29","SOL","CTEU-EP","11.200.1.38"]
[null,null,null,null,null,"NCS2_SOL30","SOL","CTEU-EP","11.200.1.39"]
[null,null,null,null,null,"NCS2_SOL31","SOL","CTEU-EP","11.200.1.40"]
[null,null,null,null,null,"NCS2_SOL32","SOL","CTEU-EP","11.200.1.41"]
[null,null,null,null,null,"NCS2_SOL33","SOL","CTEU-EP","11.200.1.42"]
[null,null,null,null,null,"NCS2_SOL34","SOL","CTEU-EP","11.200.1.43"]
[null,null,null,null,null,"NCS2_SOL35","SOL","CTEU-EP","11.200.1.44"]
[null,null,null,null,null,"NCS2_SOL36","SOL","CTEU-EP","11.200.1.45"]
[null,null,null,null,null,"NCS2_SOL37","SOL","CTEU-EP","11.200.1.46"]
[null,null,null,null,null,"NCS2_SOL38","SOL","CTEU-EP","11.200.1.47"]
[null,null,null,null,null,"NCS2_SOL39","SOL","CTEU-EP","11.200.1.48"]
[null,null,null,null,null,"NCS2_SOL40","SOL","CTEU-EP","11.200.1.49"]
[null,null,null,null,null,"NCS2_SOL41","SOL","CTEU-EP","11.200.1.50"]
[null,null,null,null,null,"NCS2_SOL42","SOL","CTEU-EP","11.200.1.51"]
[null,null,null,null,"SLOT8","NCS2_SOL43","SOL","CTEU-EP","11.200.1.60"]
[null,null,null,null,null,"NCS2_SOL44","SOL","CTEU-EP","11.200.1.61"]
[null,null,null,null,null,"NCS2_SOL45","SOL","CTEU-EP","11.200.1.62"]
[null,null,null,null,null,"NCS2_SOL46","SOL","CTEU-EP","11.200.1.63"]
[null,null,null,null,null,"NCS2_SOL47","SOL","CTEU-EP","11.200.1.64"]
[null,null,null,null,null,"NCS2_SOL48","SOL","CTEU-EP","11.200.1.65"]
[null,null,null,null,null,"NCS2_SOL49","SOL","CTEU-EP","11.200.1.66"]
[null,null,null,null,null,"NCS2_SOL50","SOL","CTEU-EP","11.200.1.67"]
[null,null,null,null,null,"NCS2_SOL51","SOL","CTEU-EP","11.200.1.68"]
[null,null,null,null,null,"NCS2_SOL52","SOL","CTEU-EP","11.200.1.69"]
[null,null,null,null,null,"NCS2_SOL53","SOL","CTEU-EP","11.200.1.70"]
[null,null,null,null,null,"NCS2_SOL54","SOL","CTEU-EP","11.200.1.71"]
[null,null,null,null,null,"NCS2_SOL55","SOL","CTEU-EP","11.200.1.72"]
[null,null,null,null,null,"NCS2_SOL56","SOL","CTEU-EP","11.200.1.73"]
[null,null,null,null,null,"NCS2_SOL57","SOL","CTEU-EP","11.200.1.74"]
[null,null,null,null,null,"NCS2_SOL58","SOL","CTEU-EP","11.200.1.75"]
[null,null,null,null,null,"NCS2_SOL59","SOL","CTEU-EP","11.200.1.76"]
[null,null,null,null,null,"NCS2_SOL60","SOL","CTEU-EP","11.200.1.77"]
[null,null,null,null,null,"NCS2_SOL61","SOL","CTEU-EP","11.200.1.78"]
[null,null,null,null,null,"NCS2_SOL62","SOL","CTEU-EP","11.200.1.79"]
[null,null,null,null,null,"NCS2_SOL63","SOL","CTEU-EP","11.200.1.80"]
[null,null,null,null,null,"NCS2_SOL64","SOL","CTEU-EP","11.200.1.81"]
[null,null,null,null,null,"NCS2_SOL65","SOL","CTEU-EP","11.200.1.82"]
[null,null,null,null,null,"NCS2_SOL66","SOL","CTEU-EP","11.200.1.83"]
[null,null,null,null,null,"NCS2_SOL67","SOL","CTEU-EP","11.200.1.84"]
[null,null,null,null,null,"NCS2_SOL68","SOL","CTEU-EP","11.200.1.85"]
[null,null,null,null,null,"NCS2_SOL69","SOL","CTEU-EP","11.200.1.86"]
[null,null,null,null,null,"NCS2_SOL70","SOL","CTEU-EP","11.200.1.87"]
[null,null,null,null,null,"NCS2_SOL71","SOL","CTEU-EP","11.200.1.88"]
[null,null,null,null,null,"NCS2_SOL72","SOL","CTEU-EP","11.200.1.89"]
[null,null,null,null,null,"NCS2_SOL73","SOL","CTEU-EP","11.200.1.90"]
[null,null,null,null,null,"NCS2_SOL74","SOL","CTEU-EP","11.200.1.91"]
[null,null,null,null,null,"NCS2_SOL75","SOL","CTEU-EP","11.200.1.92"]
[null,null,null,null,null,"NCS2_SOL76","SOL","CTEU-EP","11.200.1.93"]
[null,null,null,null,null,"NCS2_SOL77","SOL","CTEU-EP","11.200.1.94"]
[null,null,null,null,null,"NCS2_SOL78","SOL","CTEU-EP","11.200.1.95"]
[null,null,null,null,null,"NCS2_SOL79","SOL","CTEU-EP","11.200.1.96"]
[null,null,null,null,null,"NCS2_SOL80","SOL","CTEU-EP","11.200.1.97"]
[null,null,null,null,null,"NCS2_SOL81","SOL","CTEU-EP","11.200.1.98"]
[null,null,null,null,null,"NCS2_SOL82","SOL","CTEU-EP","11.200.1.99"]
[null,null,null,null,null,"NCS2_SOL83","SOL","CTEU-EP","11.200.1.100"]
[null,null,null,null,null,"NCS2_SOL84","SOL","CTEU-EP","11.200.1.101"]

{"sheet":"Part Number","index":5,"n_rows":13,"n_cols":2,"rows_kept":13,"cut":false,"hidden":false,"merged":[]}
["HP","PART NUMBER"]
["2HP","35S-6D2-P101"]
["3HP","35S-6D3-P101"]
["5HP","35S-6D4-P111"]
["7.5HP","35S-6D5-P111"]
["10HP","35S-6D6-P111"]
["15HP","25B-D024N104"]
["20HP","25B-D030N104"]
["30HP","25B-D043N114 "]
["EXTENDO","CALJAN"]
["TIPPER","PIONEER"]
["ZMX","ZMX-3DE2500HF-Q7-AMZCHD"]
["FIO","5032-8IOLM12DR"]

{"sheet":"IO Assignment MCM06","index":6,"n_rows":855,"n_cols":11,"rows_kept":855,"cut":false,"hidden":false,"merged":[[423,5,438,5]]}
["Controller name","Signal type","Address name","Assigned device","Unassigned Device",null,null,null,null,null,"MCM06_DESC"]
["NCP1_10A_VFD1","I0","NCP1_10A_VFD1_I0","NCP1_10A_VFD1_DISC"]
["NCP1_10A_VFD1","I1","NCP1_10A_VFD1_I1"]
["NCP1_10A_VFD1","I2","NCP1_10A_VFD1_I2"]
["NCP1_10A_VFD1","I3","NCP1_10A_VFD1_I3"]
["NCP1_10A_VFD1","IO0","NCP1_10A_VFD1_IO0","NCP1_9_S1_PB"]
["NCP1_10A_VFD1","IO1","NCP1_10A_VFD1_IO1","NCP1_9_S1_PB_LT"]
["NCP1_10A_VFD1","SI0","NCP1_10A_VFD1_SI0"]
["NCP1_10A_VFD1","SI1","NCP1_10A_VFD1_SI1"]
["NCP1_10A_VFD1","SI2","NCP1_10A_VFD1_SI2"]
["NCP1_10A_VFD1","SI3","NCP1_10A_VFD1_SI3"]
["NCP1_10A_VFD1","SO0","NCP1_10A_VFD1_SO0"]
["NCP1_10B_VFD1","I0","NCP1_10B_VFD1_I0","NCP1_10B_VFD1_DISC"]
["NCP1_10B_VFD1","I1","NCP1_10B_VFD1_I1"]
["NCP1_10B_VFD1","I2","NCP1_10B_VFD1_I2"]
["NCP1_10B_VFD1","I3","NCP1_10B_VFD1_I3"]
["NCP1_10B_VFD1","IO0","NCP1_10B_VFD1_IO0","NCP1_9_S2_PB"]
["NCP1_10B_VFD1","IO1","NCP1_10B_VFD1_IO1","NCP1_9_S2_PB_LT"]
["NCP1_10B_VFD1","SI0","NCP1_10B_VFD1_SI0"]
["NCP1_10B_VFD1","SI1","NCP1_10B_VFD1_SI1"]
["NCP1_10B_VFD1","SI2","NCP1_10B_VFD1_SI2"]
["NCP1_10B_VFD1","SI3","NCP1_10B_VFD1_SI3"]
["NCP1_10B_VFD1","SO0","NCP1_10B_VFD1_SO0"]
["NCP1_11_VFD1","I0","NCP1_11_VFD1_I0","NCP1_11_VFD1_DISC"]
["NCP1_11_VFD1","I1","NCP1_11_VFD1_I1"]
["NCP1_11_VFD1","I2","NCP1_11_VFD1_I2","NCP_11_TPE1"]
["NCP1_11_VFD1","I3","NCP1_11_VFD1_I3","NCP_11_TPE2"]
["NCP1_11_VFD1","IO0","NCP1_11_VFD1_IO0"]
["NCP1_11_VFD1","IO1","NCP1_11_VFD1_IO1"]
["NCP1_11_VFD1","SI0","NCP1_11_VFD1_SI0"]
["NCP1_11_VFD1","SI1","NCP1_11_VFD1_SI1"]
["NCP1_11_VFD1","SI2","NCP1_11_VFD1_SI2"]
["NCP1_11_VFD1","SI3","NCP1_11_VFD1_SI3"]
["NCP1_11_VFD1","SO0","NCP1_11_VFD1_SO0"]
["NCP1_12_VFD1","I0","NCP1_12_VFD1_I0","NCP1_12_VFD1_DISC"]
["NCP1_12_VFD1","I1","NCP1_12_VFD1_I1"]
["NCP1_12_VFD1","I2","NCP1_12_VFD1_I2","NCP1_12_TPE1"]
["NCP1_12_VFD1","I3","NCP1_12_VFD1_I3"]
["NCP1_12_VFD1","IO0","NCP1_12_VFD1_IO0"]
["NCP1_12_VFD1","IO1","NCP1_12_VFD1_IO1"]
["NCP1_12_VFD1","SI0","NCP1_12_VFD1_SI0"]
["NCP1_12_VFD1","SI1","NCP1_12_VFD1_SI1"]
["NCP1_12_VFD1","SI2","NCP1_12_VFD1_SI2"]
["NCP1_12_VFD1","SI3","NCP1_12_VFD1_SI3"]
["NCP1_12_VFD1","SO0","NCP1_12_VFD1_SO0"]
["NCP1_13_VFD1","I0","NCP1_13_VFD1_I0","NCP1_13_VFD1_DISC"]
["NCP1_13_VFD1","I1","NCP1_13_VFD1_I1","NCP1_13_ENC1"]
["NCP1_13_VFD1","I2","NCP1_13_VFD1_I2","NCP1_13_TPE1"]
["NCP1_13_VFD1","I3","NCP1_13_VFD1_I3"]
["NCP1_13_VFD1","IO0","NCP1_13_VFD1_IO0"]
["NCP1_13_VFD1","IO1","NCP1_13_VFD1_IO1"]
["NCP1_13_VFD1","SI0","NCP1_13_VFD1_SI0"]
["NCP1_13_VFD1","SI1","NCP1_13_VFD1_SI1"]
["NCP1_13_VFD1","SI2","NCP1_13_VFD1_SI2"]
["NCP1_13_VFD1","SI3","NCP1_13_VFD1_SI3"]
["NCP1_13_VFD1","SO0","NCP1_13_VFD1_SO0"]
["NCP1_14A_VFD1","I0","NCP1_14A_VFD1_I0","NCP1_14A_VFD1_DISC"]
["NCP1_14A_VFD1","I1","NCP1_14A_VFD1_I1","NCP1_14_ENC1"]
["NCP1_14A_VFD1","I2","NCP1_14A_VFD1_I2"]
["NCP1_14A_VFD1","I3","NCP1_14A_VFD1_I3"]
["NCP1_14A_VFD1","IO0","NCP1_14A_VFD1_IO0"]
["NCP1_14A_VFD1","IO1","NCP1_14A_VFD1_IO1"]
["NCP1_14A_VFD1","SI0","NCP1_14A_VFD1_SI0"]
["NCP1_14A_VFD1","SI1","NCP1_14A_VFD1_SI1"]
["NCP1_14A_VFD1","SI2","NCP1_14A_VFD1_SI2"]
["NCP1_14A_VFD1","SI3","NCP1_14A_VFD1_SI3"]
["NCP1_14A_VFD1","SO0","NCP1_14A_VFD1_SO0"]
["NCP1_14B_VFD1","I0","NCP1_14B_VFD1_I0","NCP1_14B_VFD1_DISC"]
["NCP1_14B_VFD1","I1","NCP1_14B_VFD1_I1"]
["NCP1_14B_VFD1","I2","NCP1_14B_VFD1_I2"]
["NCP1_14B_VFD1","I3","NCP1_14B_VFD1_I3"]
["NCP1_14B_VFD1","IO0","NCP1_14B_VFD1_IO0","NCP1_15_S2_PB"]
["NCP1_14B_VFD1","IO1","NCP1_14B_VFD1_IO1","NCP1_15_S2_PB_LT"]
["NCP1_14B_VFD1","SI0","NCP1_14B_VFD1_SI0"]
["NCP1_14B_VFD1","SI1","NCP1_14B_VFD1_SI1"]
["NCP1_14B_VFD1","SI2","NCP1_14B_VFD1_SI2"]
["NCP1_14B_VFD1","SI3","NCP1_14B_VFD1_SI3"]
["NCP1_14B_VFD1","SO0","NCP1_14B_VFD1_SO0"]
["NCP1_14C_VFD1","I0","NCP1_14C_VFD1_I0","NCP1_14C_VFD1_DISC"]
["NCP1_14C_VFD1","I1","NCP1_14C_VFD1_I1"]
["NCP1_14C_VFD1","I2","NCP1_14C_VFD1_I2"]
["NCP1_14C_VFD1","I3","NCP1_14C_VFD1_I3"]
["NCP1_14C_VFD1","IO0","NCP1_14C_VFD1_IO0","NCP1_15_S1_PB"]
["NCP1_14C_VFD1","IO1","NCP1_14C_VFD1_IO1","NCP1_15_S1_PB_LT"]
["NCP1_14C_VFD1","SI0","NCP1_14C_VFD1_SI0"]
["NCP1_14C_VFD1","SI1","NCP1_14C_VFD1_SI1"]
["NCP1_14C_VFD1","SI2","NCP1_14C_VFD1_SI2"]
["NCP1_14C_VFD1","SI3","NCP1_14C_VFD1_SI3"]
["NCP1_14C_VFD1","SO0","NCP1_14C_VFD1_SO0"]
["NCP1_14D_VFD1","I0","NCP1_14D_VFD1_I0","NCP1_14D_VFD1_DISC"]
["NCP1_14D_VFD1","I1","NCP1_14D_VFD1_I1"]
["NCP1_14D_VFD1","I2","NCP1_14D_VFD1_I2"]
["NCP1_14D_VFD1","I3","NCP1_14D_VFD1_I3"]
["NCP1_14D_VFD1","IO0","NCP1_14D_VFD1_IO0","NCP1_15_BCN2_A"]
["NCP1_14D_VFD1","IO1","NCP1_14D_VFD1_IO1","NCP1_15_BCN2_R"]
["NCP1_14D_VFD1","SI0","NCP1_14D_VFD1_SI0"]
["NCP1_14D_VFD1","SI1","NCP1_14D_VFD1_SI1"]
["NCP1_14D_VFD1","SI2","NCP1_14D_VFD1_SI2"]
["NCP1_14D_VFD1","SI3","NCP1_14D_VFD1_SI3"]
["NCP1_14D_VFD1","SO0","NCP1_14D_VFD1_SO0"]
["NCP1_15_VFD1","I0","NCP1_15_VFD1_I0","NCP1_15_VFD1_DISC"]
["NCP1_15_VFD1","I1","NCP1_15_VFD1_I1","NCP1_15_ENC1"]
["NCP1_15_VFD1","I2","NCP1_15_VFD1_I2","NCP1_15_TPE1"]
["NCP1_15_VFD1","I3","NCP1_15_VFD1_I3","NCP1_15_TPE2"]
["NCP1_15_VFD1","IO0","NCP1_15_VFD1_IO0"]
["NCP1_15_VFD1","IO1","NCP1_15_VFD1_IO1"]
["NCP1_15_VFD1","SI0","NCP1_15_VFD1_SI0","NCP1_15_EPC1"]
["NCP1_15_VFD1","SI1","NCP1_15_VFD1_SI1","NCP1_15_EPC1_2"]
["NCP1_15_VFD1","SI2","NCP1_15_VFD1_SI2","NCP1_15_EPC2"]
["NCP1_15_VFD1","SI3","NCP1_15_VFD1_SI3","NCP1_15_EPC2_2"]
["NCP1_15_VFD1","SO0","NCP1_15_VFD1_SO0","NCP1_15_BCN1_R"]
["NCP1_16_VFD1","I0","NCP1_16_VFD1_I0","NCP1_16_VFD1_DISC"]
["NCP1_16_VFD1","I1","NCP1_16_VFD1_I1"]
["NCP1_16_VFD1","I2","NCP1_16_VFD1_I2"]
["NCP1_16_VFD1","I3","NCP1_16_VFD1_I3"]
["NCP1_16_VFD1","IO0","NCP1_16_VFD1_IO0","NCP1_16_JR1_PB"]
["NCP1_16_VFD1","IO1","NCP1_16_VFD1_IO1","NCP1_16_JR1_PB_LT"]
["NCP1_16_VFD1","SI0","NCP1_16_VFD1_SI0"]
["NCP1_16_VFD1","SI1","NCP1_16_VFD1_SI1"]
["NCP1_16_VFD1","SI2","NCP1_16_VFD1_SI2"]
["NCP1_16_VFD1","SI3","NCP1_16_VFD1_SI3"]
["NCP1_16_VFD1","SO0","NCP1_16_VFD1_SO0"]
["NCP1_17_VFD1","I0","NCP1_17_VFD1_I0","NCP1_17_VFD1_DISC"]
["NCP1_17_VFD1","I1","NCP1_17_VFD1_I1","NCP1_17_ENC1"]
["NCP1_17_VFD1","I2","NCP1_17_VFD1_I2","NCP1_17_TPE1"]
["NCP1_17_VFD1","I3","NCP1_17_VFD1_I3","NCP1_17_TPE2"]
["NCP1_17_VFD1","IO0","NCP1_17_VFD1_IO0","NCP1_16_JR2_PB"]
["NCP1_17_VFD1","IO1","NCP1_17_VFD1_IO1","NCP1_16_JR2_PB_LT"]
["NCP1_17_VFD1","SI0","NCP1_17_VFD1_SI0"]
["NCP1_17_VFD1","SI1","NCP1_17_VFD1_SI1"]
["NCP1_17_VFD1","SI2","NCP1_17_VFD1_SI2"]
["NCP1_17_VFD1","SI3","NCP1_17_VFD1_SI3"]
["NCP1_17_VFD1","SO0","NCP1_17_VFD1_SO0","NCP1_16_BCN1_A"]
["NCP1_18A_VFD1","I0","NCP1_18A_VFD1_I0","NCP1_18A_VFD1_DISC"]
["NCP1_18A_VFD1","I1","NCP1_18A_VFD1_I1"]
["NCP1_18A_VFD1","I2","NCP1_18A_VFD1_I2"]
["NCP1_18A_VFD1","I3","NCP1_18A_VFD1_I3"]
["NCP1_18A_VFD1","IO0","NCP1_18A_VFD1_IO0"]
["NCP1_18A_VFD1","IO1","NCP1_18A_VFD1_IO1"]
["NCP1_18A_VFD1","SI0","NCP1_18A_VFD1_SI0"]
["NCP1_18A_VFD1","SI1","NCP1_18A_VFD1_SI1"]
["NCP1_18A_VFD1","SI2","NCP1_18A_VFD1_SI2"]
["NCP1_18A_VFD1","SI3","NCP1_18A_VFD1_SI3"]
["NCP1_18A_VFD1","SO0","NCP1_18A_VFD1_SO0"]
["NCP1_18B_VFD1","I0","NCP1_18B_VFD1_I0","NCP1_18B_VFD1_DISC"]
["NCP1_18B_VFD1","I1","NCP1_18B_VFD1_I1"]
["NCP1_18B_VFD1","I2","NCP1_18B_VFD1_I2"]
["NCP1_18B_VFD1","I3","NCP1_18B_VFD1_I3"]
["NCP1_18B_VFD1","IO0","NCP1_18B_VFD1_IO0","NCP1_21_S2_PB"]
["NCP1_18B_VFD1","IO1","NCP1_18B_VFD1_IO1","NCP1_21_S2_PB_LT"]
["NCP1_18B_VFD1","SI0","NCP1_18B_VFD1_SI0"]
["NCP1_18B_VFD1","SI1","NCP1_18B_VFD1_SI1"]
["NCP1_18B_VFD1","SI2","NCP1_18B_VFD1_SI2"]
["NCP1_18B_VFD1","SI3","NCP1_18B_VFD1_SI3"]
["NCP1_18B_VFD1","SO0","NCP1_18B_VFD1_SO0"]
["NCP1_19_VFD1","I0","NCP1_19_VFD1_I0","NCP1_19_VFD1_DISC"]
["NCP1_19_VFD1","I1","NCP1_19_VFD1_I1","NCP1_19_ENC1"]
["NCP1_19_VFD1","I2","NCP1_19_VFD1_I2","NCP1_19_TPE1"]
["NCP1_19_VFD1","I3","NCP1_19_VFD1_I3","NCP1_19_TPE2"]
["NCP1_19_VFD1","IO0","NCP1_19_VFD1_IO0","NCP1_21_S1_PB"]
["NCP1_19_VFD1","IO1","NCP1_19_VFD1_IO1","NCP1_21_S1_PB_LT"]
["NCP1_19_VFD1","SI0","NCP1_19_VFD1_SI0"]
["NCP1_19_VFD1","SI1","NCP1_19_VFD1_SI1"]
["NCP1_19_VFD1","SI2","NCP1_19_VFD1_SI2"]
["NCP1_19_VFD1","SI3","NCP1_19_VFD1_SI3"]
["NCP1_19_VFD1","SO0","NCP1_19_VFD1_SO0"]
["NCP1_20_VFD1","I0","NCP1_20_VFD1_I0","NCP1_20_VFD1_DISC"]
["NCP1_20_VFD1","I1","NCP1_20_VFD1_I1","NCP1_20_APS1"]
["NCP1_20_VFD1","I2","NCP1_20_VFD1_I2","NCP1_20_PE1"]
["NCP1_20_VFD1","I3","NCP1_20_VFD1_I3","NCP1_20_PE2"]
["NCP1_20_VFD1","IO0","NCP1_20_VFD1_IO0","NCP1_20_PE3"]
["NCP1_20_VFD1","IO1","NCP1_20_VFD1_IO1","NCP1_20_PE4"]
["NCP1_20_VFD1","SI0","NCP1_20_VFD1_SI0"]
["NCP1_20_VFD1","SI1","NCP1_20_VFD1_SI1"]
["NCP1_20_VFD1","SI2","NCP1_20_VFD1_SI2"]
["NCP1_20_VFD1","SI3","NCP1_20_VFD1_SI3"]
["NCP1_20_VFD1","SO0","NCP1_20_VFD1_SO0","NCP1_21_BCN1_R"]
["NCP1_20_VFD1","ENC1","NCP1_20_VFD1_ENC1","NCP1_20_ENC1","2025-06-06"]
["NCP1_21_VFD1","I0","NCP1_21_VFD1_I0","NCP1_21_VFD1_DISC"]
["NCP1_21_VFD1","I1","NCP1_21_VFD1_I1","NCP1_21_ENC1"]
["NCP1_21_VFD1","I2","NCP1_21_VFD1_I2","NCP1_21_TPE1"]
["NCP1_21_VFD1","I3","NCP1_21_VFD1_I3","NCP1_21_TPE2"]
["NCP1_21_VFD1","IO0","NCP1_21_VFD1_IO0","NCP1_20_SOL1"]
["NCP1_21_VFD1","IO1","NCP1_21_VFD1_IO1","NCP1_20_SOL2"]
["NCP1_21_VFD1","SI0","NCP1_21_VFD1_SI0","NCP1_21_EPC1"]
["NCP1_21_VFD1","SI1","NCP1_21_VFD1_SI1","NCP1_21_EPC1_2"]
["NCP1_21_VFD1","SI2","NCP1_21_VFD1_SI2","NCP1_21_EPC2"]
["NCP1_21_VFD1","SI3","NCP1_21_VFD1_SI3","NCP1_21_EPC2_2"]
["NCP1_21_VFD1","SO0","NCP1_21_VFD1_SO0","NCP1_21_BCN2_R"]
["NCP1_9_VFD1","I0","NCP1_9_VFD1_I0","NCP1_9_VFD1_DISC"]
["NCP1_9_VFD1","I1","NCP1_9_VFD1_I1"]
["NCP1_9_VFD1","I2","NCP1_9_VFD1_I2","NCP1_9_TPE1"]
["NCP1_9_VFD1","I3","NCP1_9_VFD1_I3"]
["NCP1_9_VFD1","IO0","NCP1_9_VFD1_IO0","NCP1_9_BCN1_R"]
["NCP1_9_VFD1","IO1","NCP1_9_VFD1_IO1","NCP1_9_BCN2_R"]
["NCP1_9_VFD1","SI0","NCP1_9_VFD1_SI0","NCP1_9_EPC1"]
["NCP1_9_VFD1","SI1","NCP1_9_VFD1_SI1","NCP1_9_EPC1_2"]
["NCP1_9_VFD1","SI2","NCP1_9_VFD1_SI2","NCP1_9_EPC2"]
["NCP1_9_VFD1","SI3","NCP1_9_VFD1_SI3","NCP1_9_EPC2_2"]
["NCP1_9_VFD1","SO0","NCP1_9_VFD1_SO0"]
["NCS2_1_VFD1","I0","NCS2_1_VFD1_I0","NCS2_1_VFD1_DISC"]
["NCS2_1_VFD1","I1","NCS2_1_VFD1_I1"]
["NCS2_1_VFD1","I2","NCS2_1_VFD1_I2"]
["NCS2_1_VFD1","I3","NCS2_1_VFD1_I3"]
["NCS2_1_VFD1","IO0","NCS2_1_VFD1_IO0"]
["NCS2_1_VFD1","IO1","NCS2_1_VFD1_IO1"]
["NCS2_1_VFD1","SI0","NCS2_1_VFD1_SI0"]
["NCS2_1_VFD1","SI1","NCS2_1_VFD1_SI1"]
["NCS2_1_VFD1","SI2","NCS2_1_VFD1_SI2"]
["NCS2_1_VFD1","SI3","NCS2_1_VFD1_SI3"]
["NCS2_1_VFD1","SO0","NCS2_1_VFD1_SO0"]
["NCS1_2_VFD1","I0","NCS1_2_VFD1_I0","NCS1_2_VFD1_DISC"]
["NCS1_2_VFD1","I1","NCS1_2_VFD1_I1","NCS1_2_ENC1"]
["NCS1_2_VFD1","I2","NCS1_2_VFD1_I2","NCS1_2_TPE1"]
["NCS1_2_VFD1","I3","NCS1_2_VFD1_I3","NCS1_1_TPE1"]
["NCS1_2_VFD1","IO0","NCS1_2_VFD1_IO0","NCS1_4_S1_PB"]
["NCS1_2_VFD1","IO1","NCS1_2_VFD1_IO1","NCS1_4_S1_PB_LT"]
["NCS1_2_VFD1","SI0","NCS1_2_VFD1_SI0"]
["NCS1_2_VFD1","SI1","NCS1_2_VFD1_SI1"]
["NCS1_2_VFD1","SI2","NCS1_2_VFD1_SI2"]
["NCS1_2_VFD1","SI3","NCS1_2_VFD1_SI3"]
["NCS1_2_VFD1","SO0","NCS1_2_VFD1_SO0"]
["NCS1_3_VFD1","I0","NCS1_3_VFD1_I0","NCS1_3_VFD1_DISC"]
["NCS1_3_VFD1","I1","NCS1_3_VFD1_I1"]
["NCS1_3_VFD1","I2","NCS1_3_VFD1_I2"]
["NCS1_3_VFD1","I3","NCS1_3_VFD1_I3"]
["NCS1_3_VFD1","IO0","NCS1_3_VFD1_IO0","NCS1_3_JR1_PB"]
["NCS1_3_VFD1","IO1","NCS1_3_VFD1_IO1","NCS1_3_JR1_PB_LT"]
["NCS1_3_VFD1","SI0","NCS1_3_VFD1_SI0","NCS1_4_EPC3"]
["NCS1_3_VFD1","SI1","NCS1_3_VFD1_SI1","NCS1_4_EPC3_2"]
["NCS1_3_VFD1","SI2","NCS1_3_VFD1_SI2","NCS1_4_EPC4"]
["NCS1_3_VFD1","SI3","NCS1_3_VFD1_SI3","NCS1_4_EPC4_2"]
["NCS1_3_VFD1","SO0","NCS1_3_VFD1_SO0","NCS1_3_BCN1_A"]
["NCS1_4_VFD1","I0","NCS1_4_VFD1_I0","NCS1_4_VFD1_DISC"]
["NCS1_4_VFD1","I1","NCS1_4_VFD1_I1","NCS1_4_ENC1"]
["NCS1_4_VFD1","I2","NCS1_4_VFD1_I2","NCS1_4_TPE1"]
["NCS1_4_VFD1","I3","NCS1_4_VFD1_I3","NCS1_4_TPE2"]
["NCS1_4_VFD1","IO0","NCS1_4_VFD1_IO0"]
["NCS1_4_VFD1","IO1","NCS1_4_VFD1_IO1"]
["NCS1_4_VFD1","SI0","NCS1_4_VFD1_SI0","NCS1_4_EPC1"]
["NCS1_4_VFD1","SI1","NCS1_4_VFD1_SI1","NCS1_4_EPC1_2"]
["NCS1_4_VFD1","SI2","NCS1_4_VFD1_SI2","NCS1_4_EPC2"]
["NCS1_4_VFD1","SI3","NCS1_4_VFD1_SI3","NCS1_4_EPC2_2"]
["NCS1_4_VFD1","SO0","NCS1_4_VFD1_SO0"]
["NCS1_5A_VFD1","I0","NCS1_5A_VFD1_I0","NCS1_5A_VFD1_DISC"]
["NCS1_5A_VFD1","I1","NCS1_5A_VFD1_I1"]
["NCS1_5A_VFD1","I2","NCS1_5A_VFD1_I2"]
["NCS1_5A_VFD1","I3","NCS1_5A_VFD1_I3"]
["NCS1_5A_VFD1","IO0","NCS1_5A_VFD1_IO0","NCS1_4_BCN1_R"]
["NCS1_5A_VFD1","IO1","NCS1_5A_VFD1_IO1","NCS1_4_BCN2_R"]
["NCS1_5A_VFD1","SI0","NCS1_5A_VFD1_SI0"]
["NCS1_5A_VFD1","SI1","NCS1_5A_VFD1_SI1"]
["NCS1_5A_VFD1","SI2","NCS1_5A_VFD1_SI2"]
["NCS1_5A_VFD1","SI3","NCS1_5A_VFD1_SI3"]
["NCS1_5A_VFD1","SO0","NCS1_5A_VFD1_SO0"]
["NCS1_5B_VFD1","I0","NCS1_5B_VFD1_I0","NCS1_5B_VFD1_DISC"]
["NCS1_5B_VFD1","I1","NCS1_5B_VFD1_I1"]
["NCS1_5B_VFD1","I2","NCS1_5B_VFD1_I2"]
["NCS1_5B_VFD1","I3","NCS1_5B_VFD1_I3"]
["NCS1_5B_VFD1","IO0","NCS1_5B_VFD1_IO0","NCS1_4_S2_PB"]
["NCS1_5B_VFD1","IO1","NCS1_5B_VFD1_IO1","NCS1_4_S2_PB_LT"]
["NCS1_5B_VFD1","SI0","NCS1_5B_VFD1_SI0"]
["NCS1_5B_VFD1","SI1","NCS1_5B_VFD1_SI1"]
["NCS1_5B_VFD1","SI2","NCS1_5B_VFD1_SI2"]
["NCS1_5B_VFD1","SI3","NCS1_5B_VFD1_SI3"]
["NCS1_5B_VFD1","SO0","NCS1_5B_VFD1_SO0"]
["NCS1_6_VFD1","I0","NCS1_6_VFD1_I0","NCS1_6_VFD1_DISC"]
["NCS1_6_VFD1","I1","NCS1_6_VFD1_I1","NCS1_6_ENC1"]
["NCS1_6_VFD1","I2","NCS1_6_VFD1_I2","NCS1_6_TPE1"]
["NCS1_6_VFD1","I3","NCS1_6_VFD1_I3","NCS1_6_TPE2"]
["NCS1_6_VFD1","IO0","NCS1_6_VFD1_IO0"]
["NCS1_6_VFD1","IO1","NCS1_6_VFD1_IO1"]
["NCS1_6_VFD1","SI0","NCS1_6_VFD1_SI0"]
["NCS1_6_VFD1","SI1","NCS1_6_VFD1_SI1"]
["NCS1_6_VFD1","SI2","NCS1_6_VFD1_SI2"]
["NCS1_6_VFD1","SI3","NCS1_6_VFD1_SI3"]
["NCS1_6_VFD1","SO0","NCS1_6_VFD1_SO0"]
["NCS1_7_VFD1","I0","NCS1_7_VFD1_I0","NCS1_7_VFD1_DISC"]
["NCS1_7_VFD1","I1","NCS1_7_VFD1_I1","NCS1_7_ENC1"]
["NCS1_7_VFD1","I2","NCS1_7_VFD1_I2","NCS1_7_TPE1"]
["NCS1_7_VFD1","I3","NCS1_7_VFD1_I3"]
["NCS1_7_VFD1","IO0","NCS1_7_VFD1_IO0"]
["NCS1_7_VFD1","IO1","NCS1_7_VFD1_IO1"]
["NCS1_7_VFD1","SI0","NCS1_7_VFD1_SI0"]
["NCS1_7_VFD1","SI1","NCS1_7_VFD1_SI1"]
["NCS1_7_VFD1","SI2","NCS1_7_VFD1_SI2"]
["NCS1_7_VFD1","SI3","NCS1_7_VFD1_SI3"]
["NCS1_7_VFD1","SO0","NCS1_7_VFD1_SO0"]
["NCS1_8_VFD1","I0","NCS1_8_VFD1_I0","NCS1_8_VFD1_DISC"]
["NCS1_8_VFD1","I1","NCS1_8_VFD1_I1","NCS1_8_ENC1"]
["NCS1_8_VFD1","I2","NCS1_8_VFD1_I2","NCS1_8_TPE1"]
["NCS1_8_VFD1","I3","NCS1_8_VFD1_I3"]
["NCS1_8_VFD1","IO0","NCS1_8_VFD1_IO0"]
["NCS1_8_VFD1","IO1","NCS1_8_VFD1_IO1"]
["NCS1_8_VFD1","SI0","NCS1_8_VFD1_SI0"]
["NCS1_8_VFD1","SI1","NCS1_8_VFD1_SI1"]
["NCS1_8_VFD1","SI2","NCS1_8_VFD1_SI2"]
["NCS1_8_VFD1","SI3","NCS1_8_VFD1_SI3"]
["NCS1_8_VFD1","SO0","NCS1_8_VFD1_SO0"]
["NCS1_9_VFD1","I0","NCS1_9_VFD1_I0","NCS1_9_VFD1_DISC"]
["NCS1_9_VFD1","I1","NCS1_9_VFD1_I1","NCS1_9_ENC1"]
["NCS1_9_VFD1","I2","NCS1_9_VFD1_I2","NCS1_9_TPE1"]
["NCS1_9_VFD1","I3","NCS1_9_VFD1_I3"]
["NCS1_9_VFD1","IO0","NCS1_9_VFD1_IO0"]
["NCS1_9_VFD1","IO1","NCS1_9_VFD1_IO1"]
["NCS1_9_VFD1","SI0","NCS1_9_VFD1_SI0","S02_1_EPC1"]
["NCS1_9_VFD1","SI1","NCS1_9_VFD1_SI1","S02_1_EPC1_2"]
["NCS1_9_VFD1","SI2","NCS1_9_VFD1_SI2","S02_1_EPC2"]
["NCS1_9_VFD1","SI3","NCS1_9_VFD1_SI3","S02_1_EPC2_2"]
["NCS1_9_VFD1","SO0","NCS1_9_VFD1_SO0"]
["NCS1_9_VFD1","ENC1","NCS1_9_VFD1_ENC1","S02_1_ENC1"]
["NCS2_2_VFD1","I0","NCS2_2_VFD1_I0","NCS2_2_VFD1_DISC"]
["NCS2_2_VFD1","I1","NCS2_2_VFD1_I1","NCS2_2_ENC1"]
["NCS2_2_VFD1","I2","NCS2_2_VFD1_I2","NCS2_2_TPE1"]
["NCS2_2_VFD1","I3","NCS2_2_VFD1_I3","NCS2_2_TPE2"]
["NCS2_2_VFD1","IO0","NCS2_2_VFD1_IO0","NCS2_2_S1_PB"]
["NCS2_2_VFD1","IO1","NCS2_2_VFD1_IO1","NCS2_2_S1_PB_LT"]
["NCS2_2_VFD1","SI0","NCS2_2_VFD1_SI0","NCS2_2_EPC1"]
["NCS2_2_VFD1","SI1","NCS2_2_VFD1_SI1","NCS2_2_EPC1_2"]
["NCS2_2_VFD1","SI2","NCS2_2_VFD1_SI2","NCS2_2_EPC2"]
["NCS2_2_VFD1","SI3","NCS2_2_VFD1_SI3","NCS2_2_EPC2_2"]
["NCS2_2_VFD1","SO0","NCS2_2_VFD1_SO0","NCS2_2_BCN2_R"]
["NCS2_3A_VFD1","I0","NCS2_3A_VFD1_I0","NCS2_3A_VFD1_DISC"]
["NCS2_3A_VFD1","I1","NCS2_3A_VFD1_I1"]
["NCS2_3A_VFD1","I2","NCS2_3A_VFD1_I2"]
["NCS2_3A_VFD1","I3","NCS2_3A_VFD1_I3"]
["NCS2_3A_VFD1","IO0","NCS2_3A_VFD1_IO0","NCS2_2_S2_PB"]
["NCS2_3A_VFD1","IO1","NCS2_3A_VFD1_IO1","NCS2_2_S2_PB_LT"]
["NCS2_3A_VFD1","SI0","NCS2_3A_VFD1_SI0"]
["NCS2_3A_VFD1","SI1","NCS2_3A_VFD1_SI1"]
["NCS2_3A_VFD1","SI2","NCS2_3A_VFD1_SI2"]
["NCS2_3A_VFD1","SI3","NCS2_3A_VFD1_SI3"]
["NCS2_3A_VFD1","SO0","NCS2_3A_VFD1_SO0"]
["NCS2_3B_VFD1","I0","NCS2_3B_VFD1_I0","NCS2_3B_VFD1_DISC"]
["NCS2_3B_VFD1","I1","NCS2_3B_VFD1_I1"]
["NCS2_3B_VFD1","I2","NCS2_3B_VFD1_I2"]
["NCS2_3B_VFD1","I3","NCS2_3B_VFD1_I3"]
["NCS2_3B_VFD1","IO0","NCS2_3B_VFD1_IO0","NCS2_2_BCN1_A"]
["NCS2_3B_VFD1","IO1","NCS2_3B_VFD1_IO1","NCS2_2_BCN1_R"]
["NCS2_3B_VFD1","SI0","NCS2_3B_VFD1_SI0"]
["NCS2_3B_VFD1","SI1","NCS2_3B_VFD1_SI1"]
["NCS2_3B_VFD1","SI2","NCS2_3B_VFD1_SI2"]
["NCS2_3B_VFD1","SI3","NCS2_3B_VFD1_SI3"]
["NCS2_3B_VFD1","SO0","NCS2_3B_VFD1_SO0"]
["NCS2_4_VFD1","I0","NCS2_4_VFD1_I0","NCS2_4_VFD1_DISC"]
["NCS2_4_VFD1","I1","NCS2_4_VFD1_I1","NCS2_4_ENC1"]
["NCS2_4_VFD1","I2","NCS2_4_VFD1_I2","NCS2_4_TPE1"]
["NCS2_4_VFD1","I3","NCS2_4_VFD1_I3","NCS2_4_TPE2"]
["NCS2_4_VFD1","IO0","NCS2_4_VFD1_IO0"]
["NCS2_4_VFD1","IO1","NCS2_4_VFD1_IO1"]
["NCS2_4_VFD1","SI0","NCS2_4_VFD1_SI0"]
["NCS2_4_VFD1","SI1","NCS2_4_VFD1_SI1"]
["NCS2_4_VFD1","SI2","NCS2_4_VFD1_SI2"]
["NCS2_4_VFD1","SI3","NCS2_4_VFD1_SI3"]
["NCS2_4_VFD1","SO0","NCS2_4_VFD1_SO0"]
["NCS2_5_VFD1","I0","NCS2_5_VFD1_I0","NCS2_5_VFD1_DISC"]
["NCS2_5_VFD1","I1","NCS2_5_VFD1_I1","NCS2_5_ENC1"]
["NCS2_5_VFD1","I2","NCS2_5_VFD1_I2","NCS2_5_TPE1"]
["NCS2_5_VFD1","I3","NCS2_5_VFD1_I3"]
["NCS2_5_VFD1","IO0","NCS2_5_VFD1_IO0"]
["NCS2_5_VFD1","IO1","NCS2_5_VFD1_IO1"]
["NCS2_5_VFD1","SI0","NCS2_5_VFD1_SI0"]
["NCS2_5_VFD1","SI1","NCS2_5_VFD1_SI1"]
["NCS2_5_VFD1","SI2","NCS2_5_VFD1_SI2"]
["NCS2_5_VFD1","SI3","NCS2_5_VFD1_SI3"]
["NCS2_5_VFD1","SO0","NCS2_5_VFD1_SO0"]
["NCS2_6_VFD1","I0","NCS2_6_VFD1_I0","NCS2_6_VFD1_DISC"]
["NCS2_6_VFD1","I1","NCS2_6_VFD1_I1","NCS2_6_ENC1"]
["NCS2_6_VFD1","I2","NCS2_6_VFD1_I2","NCS2_6_TPE1"]
["NCS2_6_VFD1","I3","NCS2_6_VFD1_I3"]
["NCS2_6_VFD1","IO0","NCS2_6_VFD1_IO0"]
["NCS2_6_VFD1","IO1","NCS2_6_VFD1_IO1"]
["NCS2_6_VFD1","SI0","NCS2_6_VFD1_SI0"]
["NCS2_6_VFD1","SI1","NCS2_6_VFD1_SI1"]
["NCS2_6_VFD1","SI2","NCS2_6_VFD1_SI2"]
["NCS2_6_VFD1","SI3","NCS2_6_VFD1_SI3"]
["NCS2_6_VFD1","SO0","NCS2_6_VFD1_SO0"]
["NCS2_7_VFD1","I0","NCS2_7_VFD1_I0","NCS2_7_VFD1_DISC"]
["NCS2_7_VFD1","I1","NCS2_7_VFD1_I1","NCS2_7_ENC1"]
["NCS2_7_VFD1","I2","NCS2_7_VFD1_I2","NCS2_7_TPE1"]
["NCS2_7_VFD1","I3","NCS2_7_VFD1_I3"]
["NCS2_7_VFD1","IO0","NCS2_7_VFD1_IO0"]
["NCS2_7_VFD1","IO1","NCS2_7_VFD1_IO1"]
["NCS2_7_VFD1","SI0","NCS2_7_VFD1_SI0","S02_2_EPC1"]
["NCS2_7_VFD1","SI1","NCS2_7_VFD1_SI1","S02_2_EPC1_2"]
["NCS2_7_VFD1","SI2","NCS2_7_VFD1_SI2","S02_2_EPC2"]
["NCS2_7_VFD1","SI3","NCS2_7_VFD1_SI3","S02_2_EPC2_2"]
["NCS2_7_VFD1","SO0","NCS2_7_VFD1_SO0"]
["NCS2_7_VFD1","ENC1","NCS2_7_VFD1_ENC1","S02_2_ENC1"]
["S02_1_VFD1","I0","S02_1_VFD1_I0","S02_1_VFD1_DISC"]
["S02_2_VFD1","I0","S02_2_VFD1_I0","S02_2_VFD1_DISC"]
["S02_1_SIO1","SI0",{"$f":"_xlfn.CONCAT(A392,\"_\",B392)","v":"S02_1_SIO1_SI0"}]
["S02_1_SIO1","SI1",{"$f":"_xlfn.CONCAT(A393,\"_\",B393)","v":"S02_1_SIO1_SI1"}]
["S02_1_SIO1","SI2","S02_1_SIO1_SI2"]
["S02_1_SIO1","SI3","S02_1_SIO1_SI3"]
["S02_1_SIO1","SI4","S02_1_SIO1_SI4"]
["S02_1_SIO1","SI5","S02_1_SIO1_SI5"]
["S02_1_SIO1","SI6","S02_1_SIO1_SI6"]
["S02_1_SIO1","SI7","S02_1_SIO1_SI7"]
["S02_1_SIO1","SO0","S02_1_SIO1_SO0","S02_1_VFD1_STO"]
["S02_1_SIO1","SO1","S02_1_SIO1_SO1"]
["S02_1_SIO1","SO2","S02_1_SIO1_SO2"]
["S02_1_SIO1","SO3","S02_1_SIO1_SO3"]
["S02_1_SIO1","IO0","S02_1_SIO1_IO0","S02_1_BCN1_A"]
["S02_1_SIO1","IO1","S02_1_SIO1_IO1","S02_1_BCN1_B"]
["S02_1_SIO1","IO2","S02_1_SIO1_IO2","S02_1_BCN1_H"]
["S02_1_SIO1","IO3","S02_1_SIO1_IO3","S02_1CH_JPE1"]
["S02_2_SIO1","SI0",{"$f":"_xlfn.CONCAT(A408,\"_\",B408)","v":"S02_2_SIO1_SI0"}]
["S02_2_SIO1","SI1",{"$f":"_xlfn.CONCAT(A409,\"_\",B409)","v":"S02_2_SIO1_SI1"}]
["S02_2_SIO1","SI2","S02_2_SIO1_SI2"]
["S02_2_SIO1","SI3","S02_2_SIO1_SI3"]
["S02_2_SIO1","SI4","S02_2_SIO1_SI4"]
["S02_2_SIO1","SI5","S02_2_SIO1_SI5"]
["S02_2_SIO1","SI6","S02_2_SIO1_SI6"]
["S02_2_SIO1","SI7","S02_2_SIO1_SI7"]
["S02_2_SIO1","SO0","S02_2_SIO1_SO0","S02_2_VFD1_STO"]
["S02_2_SIO1","SO1","S02_2_SIO1_SO1"]
["S02_2_SIO1","SO2","S02_2_SIO1_SO2"]
["S02_2_SIO1","SO3","S02_2_SIO1_SO3"]
["S02_2_SIO1","IO0","S02_2_SIO1_IO0","S02_2_BCN1_A"]
["S02_2_SIO1","IO1","S02_2_SIO1_IO1","S02_2_BCN1_B"]
["S02_2_SIO1","IO2","S02_2_SIO1_IO2","S02_2_BCN1_H"]
["S02_2_SIO1","IO3","S02_2_SIO1_IO3","S02_2CH_JPE1"]
["NCP1_20_FIO1","IO00","NCP1_20_FIO1_IO00","NCP1_20_SOL1",null,"2025-06-06"]
["NCP1_20_FIO1","IO01","NCP1_20_FIO1_IO01"]
["NCP1_20_FIO1","IO02","NCP1_20_FIO1_IO02","NCP1_20_SOL2"]
["NCP1_20_FIO1","IO03","NCP1_20_FIO1_IO03"]
["NCP1_20_FIO1","IO04","NCP1_20_FIO1_IO04","NCP1_20_SOL3"]
["NCP1_20_FIO1","O05","NCP1_20_FIO1_IO05"]
["NCP1_20_FIO1","IO06","NCP1_20_FIO1_IO06","NCP1_20_PE1","DEBRIS SENSOR"]
["NCP1_20_FIO1","O07","NCP1_20_FIO1_IO07"]
["NCP1_20_FIO1","IO08","NCP1_20_FIO1_IO08","NCP1_20_PE2","BELT ENGAGEMENT"]
["NCP1_20_FIO1","IO09","NCP1_20_FIO1_IO09"]
["NCP1_20_FIO1","IO10","NCP1_20_FIO1_IO10","NCP1_20_PE3","ENTRANCE PE"]
["NCP1_20_FIO1","IO11","NCP1_20_FIO1_IO11"]
["NCP1_20_FIO1","IO12","NCP1_20_FIO1_IO12","NCP1_20_PE4","EXIT PE"]
["NCP1_20_FIO1","O13","NCP1_20_FIO1_IO13"]
["NCP1_20_FIO1","IO14","NCP1_20_FIO1_IO14","NCP1_20_PE5","DEBRIS SENSOR"]
["NCP1_20_FIO1","O15","NCP1_20_FIO1_IO15"]
["S02_1_FIO9","IO0","S02_1_FIO9_IO0","S02_1_SOL1"]
["S02_1_FIO9","IO1","S02_1_FIO9_IO1"]
["S02_1_FIO9","IO2","S02_1_FIO9_IO2","S02_1_SOL2"]
["S02_1_FIO9","IO3","S02_1_FIO9_IO3"]
["S02_1_FIO9","IO4","S02_1_FIO9_IO4","S02_1_SOL3"]
["S02_1_FIO9","IO5","S02_1_FIO9_IO5"]
["S02_1_FIO9","IO6","S02_1_FIO9_IO6","S02_1_SOL4"]
["S02_1_FIO9","IO7","S02_1_FIO9_IO7"]
["S02_1_FIO9","IO8","S02_1_FIO9_IO8","S02_1_SOL5"]
["S02_1_FIO9","IO9","S02_1_FIO9_IO9"]
["S02_1_FIO9","IO10","S02_1_FIO9_IO10","S02_1_SOL6"]
["S02_1_FIO9","IO11","S02_1_FIO9_IO11"]
["S02_1_FIO9","IO12","S02_1_FIO9_IO12","S02_1_SOL7"]
["S02_1_FIO9","IO13","S02_1_FIO9_IO13"]
["S02_1_FIO9","IO14","S02_1_FIO9_IO14","S02_1_SOL8"]
["S02_1_FIO9","IO15","S02_1_FIO9_IO15"]
["S02_1_FIO10","IO0","S02_1_FIO10_IO0","S02_1_SOL9"]
["S02_1_FIO10","IO1","S02_1_FIO10_IO1"]
["S02_1_FIO10","IO2","S02_1_FIO10_IO2","S02_1_SOL10"]
["S02_1_FIO10","IO3","S02_1_FIO10_IO3"]
["S02_1_FIO10","IO4","S02_1_FIO10_IO4","S02_1_SOL11"]
["S02_1_FIO10","IO5","S02_1_FIO10_IO5"]
["S02_1_FIO10","IO6","S02_1_FIO10_IO6","S02_1_SOL12"]
["S02_1_FIO10","IO7","S02_1_FIO10_IO7"]
["S02_1_FIO10","IO8","S02_1_FIO10_IO8","S02_1_SOL13"]
["S02_1_FIO10","IO9","S02_1_FIO10_IO9"]
["S02_1_FIO10","IO10","S02_1_FIO10_IO10","S02_1_SOL14"]
["S02_1_FIO10","IO11","S02_1_FIO10_IO11"]
["S02_1_FIO10","IO12","S02_1_FIO10_IO12","S02_1_SOL15"]
["S02_1_FIO10","IO13","S02_1_FIO10_IO13"]
["S02_1_FIO10","IO14","S02_1_FIO10_IO14","S02_1_SOL16"]
["S02_1_FIO10","IO15","S02_1_FIO10_IO15"]
["S02_1_FIO11","IO0","S02_1_FIO11_IO0","S02_1_SOL17"]
["S02_1_FIO11","IO1",{"$f":"_xlfn.CONCAT(A473,\"_\",B473)","v":"S02_1_FIO11_IO1"}]
["S02_1_FIO11","IO2","S02_1_FIO11_IO2","S02_1_SOL18"]
["S02_1_FIO11","IO3","S02_1_FIO11_IO3"]
["S02_1_FIO11","IO4","S02_1_FIO11_IO4","S02_1_SOL19"]
["S02_1_FIO11","IO5","S02_1_FIO11_IO5"]
["S02_1_FIO11","IO6","S02_1_FIO11_IO6","S02_1_SOL20"]
["S02_1_FIO11","IO7","S02_1_FIO11_IO7"]
["S02_1_FIO11","IO8","S02_1_FIO11_IO8","S02_1_SOL21"]
["S02_1_FIO11","IO9","S02_1_FIO11_IO9"]
["S02_1_FIO11","IO10","S02_1_FIO11_IO10","S02_1_SOL22"]
["S02_1_FIO11","IO11","S02_1_FIO11_IO11"]
["S02_1_FIO11","IO12","S02_1_FIO11_IO12","S02_1_SOL23"]
["S02_1_FIO11","IO13","S02_1_FIO11_IO13"]
["S02_1_FIO11","IO14","S02_1_FIO11_IO14","S02_1_SOL24"]
["S02_1_FIO11","IO15","S02_1_FIO11_IO15"]
["S02_1_FIO12","IO0","S02_1_FIO12_IO0","S02_1_SOL25"]
["S02_1_FIO12","IO1","S02_1_FIO12_IO1"]
["S02_1_FIO12","IO2","S02_1_FIO12_IO2","S02_1_SOL26"]
["S02_1_FIO12","IO3","S02_1_FIO12_IO3"]
["S02_1_FIO12","IO4","S02_1_FIO12_IO4","S02_1_SOL27"]
["S02_1_FIO12","IO5","S02_1_FIO12_IO5"]
["S02_1_FIO12","IO6","S02_1_FIO12_IO6","S02_1_SOL28"]
["S02_1_FIO12","IO7","S02_1_FIO12_IO7"]
["S02_1_FIO12","IO8","S02_1_FIO12_IO8","S02_1_SOL29"]
["S02_1_FIO12","IO9","S02_1_FIO12_IO9"]
["S02_1_FIO12","IO10","S02_1_FIO12_IO10","S02_1_SOL30"]
["S02_1_FIO12","IO11","S02_1_FIO12_IO11"]
["S02_1_FIO12","IO12","S02_1_FIO12_IO12","S02_1_SOL31"]
["S02_1_FIO12","IO13","S02_1_FIO12_IO13"]
["S02_1_FIO12","IO14","S02_1_FIO12_IO14","S02_1_SOL32"]
["S02_1_FIO12","IO15","S02_1_FIO12_IO15"]
["S02_1_FIO13","IO0","S02_1_FIO13_IO0","S02_1_SOL33"]
["S02_1_FIO13","IO1","S02_1_FIO13_IO1"]
["S02_1_FIO13","IO2","S02_1_FIO13_IO2","S02_1_SOL34"]
["S02_1_FIO13","IO3","S02_1_FIO13_IO3"]
["S02_1_FIO13","IO4","S02_1_FIO13_IO4","S02_1_SOL35"]
["S02_1_FIO13","IO5","S02_1_FIO13_IO5"]
["S02_1_FIO13","IO6","S02_1_FIO13_IO6","S02_1_SOL36"]
["S02_1_FIO13","IO7","S02_1_FIO13_IO7"]
["S02_1_FIO13","IO8","S02_1_FIO13_IO8","S02_1_SOL37"]
["S02_1_FIO13","IO9","S02_1_FIO13_IO9"]
["S02_1_FIO13","IO10","S02_1_FIO13_IO10","S02_1_SOL38"]
["S02_1_FIO13","IO11","S02_1_FIO13_IO11"]
["S02_1_FIO13","IO12","S02_1_FIO13_IO12","S02_1_SOL39"]
["S02_1_FIO13","IO13","S02_1_FIO13_IO13"]
["S02_1_FIO13","IO14","S02_1_FIO13_IO14","S02_1_SOL40"]
["S02_1_FIO13","IO15","S02_1_FIO13_IO15"]
["S02_1_FIO14","IO0","S02_1_FIO14_IO0","S02_1_SOL41"]
["S02_1_FIO14","IO1","S02_1_FIO14_IO1"]
["S02_1_FIO14","IO2","S02_1_FIO14_IO2","S02_1_SOL42"]
["S02_1_FIO14","IO3","S02_1_FIO14_IO3"]
["S02_1_FIO14","IO4","S02_1_FIO14_IO4","S02_1_SOL43"]
["S02_1_FIO14","IO5","S02_1_FIO14_IO5"]
["S02_1_FIO14","IO6","S02_1_FIO14_IO6","S02_1_SOL44"]
["S02_1_FIO14","IO7","S02_1_FIO14_IO7"]
["S02_1_FIO14","IO8","S02_1_FIO14_IO8","S02_1_SOL45"]
["S02_1_FIO14","IO9","S02_1_FIO14_IO9"]
["S02_1_FIO14","IO10","S02_1_FIO14_IO10","S02_1_SOL46"]
["S02_1_FIO14","IO11","S02_1_FIO14_IO11"]
["S02_1_FIO14","IO12","S02_1_FIO14_IO12","S02_1_SOL47"]
["S02_1_FIO14","IO13","S02_1_FIO14_IO13"]
["S02_1_FIO14","IO14","S02_1_FIO14_IO14","S02_1_SOL48"]
["S02_1_FIO14","IO15","S02_1_FIO14_IO15"]
["S02_1_FIO15","IO0","S02_1_FIO15_IO0","S02_1_SOL49"]
["S02_1_FIO15","IO1",{"$f":"_xlfn.CONCAT(A537,\"_\",B537)","v":"S02_1_FIO15_IO1"}]
["S02_1_FIO15","IO2","S02_1_FIO15_IO2","S02_1_SOL50"]
["S02_1_FIO15","IO3","S02_1_FIO15_IO3"]
["S02_1_FIO15","IO4","S02_1_FIO15_IO4","S02_1_SOL51"]
["S02_1_FIO15","IO5","S02_1_FIO15_IO5"]
["S02_1_FIO15","IO6","S02_1_FIO15_IO6","S02_1_SOL52"]
["S02_1_FIO15","IO7","S02_1_FIO15_IO7"]
["S02_1_FIO15","IO8","S02_1_FIO15_IO8","S02_1_SOL53"]
["S02_1_FIO15","IO9","S02_1_FIO15_IO9"]
["S02_1_FIO15","IO10","S02_1_FIO15_IO10","S02_1_SOL54"]
["S02_1_FIO15","IO11","S02_1_FIO15_IO11"]
["S02_1_FIO15","IO12","S02_1_FIO15_IO12","S02_1_SOL55"]
["S02_1_FIO15","IO13","S02_1_FIO15_IO13"]
["S02_1_FIO15","IO14","S02_1_FIO15_IO14","S02_1_SOL56"]
["S02_1_FIO15","IO15","S02_1_FIO15_IO15"]
["S02_1_FIO16","IO0","S02_1_FIO16_IO0","S02_1_SOL57"]
["S02_1_FIO16","IO1","S02_1_FIO16_IO1"]
["S02_1_FIO16","IO2","S02_1_FIO16_IO2","S02_1_SOL58"]
["S02_1_FIO16","IO3","S02_1_FIO16_IO3"]
["S02_1_FIO16","IO4","S02_1_FIO16_IO4","S02_1_SOL59"]
["S02_1_FIO16","IO5","S02_1_FIO16_IO5"]
["S02_1_FIO16","IO6","S02_1_FIO16_IO6","S02_1_SOL60"]
["S02_1_FIO16","IO7","S02_1_FIO16_IO7"]
["S02_1_FIO16","IO8","S02_1_FIO16_IO8","S02_1_SOL61"]
["S02_1_FIO16","IO9","S02_1_FIO16_IO9"]
["S02_1_FIO16","IO10","S02_1_FIO16_IO10","S02_1_SOL62"]
["S02_1_FIO16","IO11","S02_1_FIO16_IO11"]
["S02_1_FIO16","IO12","S02_1_FIO16_IO12","S02_1_SOL63"]
["S02_1_FIO16","IO13","S02_1_FIO16_IO13"]
["S02_1_FIO16","IO14","S02_1_FIO16_IO14","S02_1_SOL64"]
["S02_1_FIO16","IO15","S02_1_FIO16_IO15"]
["S02_1_FIO17","IO0","S02_1_FIO17_IO0","S02_1_SOL65"]
["S02_1_FIO17","IO1","S02_1_FIO17_IO1"]
["S02_1_FIO17","IO2","S02_1_FIO17_IO2","S02_1_SOL66"]
["S02_1_FIO17","IO3","S02_1_FIO17_IO3"]
["S02_1_FIO17","IO4","S02_1_FIO17_IO4","S02_1_SOL67"]
["S02_1_FIO17","IO5","S02_1_FIO17_IO5"]
["S02_1_FIO17","IO6","S02_1_FIO17_IO6","S02_1_SOL68"]
["S02_1_FIO17","IO7","S02_1_FIO17_IO7"]
["S02_1_FIO17","IO8","S02_1_FIO17_IO8","S02_1_SOL69"]
["S02_1_FIO17","IO9","S02_1_FIO17_IO9"]
["S02_1_FIO17","IO10","S02_1_FIO17_IO10","S02_1_SOL70"]
["S02_1_FIO17","IO11","S02_1_FIO17_IO11"]
["S02_1_FIO17","IO12","S02_1_FIO17_IO12","S02_1_SOL71"]
["S02_1_FIO17","IO13","S02_1_FIO17_IO13"]
["S02_1_FIO17","IO14","S02_1_FIO17_IO14","S02_1_SOL72"]
["S02_1_FIO17","IO15","S02_1_FIO17_IO15"]
["S02_1_FIO18","IO0","S02_1_FIO18_IO0","S02_1_SOL73"]
["S02_1_FIO18","IO1","S02_1_FIO18_IO1"]
["S02_1_FIO18","IO2","S02_1_FIO18_IO2","S02_1_SOL74"]
["S02_1_FIO18","IO3","S02_1_FIO18_IO3"]
["S02_1_FIO18","IO4","S02_1_FIO18_IO4","S02_1_SOL75"]
["S02_1_FIO18","IO5","S02_1_FIO18_IO5"]
["S02_1_FIO18","IO6","S02_1_FIO18_IO6","S02_1_SOL76"]
["S02_1_FIO18","IO7","S02_1_FIO18_IO7"]
["S02_1_FIO18","IO8","S02_1_FIO18_IO8","S02_1_SOL77"]
["S02_1_FIO18","IO9","S02_1_FIO18_IO9"]
["S02_1_FIO18","IO10","S02_1_FIO18_IO10","S02_1_SOL78"]
["S02_1_FIO18","IO11","S02_1_FIO18_IO11"]
["S02_1_FIO18","IO12","S02_1_FIO18_IO12","S02_1_SOL79"]
["S02_1_FIO18","IO13","S02_1_FIO18_IO13"]
["S02_1_FIO18","IO14","S02_1_FIO18_IO14","S02_1_SOL80"]
["S02_1_FIO18","IO15","S02_1_FIO18_IO15"]
["S02_1_FIO19","IO0","S02_1_FIO19_IO0","S02_1_SOL81"]
["S02_1_FIO19","IO1",{"$f":"_xlfn.CONCAT(A601,\"_\",B601)","v":"S02_1_FIO19_IO1"}]
["S02_1_FIO19","IO2","S02_1_FIO19_IO2","S02_1_SOL82"]
["S02_1_FIO19","IO3","S02_1_FIO19_IO3"]
["S02_1_FIO19","IO4","S02_1_FIO19_IO4","S02_1_SOL83"]
["S02_1_FIO19","IO5","S02_1_FIO19_IO5"]
["S02_1_FIO19","IO6","S02_1_FIO19_IO6","S02_1_SOL84"]
["S02_1_FIO19","IO7","S02_1_FIO19_IO7"]
["S02_1_FIO19","IO8","S02_1_FIO19_IO8"]
["S02_1_FIO19","IO9","S02_1_FIO19_IO9"]
["S02_1_FIO19","IO10","S02_1_FIO19_IO10"]
["S02_1_FIO19","IO11","S02_1_FIO19_IO11"]
["S02_1_FIO19","IO12","S02_1_FIO19_IO12"]
["S02_1_FIO19","IO13","S02_1_FIO19_IO13"]
["S02_1_FIO19","IO14","S02_1_FIO19_IO14"]
["S02_1_FIO19","IO15","S02_1_FIO19_IO15"]
["S02_1_FIO20","IO0","S02_1_FIO20_IO0"]
["S02_1_FIO20","IO1","S02_1_FIO20_IO1"]
["S02_1_FIO20","IO2","S02_1_FIO20_IO2"]
["S02_1_FIO20","IO3","S02_1_FIO20_IO3"]
["S02_1_FIO20","IO4","S02_1_FIO20_IO4"]
["S02_1_FIO20","IO5","S02_1_FIO20_IO5"]
["S02_1_FIO20","IO6","S02_1_FIO20_IO6"]
["S02_1_FIO20","IO7","S02_1_FIO20_IO7"]
["S02_1_FIO20","IO8","S02_1_FIO20_IO8"]
["S02_1_FIO20","IO9","S02_1_FIO20_IO9"]
["S02_1_FIO20","IO10","S02_1_FIO20_IO10"]
["S02_1_FIO20","IO11","S02_1_FIO20_IO11"]
["S02_1_FIO20","IO12","S02_1_FIO20_IO12"]
["S02_1_FIO20","IO13","S02_1_FIO20_IO13"]
["S02_1_FIO20","IO14","S02_1_FIO20_IO14"]
["S02_1_FIO20","IO15","S02_1_FIO20_IO15"]
["S02_2_FIO9","IO0","S02_2_FIO9_IO0","S02_2_SOL1"]
["S02_2_FIO9","IO1","S02_2_FIO9_IO1"]
["S02_2_FIO9","IO2","S02_2_FIO9_IO2","S02_2_SOL2"]
["S02_2_FIO9","IO3","S02_2_FIO9_IO3"]
["S02_2_FIO9","IO4","S02_2_FIO9_IO4","S02_2_SOL3"]
["S02_2_FIO9","IO5","S02_2_FIO9_IO5"]
["S02_2_FIO9","IO6","S02_2_FIO9_IO6","S02_2_SOL4"]
["S02_2_FIO9","IO7","S02_2_FIO9_IO7"]
["S02_2_FIO9","IO8","S02_2_FIO9_IO8","S02_2_SOL5"]
["S02_2_FIO9","IO9","S02_2_FIO9_IO9"]
["S02_2_FIO9","IO10","S02_2_FIO9_IO10","S02_2_SOL6"]
["S02_2_FIO9","IO11","S02_2_FIO9_IO11"]
["S02_2_FIO9","IO12","S02_2_FIO9_IO12","S02_2_SOL7"]
["S02_2_FIO9","IO13","S02_2_FIO9_IO13"]
["S02_2_FIO9","IO14","S02_2_FIO9_IO14","S02_2_SOL8"]
["S02_2_FIO9","IO15","S02_2_FIO9_IO15"]
["S02_2_FIO10","IO0","S02_2_FIO10_IO0","S02_2_SOL9"]
["S02_2_FIO10","IO1","S02_2_FIO10_IO1"]
["S02_2_FIO10","IO2","S02_2_FIO10_IO2","S02_2_SOL10"]
["S02_2_FIO10","IO3","S02_2_FIO10_IO3"]
["S02_2_FIO10","IO4","S02_2_FIO10_IO4","S02_2_SOL11"]
["S02_2_FIO10","IO5","S02_2_FIO10_IO5"]
["S02_2_FIO10","IO6","S02_2_FIO10_IO6","S02_2_SOL12"]
["S02_2_FIO10","IO7","S02_2_FIO10_IO7"]
["S02_2_FIO10","IO8","S02_2_FIO10_IO8","S02_2_SOL13"]
["S02_2_FIO10","IO9","S02_2_FIO10_IO9"]
["S02_2_FIO10","IO10","S02_2_FIO10_IO10","S02_2_SOL14"]
["S02_2_FIO10","IO11","S02_2_FIO10_IO11"]
["S02_2_FIO10","IO12","S02_2_FIO10_IO12","S02_2_SOL15"]
["S02_2_FIO10","IO13","S02_2_FIO10_IO13"]
["S02_2_FIO10","IO14","S02_2_FIO10_IO14","S02_2_SOL16"]
["S02_2_FIO10","IO15","S02_2_FIO10_IO15"]
["S02_2_FIO11","IO0","S02_2_FIO11_IO0","S02_2_SOL17"]
["S02_2_FIO11","IO1",{"$f":"_xlfn.CONCAT(A665,\"_\",B665)","v":"S02_2_FIO11_IO1"}]
["S02_2_FIO11","IO2","S02_2_FIO11_IO2","S02_2_SOL18"]
["S02_2_FIO11","IO3","S02_2_FIO11_IO3"]
["S02_2_FIO11","IO4","S02_2_FIO11_IO4","S02_2_SOL19"]
["S02_2_FIO11","IO5","S02_2_FIO11_IO5"]
["S02_2_FIO11","IO6","S02_2_FIO11_IO6","S02_2_SOL20"]
["S02_2_FIO11","IO7","S02_2_FIO11_IO7"]
["S02_2_FIO11","IO8","S02_2_FIO11_IO8","S02_2_SOL21"]
["S02_2_FIO11","IO9","S02_2_FIO11_IO9"]
["S02_2_FIO11","IO10","S02_2_FIO11_IO10","S02_2_SOL22"]
["S02_2_FIO11","IO11","S02_2_FIO11_IO11"]
["S02_2_FIO11","IO12","S02_2_FIO11_IO12","S02_2_SOL23"]
["S02_2_FIO11","IO13","S02_2_FIO11_IO13"]
["S02_2_FIO11","IO14","S02_2_FIO11_IO14","S02_2_SOL24"]
["S02_2_FIO11","IO15","S02_2_FIO11_IO15"]
["S02_2_FIO12","IO0","S02_2_FIO12_IO0","S02_2_SOL25"]
["S02_2_FIO12","IO1","S02_2_FIO12_IO1"]
["S02_2_FIO12","IO2","S02_2_FIO12_IO2","S02_2_SOL26"]
["S02_2_FIO12","IO3","S02_2_FIO12_IO3"]
["S02_2_FIO12","IO4","S02_2_FIO12_IO4","S02_2_SOL27"]
["S02_2_FIO12","IO5","S02_2_FIO12_IO5"]
["S02_2_FIO12","IO6","S02_2_FIO12_IO6","S02_2_SOL28"]
["S02_2_FIO12","IO7","S02_2_FIO12_IO7"]
["S02_2_FIO12","IO8","S02_2_FIO12_IO8","S02_2_SOL29"]
["S02_2_FIO12","IO9","S02_2_FIO12_IO9"]
["S02_2_FIO12","IO10","S02_2_FIO12_IO10","S02_2_SOL30"]
["S02_2_FIO12","IO11","S02_2_FIO12_IO11"]
["S02_2_FIO12","IO12","S02_2_FIO12_IO12","S02_2_SOL31"]
["S02_2_FIO12","IO13","S02_2_FIO12_IO13"]
["S02_2_FIO12","IO14","S02_2_FIO12_IO14","S02_2_SOL32"]
["S02_2_FIO12","IO15","S02_2_FIO12_IO15"]
["S02_2_FIO13","IO0","S02_2_FIO13_IO0","S02_2_SOL33"]
["S02_2_FIO13","IO1","S02_2_FIO13_IO1"]
["S02_2_FIO13","IO2","S02_2_FIO13_IO2","S02_2_SOL34"]
["S02_2_FIO13","IO3","S02_2_FIO13_IO3"]
["S02_2_FIO13","IO4","S02_2_FIO13_IO4","S02_2_SOL35"]
["S02_2_FIO13","IO5","S02_2_FIO13_IO5"]
["S02_2_FIO13","IO6","S02_2_FIO13_IO6","S02_2_SOL36"]
["S02_2_FIO13","IO7","S02_2_FIO13_IO7"]
["S02_2_FIO13","IO8","S02_2_FIO13_IO8","S02_2_SOL37"]
["S02_2_FIO13","IO9","S02_2_FIO13_IO9"]
["S02_2_FIO13","IO10","S02_2_FIO13_IO10","S02_2_SOL38"]
["S02_2_FIO13","IO11","S02_2_FIO13_IO11"]
["S02_2_FIO13","IO12","S02_2_FIO13_IO12","S02_2_SOL39"]
["S02_2_FIO13","IO13","S02_2_FIO13_IO13"]
["S02_2_FIO13","IO14","S02_2_FIO13_IO14","S02_2_SOL40"]
["S02_2_FIO13","IO15","S02_2_FIO13_IO15"]
["S02_2_FIO14","IO0","S02_2_FIO14_IO0","S02_2_SOL41"]
["S02_2_FIO14","IO1","S02_2_FIO14_IO1"]
["S02_2_FIO14","IO2","S02_2_FIO14_IO2","S02_2_SOL42"]
["S02_2_FIO14","IO3","S02_2_FIO14_IO3"]
["S02_2_FIO14","IO4","S02_2_FIO14_IO4","S02_2_SOL43"]
["S02_2_FIO14","IO5","S02_2_FIO14_IO5"]
["S02_2_FIO14","IO6","S02_2_FIO14_IO6","S02_2_SOL44"]
["S02_2_FIO14","IO7","S02_2_FIO14_IO7"]
["S02_2_FIO14","IO8","S02_2_FIO14_IO8","S02_2_SOL45"]
["S02_2_FIO14","IO9","S02_2_FIO14_IO9"]
["S02_2_FIO14","IO10","S02_2_FIO14_IO10","S02_2_SOL46"]
["S02_2_FIO14","IO11","S02_2_FIO14_IO11"]
["S02_2_FIO14","IO12","S02_2_FIO14_IO12","S02_2_SOL47"]
["S02_2_FIO14","IO13","S02_2_FIO14_IO13"]
["S02_2_FIO14","IO14","S02_2_FIO14_IO14","S02_2_SOL48"]
["S02_2_FIO14","IO15","S02_2_FIO14_IO15"]
["S02_2_FIO15","IO0","S02_2_FIO15_IO0","S02_2_SOL49"]
["S02_2_FIO15","IO1",{"$f":"_xlfn.CONCAT(A729,\"_\",B729)","v":"S02_2_FIO15_IO1"}]
["S02_2_FIO15","IO2","S02_2_FIO15_IO2","S02_2_SOL50"]
["S02_2_FIO15","IO3","S02_2_FIO15_IO3"]
["S02_2_FIO15","IO4","S02_2_FIO15_IO4","S02_2_SOL51"]
["S02_2_FIO15","IO5","S02_2_FIO15_IO5"]
["S02_2_FIO15","IO6","S02_2_FIO15_IO6","S02_2_SOL52"]
["S02_2_FIO15","IO7","S02_2_FIO15_IO7"]
["S02_2_FIO15","IO8","S02_2_FIO15_IO8","S02_2_SOL53"]
["S02_2_FIO15","IO9","S02_2_FIO15_IO9"]
["S02_2_FIO15","IO10","S02_2_FIO15_IO10","S02_2_SOL54"]
["S02_2_FIO15","IO11","S02_2_FIO15_IO11"]
["S02_2_FIO15","IO12","S02_2_FIO15_IO12","S02_2_SOL55"]
["S02_2_FIO15","IO13","S02_2_FIO15_IO13"]
["S02_2_FIO15","IO14","S02_2_FIO15_IO14","S02_2_SOL56"]
["S02_2_FIO15","IO15","S02_2_FIO15_IO15"]
["S02_2_FIO16","IO0","S02_2_FIO16_IO0","S02_2_SOL57"]
["S02_2_FIO16","IO1","S02_2_FIO16_IO1"]
["S02_2_FIO16","IO2","S02_2_FIO16_IO2","S02_2_SOL58"]
["S02_2_FIO16","IO3","S02_2_FIO16_IO3"]
["S02_2_FIO16","IO4","S02_2_FIO16_IO4","S02_2_SOL59"]
["S02_2_FIO16","IO5","S02_2_FIO16_IO5"]
["S02_2_FIO16","IO6","S02_2_FIO16_IO6","S02_2_SOL60"]
["S02_2_FIO16","IO7","S02_2_FIO16_IO7"]
["S02_2_FIO16","IO8","S02_2_FIO16_IO8","S02_2_SOL61"]
["S02_2_FIO16","IO9","S02_2_FIO16_IO9"]
["S02_2_FIO16","IO10","S02_2_FIO16_IO10","S02_2_SOL62"]
["S02_2_FIO16","IO11","S02_2_FIO16_IO11"]
["S02_2_FIO16","IO12","S02_2_FIO16_IO12","S02_2_SOL63"]
["S02_2_FIO16","IO13","S02_2_FIO16_IO13"]
["S02_2_FIO16","IO14","S02_2_FIO16_IO14","S02_2_SOL64"]
["S02_2_FIO16","IO15","S02_2_FIO16_IO15"]
["S02_2_FIO17","IO0","S02_2_FIO17_IO0","S02_2_SOL65"]
["S02_2_FIO17","IO1","S02_2_FIO17_IO1"]
["S02_2_FIO17","IO2","S02_2_FIO17_IO2","S02_2_SOL66"]
["S02_2_FIO17","IO3","S02_2_FIO17_IO3"]
["S02_2_FIO17","IO4","S02_2_FIO17_IO4","S02_2_SOL67"]
["S02_2_FIO17","IO5","S02_2_FIO17_IO5"]
["S02_2_FIO17","IO6","S02_2_FIO17_IO6","S02_2_SOL68"]
["S02_2_FIO17","IO7","S02_2_FIO17_IO7"]
["S02_2_FIO17","IO8","S02_2_FIO17_IO8","S02_2_SOL69"]
["S02_2_FIO17","IO9","S02_2_FIO17_IO9"]
["S02_2_FIO17","IO10","S02_2_FIO17_IO10","S02_2_SOL70"]
["S02_2_FIO17","IO11","S02_2_FIO17_IO11"]
["S02_2_FIO17","IO12","S02_2_FIO17_IO12","S02_2_SOL71"]
["S02_2_FIO17","IO13","S02_2_FIO17_IO13"]
["S02_2_FIO17","IO14","S02_2_FIO17_IO14","S02_2_SOL72"]
["S02_2_FIO17","IO15","S02_2_FIO17_IO15"]
["S02_2_FIO18","IO0","S02_2_FIO18_IO0","S02_2_SOL73"]
["S02_2_FIO18","IO1","S02_2_FIO18_IO1"]
["S02_2_FIO18","IO2","S02_2_FIO18_IO2","S02_2_SOL74"]
["S02_2_FIO18","IO3","S02_2_FIO18_IO3"]
["S02_2_FIO18","IO4","S02_2_FIO18_IO4","S02_2_SOL75"]
["S02_2_FIO18","IO5","S02_2_FIO18_IO5"]
["S02_2_FIO18","IO6","S02_2_FIO18_IO6","S02_2_SOL76"]
["S02_2_FIO18","IO7","S02_2_FIO18_IO7"]
["S02_2_FIO18","IO8","S02_2_FIO18_IO8","S02_2_SOL77"]
["S02_2_FIO18","IO9","S02_2_FIO18_IO9"]
["S02_2_FIO18","IO10","S02_2_FIO18_IO10","S02_2_SOL78"]
["S02_2_FIO18","IO11","S02_2_FIO18_IO11"]
["S02_2_FIO18","IO12","S02_2_FIO18_IO12","S02_2_SOL79"]
["S02_2_FIO18","IO13","S02_2_FIO18_IO13"]
["S02_2_FIO18","IO14","S02_2_FIO18_IO14","S02_2_SOL80"]
["S02_2_FIO18","IO15","S02_2_FIO18_IO15"]
["S02_2_FIO19","IO0","S02_2_FIO19_IO0","S02_2_SOL81"]
["S02_2_FIO19","IO1",{"$f":"_xlfn.CONCAT(A793,\"_\",B793)","v":"S02_2_FIO19_IO1"}]
["S02_2_FIO19","IO2","S02_2_FIO19_IO2","S02_2_SOL82"]
["S02_2_FIO19","IO3","S02_2_FIO19_IO3"]
["S02_2_FIO19","IO4","S02_2_FIO19_IO4","S02_2_SOL83"]
["S02_2_FIO19","IO5","S02_2_FIO19_IO5"]
["S02_2_FIO19","IO6","S02_2_FIO19_IO6","S02_2_SOL84"]
["S02_2_FIO19","IO7","S02_2_FIO19_IO7"]
["S02_2_FIO19","IO8","S02_2_FIO19_IO8"]
["S02_2_FIO19","IO9","S02_2_FIO19_IO9"]
["S02_2_FIO19","IO10","S02_2_FIO19_IO10"]
["S02_2_FIO19","IO11","S02_2_FIO19_IO11"]
["S02_2_FIO19","IO12","S02_2_FIO19_IO12"]
["S02_2_FIO19","IO13","S02_2_FIO19_IO13"]
["S02_2_FIO19","IO14","S02_2_FIO19_IO14"]
["S02_2_FIO19","IO15","S02_2_FIO19_IO15"]
["S02_2_FIO20","IO0","S02_2_FIO20_IO0"]
["S02_2_FIO20","IO1","S02_2_FIO20_IO1"]
["S02_2_FIO20","IO2","S02_2_FIO20_IO2"]
["S02_2_FIO20","IO3","S02_2_FIO20_IO3"]
["S02_2_FIO20","IO4","S02_2_FIO20_IO4"]
["S02_2_FIO20","IO5","S02_2_FIO20_IO5"]
["S02_2_FIO20","IO6","S02_2_FIO20_IO6"]
["S02_2_FIO20","IO7","S02_2_FIO20_IO7"]
["S02_2_FIO20","IO8","S02_2_FIO20_IO8"]
["S02_2_FIO20","IO9","S02_2_FIO20_IO9"]
["S02_2_FIO20","IO10","S02_2_FIO20_IO10"]
["S02_2_FIO20","IO11","S02_2_FIO20_IO11"]
["S02_2_FIO20","IO12","S02_2_FIO20_IO12"]
["S02_2_FIO20","IO13","S02_2_FIO20_IO13"]
["S02_2_FIO20","IO14","S02_2_FIO20_IO14"]
["S02_2_FIO20","IO15","S02_2_FIO20_IO15"]
["PDP8_FIO1","IO00",{"$f":"_xlfn.CONCAT(A824,\"_\",B824)","v":"PDP8_FIO1_IO00"},"PDP8_CB1"]
["PDP8_FIO1","IO01",{"$f":"_xlfn.CONCAT(A825,\"_\",B825)","v":"PDP8_FIO1_IO01"},"PDP8_CB2"]
["PDP8_FIO1","IO02","PDP8_FIO1_IO02","PDP8_CB3"]
["PDP8_FIO1","IO03","PDP8_FIO1_IO03","PDP8_CB4"]
["PDP8_FIO1","IO04","PDP8_FIO1_IO04","PDP8_CB5"]
["PDP8_FIO1","O05","PDP8_FIO1_O05"]
["PDP8_FIO1","IO06","PDP8_FIO1_IO06","PDP8_CB6"]
["PDP8_FIO1","O07","PDP8_FIO1_O07"]
["PDP8_FIO1","IO08","PDP8_FIO1_IO08","PDP8_CB7"]
["PDP8_FIO1","IO09","PDP8_FIO1_IO09","PDP8_CB8"]
["PDP8_FIO1","IO10","PDP8_FIO1_IO10","PDP8_CB9"]
["PDP8_FIO1","IO11","PDP8_FIO1_IO11","PDP8_CB10"]
["PDP8_FIO1","IO12","PDP8_FIO1_IO12","PDP8_PWM1"]
["PDP8_FIO1","O13","PDP8_FIO1_O13"]
["PDP8_FIO1","IO14","PDP8_FIO1_IO14","PDP8_FIO1H"]
["PDP8_FIO1","O15","PDP8_FIO1_O15"]
["PDP8_FIOH1","IO00","PDP8_FIOH1_IO00","PDP8_CB11"]
["PDP8_FIOH1","IO01","PDP8_FIOH1_IO01","PDP8_CB12"]
["PDP8_FIOH1","IO02","PDP8_FIOH1_IO02","PDP8_CB13"]
["PDP8_FIOH1","IO03","PDP8_FIOH1_IO03","PDP8_CB14"]
["PDP8_FIOH1","IO04","PDP8_FIOH1_IO04","PDP8_CB15"]
["PDP8_FIOH1","IO05","PDP8_FIOH1_IO05","PDP8_CB16"]
["PDP8_FIOH1","IO06","PDP8_FIOH1_IO06","PDP8_CB17"]
["PDP8_FIOH1","IO07","PDP8_FIOH1_IO07","PDP8_CB18"]
["PDP8_FIOH1","IO08","PDP8_FIOH1_IO08","PDP8_CB19"]
["PDP8_FIOH1","IO09","PDP8_FIOH1_IO09","PDP8_CB20"]
["PDP8_FIOH1","IO10","PDP8_FIOH1_IO10","PDP8_CB21"]
["PDP8_FIOH1","IO11","PDP8_FIOH1_IO11","PDP8_CB22"]
["PDP8_FIOH1","IO12","PDP8_FIOH1_IO12","PDP8_CB23"]
["PDP8_FIOH1","IO13","PDP8_FIOH1_IO13","PDP8_CB24"]
["PDP8_FIOH1","IO14","PDP8_FIOH1_IO14","PDP8_CB25"]
["PDP8_FIOH1","IO15","PDP8_FIOH1_IO15","PDP8_CB26"]

{"sheet":"MCM06_DESC","index":7,"n_rows":420,"n_cols":9,"rows_kept":420,"cut":false,"hidden":false,"merged":[[31,8,35,8],[36,8,40,8],[41,8,45,8],[46,8,50,8],[1,8,5,8],[6,8,10,8],[11,8,15,8],[16,8,20,8],[21,8,25,8],[26,8,30,8]]}
["TAGNAME","ADDR","TERM","TERMDESC","DESCA","DESCB",null,"CONTROLLERS"]
["NCP1_10A_VFD1","NCP1_10A_VFD1_I0","I0",null,"NCP1_10A_VFD1_DISC","DISCONNECT AUX",null,"NCP1_10A_VFD1",600]
["NCP1_10A_VFD1","NCP1_10A_VFD1_I1","I1",null,"SPARE",null,null,"NCP1_10B_VFD1"]
["NCP1_10A_VFD1","NCP1_10A_VFD1_I2","I2",null,"SPARE",null,null,"NCP1_11_VFD1"]
["NCP1_10A_VFD1","NCP1_10A_VFD1_I3","I3",null,"SPARE",null,null,"NCP1_12_VFD1"]
["NCP1_10A_VFD1","NCP1_10A_VFD1_IO0","IO0",null,"NCP1_9_S1_PB","START PUSHBUTTON"]
["NCP1_10A_VFD1","NCP1_10A_VFD1_IO1","IO1",null,"NCP1_9_S1_PB_LT","START PUSHBUTTON LIGHT",null,"NCP1_13_VFD1",601]
["NCP1_10A_VFD1","NCP1_10A_VFD1_SI0","SI0",null,"SPARE",null,null,"NCP1_14A_VFD1"]
["NCP1_10A_VFD1","NCP1_10A_VFD1_SI1","SI1",null,"SPARE",null,null,"NCP1_14B_VFD1"]
["NCP1_10A_VFD1","NCP1_10A_VFD1_SI2","SI2",null,"SPARE",null,null,"NCP1_14C_VFD1"]
["NCP1_10A_VFD1","NCP1_10A_VFD1_SI3","SI3",null,"SPARE"]
["NCP1_10A_VFD1","NCP1_10A_VFD1_SO0","SO0",null,"SPARE",null,null,"NCP1_14D_VFD1",602]
["NCP1_10B_VFD1","NCP1_10B_VFD1_I0","I0",null,"NCP1_10B_VFD1_DISC","DISCONNECT AUX",null,"NCP1_15_VFD1"]
["NCP1_10B_VFD1","NCP1_10B_VFD1_I1","I1",null,"SPARE",null,null,"NCP1_16_VFD1"]
["NCP1_10B_VFD1","NCP1_10B_VFD1_I2","I2",null,"SPARE",null,null,"NCP1_17_VFD1"]
["NCP1_10B_VFD1","NCP1_10B_VFD1_I3","I3",null,"SPARE"]
["NCP1_10B_VFD1","NCP1_10B_VFD1_IO0","IO0",null,"NCP1_9_S2_PB","START PUSHBUTTON",null,"NCP1_18A_VFD1",603]
["NCP1_10B_VFD1","NCP1_10B_VFD1_IO1","IO1",null,"NCP1_9_S2_PB_LT","START PUSHBUTTON LIGHT",null,"NCP1_18B_VFD1"]
["NCP1_10B_VFD1","NCP1_10B_VFD1_SI0","SI0",null,"SPARE",null,null,"NCP1_19_VFD1"]
["NCP1_10B_VFD1","NCP1_10B_VFD1_SI1","SI1",null,"SPARE",null,null,"NCP1_20_VFD1"]
["NCP1_10B_VFD1","NCP1_10B_VFD1_SI2","SI2",null,"SPARE"]
["NCP1_10B_VFD1","NCP1_10B_VFD1_SI3","SI3",null,"SPARE",null,null,"NCP1_21_VFD1",604]
["NCP1_10B_VFD1","NCP1_10B_VFD1_SO0","SO0",null,"SPARE",null,null,"NCP1_9_VFD1"]
["NCP1_11_VFD1","NCP1_11_VFD1_I0","I0",null,"NCP1_11_VFD1_DISC","DISCONNECT AUX",null,"NCS2_1_VFD1"]
["NCP1_11_VFD1","NCP1_11_VFD1_I1","I1",null,"SPARE",null,null,"NCS1_2_VFD1"]
["NCP1_11_VFD1","NCP1_11_VFD1_I2","I2",null,"NCP_11_TPE1","TRACKING PHOTOEYE"]
["NCP1_11_VFD1","NCP1_11_VFD1_I3","I3",null,"NCP_11_TPE2","TRACKING PHOTOEYE",null,"NCS1_3_VFD1",605]
["NCP1_11_VFD1","NCP1_11_VFD1_IO0","IO0",null,"SPARE",null,null,"NCS1_4_VFD1"]
["NCP1_11_VFD1","NCP1_11_VFD1_IO1","IO1",null,"SPARE",null,null,"NCS1_5A_VFD1"]
["NCP1_11_VFD1","NCP1_11_VFD1_SI0","SI0",null,"SPARE",null,null,"NCS1_5B_VFD1"]
["NCP1_11_VFD1","NCP1_11_VFD1_SI1","SI1",null,"SPARE"]
["NCP1_11_VFD1","NCP1_11_VFD1_SI2","SI2",null,"SPARE",null,null,"NCS1_6_VFD1",606]
["NCP1_11_VFD1","NCP1_11_VFD1_SI3","SI3",null,"SPARE",null,null,"NCS1_7_VFD1"]
["NCP1_11_VFD1","NCP1_11_VFD1_SO0","SO0",null,"SPARE",null,null,"NCS1_8_VFD1"]
["NCP1_12_VFD1","NCP1_12_VFD1_I0","I0",null,"NCP1_12_VFD1_DISC","DISCONNECT AUX",null,"NCS1_9_VFD1"]
["NCP1_12_VFD1","NCP1_12_VFD1_I1","I1",null,"SPARE"]
["NCP1_12_VFD1","NCP1_12_VFD1_I2","I2",null,"NCP1_12_TPE1","TRACKING PHOTOEYE",null,"NCS2_2_VFD1",607]
["NCP1_12_VFD1","NCP1_12_VFD1_I3","I3",null,"SPARE",null,null,"NCS2_3A_VFD1"]
["NCP1_12_VFD1","NCP1_12_VFD1_IO0","IO0",null,"SPARE",null,null,"NCS2_3B_VFD1"]
["NCP1_12_VFD1","NCP1_12_VFD1_IO1","IO1",null,"SPARE",null,null,"NCS2_4_VFD1"]
["NCP1_12_VFD1","NCP1_12_VFD1_SI0","SI0",null,"SPARE"]
["NCP1_12_VFD1","NCP1_12_VFD1_SI1","SI1",null,"SPARE",null,null,"NCS2_5_VFD1",608]
["NCP1_12_VFD1","NCP1_12_VFD1_SI2","SI2",null,"SPARE",null,null,"NCS2_6_VFD1"]
["NCP1_12_VFD1","NCP1_12_VFD1_SI3","SI3",null,"SPARE",null,null,"NCS2_7_VFD1"]
["NCP1_12_VFD1","NCP1_12_VFD1_SO0","SO0",null,"SPARE",null,null,"S02_1_VFD1"]
["NCP1_13_VFD1","NCP1_13_VFD1_I0","I0",null,"NCP1_13_VFD1_DISC","DISCONNECT AUX"]
["NCP1_13_VFD1","NCP1_13_VFD1_I1","I1",null,"NCP1_13_ENC1","ENCODER",null,"S02_2_VFD1",609]
["NCP1_13_VFD1","NCP1_13_VFD1_I2","I2",null,"NCP1_13_TPE1","TRACKING PHOTOEYE",null,"S02_1_SIO1"]
["NCP1_13_VFD1","NCP1_13_VFD1_I3","I3",null,"SPARE",null,null,"S02_2_SIO1"]
["NCP1_13_VFD1","NCP1_13_VFD1_IO0","IO0",null,"SPARE"]
["NCP1_13_VFD1","NCP1_13_VFD1_IO1","IO1",null,"SPARE"]
["NCP1_13_VFD1","NCP1_13_VFD1_SI0","SI0",null,"SPARE"]
["NCP1_13_VFD1","NCP1_13_VFD1_SI1","SI1",null,"SPARE"]
["NCP1_13_VFD1","NCP1_13_VFD1_SI2","SI2",null,"SPARE"]
["NCP1_13_VFD1","NCP1_13_VFD1_SI3","SI3",null,"SPARE"]
["NCP1_13_VFD1","NCP1_13_VFD1_SO0","SO0",null,"SPARE"]
["NCP1_14A_VFD1","NCP1_14A_VFD1_I0","I0",null,"NCP1_14A_VFD1_DISC","DISCONNECT AUX"]
["NCP1_14A_VFD1","NCP1_14A_VFD1_I1","I1",null,"NCP1_14_ENC1","ENCODER"]
["NCP1_14A_VFD1","NCP1_14A_VFD1_I2","I2",null,"SPARE"]
["NCP1_14A_VFD1","NCP1_14A_VFD1_I3","I3",null,"SPARE"]
["NCP1_14A_VFD1","NCP1_14A_VFD1_IO0","IO0",null,"SPARE"]
["NCP1_14A_VFD1","NCP1_14A_VFD1_IO1","IO1",null,"SPARE"]
["NCP1_14A_VFD1","NCP1_14A_VFD1_SI0","SI0",null,"SPARE"]
["NCP1_14A_VFD1","NCP1_14A_VFD1_SI1","SI1",null,"SPARE"]
["NCP1_14A_VFD1","NCP1_14A_VFD1_SI2","SI2",null,"SPARE"]
["NCP1_14A_VFD1","NCP1_14A_VFD1_SI3","SI3",null,"SPARE"]
["NCP1_14A_VFD1","NCP1_14A_VFD1_SO0","SO0",null,"SPARE"]
["NCP1_14B_VFD1","NCP1_14B_VFD1_I0","I0",null,"NCP1_14B_VFD1_DISC","DISCONNECT AUX"]
["NCP1_14B_VFD1","NCP1_14B_VFD1_I1","I1",null,"SPARE"]
["NCP1_14B_VFD1","NCP1_14B_VFD1_I2","I2",null,"SPARE"]
["NCP1_14B_VFD1","NCP1_14B_VFD1_I3","I3",null,"SPARE"]
["NCP1_14B_VFD1","NCP1_14B_VFD1_IO0","IO0",null,"NCP1_15_S2_PB","START PUSHBUTTON"]
["NCP1_14B_VFD1","NCP1_14B_VFD1_IO1","IO1",null,"NCP1_15_S2_PB_LT","START PUSHBUTTON LIGHT"]
["NCP1_14B_VFD1","NCP1_14B_VFD1_SI0","SI0",null,"SPARE"]
["NCP1_14B_VFD1","NCP1_14B_VFD1_SI1","SI1",null,"SPARE"]
["NCP1_14B_VFD1","NCP1_14B_VFD1_SI2","SI2",null,"SPARE"]
["NCP1_14B_VFD1","NCP1_14B_VFD1_SI3","SI3",null,"SPARE"]
["NCP1_14B_VFD1","NCP1_14B_VFD1_SO0","SO0",null,"SPARE"]
["NCP1_14C_VFD1","NCP1_14C_VFD1_I0","I0",null,"NCP1_14C_VFD1_DISC","DISCONNECT AUX"]
["NCP1_14C_VFD1","NCP1_14C_VFD1_I1","I1",null,"SPARE"]
["NCP1_14C_VFD1","NCP1_14C_VFD1_I2","I2",null,"SPARE"]
["NCP1_14C_VFD1","NCP1_14C_VFD1_I3","I3",null,"SPARE"]
["NCP1_14C_VFD1","NCP1_14C_VFD1_IO0","IO0",null,"NCP1_15_S1_PB","START PUSHBUTTON"]
["NCP1_14C_VFD1","NCP1_14C_VFD1_IO1","IO1",null,"NCP1_15_S1_PB_LT","START PUSHBUTTON LIGHT"]
["NCP1_14C_VFD1","NCP1_14C_VFD1_SI0","SI0",null,"SPARE"]
["NCP1_14C_VFD1","NCP1_14C_VFD1_SI1","SI1",null,"SPARE"]
["NCP1_14C_VFD1","NCP1_14C_VFD1_SI2","SI2",null,"SPARE"]
["NCP1_14C_VFD1","NCP1_14C_VFD1_SI3","SI3",null,"SPARE"]
["NCP1_14C_VFD1","NCP1_14C_VFD1_SO0","SO0",null,"SPARE"]
["NCP1_14D_VFD1","NCP1_14D_VFD1_I0","I0",null,"NCP1_14D_VFD1_DISC","DISCONNECT AUX"]
["NCP1_14D_VFD1","NCP1_14D_VFD1_I1","I1",null,"SPARE"]
["NCP1_14D_VFD1","NCP1_14D_VFD1_I2","I2",null,"SPARE"]
["NCP1_14D_VFD1","NCP1_14D_VFD1_I3","I3",null,"SPARE"]
["NCP1_14D_VFD1","NCP1_14D_VFD1_IO0","IO0",null,"NCP1_15_BCN2_A","AMBER BEACON LIGHT"]
["NCP1_14D_VFD1","NCP1_14D_VFD1_IO1","IO1",null,"NCP1_15_BCN2_R","RED BEACON LIGHT"]
["NCP1_14D_VFD1","NCP1_14D_VFD1_SI0","SI0",null,"SPARE"]
["NCP1_14D_VFD1","NCP1_14D_VFD1_SI1","SI1",null,"SPARE"]
["NCP1_14D_VFD1","NCP1_14D_VFD1_SI2","SI2",null,"SPARE"]
["NCP1_14D_VFD1","NCP1_14D_VFD1_SI3","SI3",null,"SPARE"]
["NCP1_14D_VFD1","NCP1_14D_VFD1_SO0","SO0",null,"SPARE"]
["NCP1_15_VFD1","NCP1_15_VFD1_I0","I0",null,"NCP1_15_VFD1_DISC","DISCONNECT AUX"]
["NCP1_15_VFD1","NCP1_15_VFD1_I1","I1",null,"NCP1_15_ENC1","ENCODER"]
["NCP1_15_VFD1","NCP1_15_VFD1_I2","I2",null,"NCP1_15_TPE1","TRACKING PHOTOEYE"]
["NCP1_15_VFD1","NCP1_15_VFD1_I3","I3",null,"NCP1_15_TPE2","TRACKING PHOTOEYE"]
["NCP1_15_VFD1","NCP1_15_VFD1_IO0","IO0",null,"SPARE"]
["NCP1_15_VFD1","NCP1_15_VFD1_IO1","IO1",null,"SPARE"]
["NCP1_15_VFD1","NCP1_15_VFD1_SI0","SI0",null,"NCP1_15_EPC1","E-STOP PULLCORD"]
["NCP1_15_VFD1","NCP1_15_VFD1_SI1","SI1",null,"NCP1_15_EPC1_2","E-STOP PULLCORD"]
["NCP1_15_VFD1","NCP1_15_VFD1_SI2","SI2",null,"NCP1_15_EPC2","E-STOP PULLCORD"]
["NCP1_15_VFD1","NCP1_15_VFD1_SI3","SI3",null,"NCP1_15_EPC2_2","E-STOP PULLCORD"]
["NCP1_15_VFD1","NCP1_15_VFD1_SO0","SO0",null,"NCP1_15_BCN1_R","RED BEACON LIGHT"]
["NCP1_16_VFD1","NCP1_16_VFD1_I0","I0",null,"NCP1_16_VFD1_DISC","DISCONNECT AUX"]
["NCP1_16_VFD1","NCP1_16_VFD1_I1","I1",null,"SPARE"]
["NCP1_16_VFD1","NCP1_16_VFD1_I2","I2",null,"SPARE"]
["NCP1_16_VFD1","NCP1_16_VFD1_I3","I3",null,"SPARE"]
["NCP1_16_VFD1","NCP1_16_VFD1_IO0","IO0",null,"NCP1_16_JR1_PB","JAM RESET PUSHBUTTON"]
["NCP1_16_VFD1","NCP1_16_VFD1_IO1","IO1",null,"NCP1_16_JR1_PB_LT","JAM RESET PUSHBUTTON LIGHT"]
["NCP1_16_VFD1","NCP1_16_VFD1_SI0","SI0",null,"SPARE"]
["NCP1_16_VFD1","NCP1_16_VFD1_SI1","SI1",null,"SPARE"]
["NCP1_16_VFD1","NCP1_16_VFD1_SI2","SI2",null,"SPARE"]
["NCP1_16_VFD1","NCP1_16_VFD1_SI3","SI3",null,"SPARE"]
["NCP1_16_VFD1","NCP1_16_VFD1_SO0","SO0",null,"SPARE"]
["NCP1_17_VFD1","NCP1_17_VFD1_I0","I0",null,"NCP1_17_VFD1_DISC","DISCONNECT AUX"]
["NCP1_17_VFD1","NCP1_17_VFD1_I1","I1",null,"NCP1_17_ENC1","ENCODER"]
["NCP1_17_VFD1","NCP1_17_VFD1_I2","I2",null,"NCP1_17_TPE1","TRACKING PHOTOEYE"]
["NCP1_17_VFD1","NCP1_17_VFD1_I3","I3",null,"NCP1_17_TPE2","TRACKING PHOTOEYE"]
["NCP1_17_VFD1","NCP1_17_VFD1_IO0","IO0",null,"NCP1_16_JR2_PB","JAM RESET PUSHBUTTON"]
["NCP1_17_VFD1","NCP1_17_VFD1_IO1","IO1",null,"NCP1_16_JR2_PB_LT","JAM RESET PUSHBUTTON LIGHT"]
["NCP1_17_VFD1","NCP1_17_VFD1_SI0","SI0",null,"SPARE"]
["NCP1_17_VFD1","NCP1_17_VFD1_SI1","SI1",null,"SPARE"]
["NCP1_17_VFD1","NCP1_17_VFD1_SI2","SI2",null,"SPARE"]
["NCP1_17_VFD1","NCP1_17_VFD1_SI3","SI3",null,"SPARE"]
["NCP1_17_VFD1","NCP1_17_VFD1_SO0","SO0",null,"NCP1_16_BCN1_A","AMBER BEACON LIGHT"]
["NCP1_18A_VFD1","NCP1_18A_VFD1_I0","I0",null,"NCP1_18A_VFD1_DISC","DISCONNECT AUX"]
["NCP1_18A_VFD1","NCP1_18A_VFD1_I1","I1",null,"SPARE"]
["NCP1_18A_VFD1","NCP1_18A_VFD1_I2","I2",null,"SPARE"]
["NCP1_18A_VFD1","NCP1_18A_VFD1_I3","I3",null,"SPARE"]
["NCP1_18A_VFD1","NCP1_18A_VFD1_IO0","IO0",null,"SPARE"]
["NCP1_18A_VFD1","NCP1_18A_VFD1_IO1","IO1",null,"SPARE"]
["NCP1_18A_VFD1","NCP1_18A_VFD1_SI0","SI0",null,"SPARE"]
["NCP1_18A_VFD1","NCP1_18A_VFD1_SI1","SI1",null,"SPARE"]
["NCP1_18A_VFD1","NCP1_18A_VFD1_SI2","SI2",null,"SPARE"]
["NCP1_18A_VFD1","NCP1_18A_VFD1_SI3","SI3",null,"SPARE"]
["NCP1_18A_VFD1","NCP1_18A_VFD1_SO0","SO0",null,"SPARE"]
["NCP1_18B_VFD1","NCP1_18B_VFD1_I0","I0",null,"NCP1_18B_VFD1_DISC","DISCONNECT AUX"]
["NCP1_18B_VFD1","NCP1_18B_VFD1_I1","I1",null,"SPARE"]
["NCP1_18B_VFD1","NCP1_18B_VFD1_I2","I2",null,"SPARE"]
["NCP1_18B_VFD1","NCP1_18B_VFD1_I3","I3",null,"SPARE"]
["NCP1_18B_VFD1","NCP1_18B_VFD1_IO0","IO0",null,"NCP1_21_S2_PB","START PUSHBUTTON"]
["NCP1_18B_VFD1","NCP1_18B_VFD1_IO1","IO1",null,"NCP1_21_S2_PB_LT","START PUSHBUTTON LIGHT"]
["NCP1_18B_VFD1","NCP1_18B_VFD1_SI0","SI0",null,"SPARE"]
["NCP1_18B_VFD1","NCP1_18B_VFD1_SI1","SI1",null,"SPARE"]
["NCP1_18B_VFD1","NCP1_18B_VFD1_SI2","SI2",null,"SPARE"]
["NCP1_18B_VFD1","NCP1_18B_VFD1_SI3","SI3",null,"SPARE"]
["NCP1_18B_VFD1","NCP1_18B_VFD1_SO0","SO0",null,"SPARE"]
["NCP1_19_VFD1","NCP1_19_VFD1_I0","I0",null,"NCP1_19_VFD1_DISC","DISCONNECT AUX"]
["NCP1_19_VFD1","NCP1_19_VFD1_I1","I1",null,"NCP1_19_ENC1","ENCODER"]
["NCP1_19_VFD1","NCP1_19_VFD1_I2","I2",null,"NCP1_19_TPE1","TRACKING PHOTOEYE"]
["NCP1_19_VFD1","NCP1_19_VFD1_I3","I3",null,"NCP1_19_TPE2","TRACKING PHOTOEYE"]
["NCP1_19_VFD1","NCP1_19_VFD1_IO0","IO0",null,"NCP1_21_S1_PB","START PUSHBUTTON"]
["NCP1_19_VFD1","NCP1_19_VFD1_IO1","IO1",null,"NCP1_21_S1_PB_LT","START PUSHBUTTON LIGHT"]
["NCP1_19_VFD1","NCP1_19_VFD1_SI0","SI0",null,"SPARE"]
["NCP1_19_VFD1","NCP1_19_VFD1_SI1","SI1",null,"SPARE"]
["NCP1_19_VFD1","NCP1_19_VFD1_SI2","SI2",null,"SPARE"]
["NCP1_19_VFD1","NCP1_19_VFD1_SI3","SI3",null,"SPARE"]
["NCP1_19_VFD1","NCP1_19_VFD1_SO0","SO0",null,"SPARE"]
["NCP1_20_VFD1","NCP1_20_VFD1_I0","I0",null,"NCP1_20_VFD1_DISC","DISCONNECT AUX"]
["NCP1_20_VFD1","NCP1_20_VFD1_I1","I1",null,"NCP1_20_PS1","PRESSURE SENSOR"]
["NCP1_20_VFD1","NCP1_20_VFD1_I2","I2",null,"NCP1_20_PE1"]
["NCP1_20_VFD1","NCP1_20_VFD1_I3","I3",null,"NCP1_20_PE2"]
["NCP1_20_VFD1","NCP1_20_VFD1_IO0","IO0",null,"NCP1_20_PE3"]
["NCP1_20_VFD1","NCP1_20_VFD1_IO1","IO1",null,"NCP1_20_PE4"]
["NCP1_20_VFD1","NCP1_20_VFD1_SI0","SI0",null,"SPARE"]
["NCP1_20_VFD1","NCP1_20_VFD1_SI1","SI1",null,"SPARE"]
["NCP1_20_VFD1","NCP1_20_VFD1_SI2","SI2",null,"SPARE"]
["NCP1_20_VFD1","NCP1_20_VFD1_SI3","SI3",null,"SPARE"]
["NCP1_20_VFD1","NCP1_20_VFD1_SO0","SO0",null,"NCP1_21_BCN1_R","RED BEACON LIGHT"]
["NCP1_21_VFD1","NCP1_21_VFD1_I0","I0",null,"NCP1_21_VFD1_DISC","DISCONNECT AUX"]
["NCP1_21_VFD1","NCP1_21_VFD1_I1","I1",null,"NCP1_21_ENC1","ENCODER"]
["NCP1_21_VFD1","NCP1_21_VFD1_I2","I2",null,"NCP1_21_TPE1","TRACKING PHOTOEYE"]
["NCP1_21_VFD1","NCP1_21_VFD1_I3","I3",null,"NCP1_21_TPE2","TRACKING PHOTOEYE"]
["NCP1_21_VFD1","NCP1_21_VFD1_IO0","IO0",null,"NCP1_20_SOL1","SOLENOID VALVE"]
["NCP1_21_VFD1","NCP1_21_VFD1_IO1","IO1",null,"NCP1_20_SOL2","SOLENOID VALVE"]
["NCP1_21_VFD1","NCP1_21_VFD1_SI0","SI0",null,"NCP1_21_EPC1","E-STOP PULLCORD"]
["NCP1_21_VFD1","NCP1_21_VFD1_SI1","SI1",null,"NCP1_21_EPC1_2","E-STOP PULLCORD"]
["NCP1_21_VFD1","NCP1_21_VFD1_SI2","SI2",null,"NCP1_21_EPC2","E-STOP PULLCORD"]
["NCP1_21_VFD1","NCP1_21_VFD1_SI3","SI3",null,"NCP1_21_EPC2_2","E-STOP PULLCORD"]
["NCP1_21_VFD1","NCP1_21_VFD1_SO0","SO0",null,"NCP1_21_BCN2_R","RED BEACON LIGHT"]
["NCP1_9_VFD1","NCP1_9_VFD1_I0","I0",null,"NCP1_9_VFD1_DISC","DISCONNECT AUX"]
["NCP1_9_VFD1","NCP1_9_VFD1_I1","I1",null,"SPARE"]
["NCP1_9_VFD1","NCP1_9_VFD1_I2","I2",null,"NCP1_9_TPE1","TRACKING PHOTOEYE"]
["NCP1_9_VFD1","NCP1_9_VFD1_I3","I3",null,"SPARE"]
["NCP1_9_VFD1","NCP1_9_VFD1_IO0","IO0",null,"NCP1_9_BCN1_R","RED BEACON LIGHT"]
["NCP1_9_VFD1","NCP1_9_VFD1_IO1","IO1",null,"NCP1_9_BCN2_R","RED BEACON LIGHT"]
["NCP1_9_VFD1","NCP1_9_VFD1_SI0","SI0",null,"NCP1_9_EPC1","E-STOP PULLCORD"]
["NCP1_9_VFD1","NCP1_9_VFD1_SI1","SI1",null,"NCP1_9_EPC1_2","E-STOP PULLCORD"]
["NCP1_9_VFD1","NCP1_9_VFD1_SI2","SI2",null,"NCP1_9_EPC2","E-STOP PULLCORD"]
["NCP1_9_VFD1","NCP1_9_VFD1_SI3","SI3",null,"NCP1_9_EPC2_2","E-STOP PULLCORD"]
["NCP1_9_VFD1","NCP1_9_VFD1_SO0","SO0",null,"SPARE"]
["NCS2_1_VFD1","NCS2_1_VFD1_I0","I0",null,"NCS2_1_VFD1_DISC","DISCONNECT AUX"]
["NCS2_1_VFD1","NCS2_1_VFD1_I1","I1",null,"SPARE"]
["NCS2_1_VFD1","NCS2_1_VFD1_I2","I2",null,"SPARE"]
["NCS2_1_VFD1","NCS2_1_VFD1_I3","I3",null,"SPARE"]
["NCS2_1_VFD1","NCS2_1_VFD1_IO0","IO0",null,"SPARE"]
["NCS2_1_VFD1","NCS2_1_VFD1_IO1","IO1",null,"SPARE"]
["NCS2_1_VFD1","NCS2_1_VFD1_SI0","SI0",null,"SPARE"]
["NCS2_1_VFD1","NCS2_1_VFD1_SI1","SI1",null,"SPARE"]
["NCS2_1_VFD1","NCS2_1_VFD1_SI2","SI2",null,"SPARE"]
["NCS2_1_VFD1","NCS2_1_VFD1_SI3","SI3",null,"SPARE"]
["NCS2_1_VFD1","NCS2_1_VFD1_SO0","SO0",null,"SPARE"]
["NCS1_2_VFD1","NCS1_2_VFD1_I0","I0",null,"NCS1_2_VFD1_DISC","DISCONNECT AUX"]
["NCS1_2_VFD1","NCS1_2_VFD1_I1","I1",null,"NCS1_2_ENC1","ENCODER"]
["NCS1_2_VFD1","NCS1_2_VFD1_I2","I2",null,"NCS1_2_TPE1","TRACKING PHOTOEYE"]
["NCS1_2_VFD1","NCS1_2_VFD1_I3","I3",null,"NCS1_1_TPE1","TRACKING PHOTOEYE"]
["NCS1_2_VFD1","NCS1_2_VFD1_IO0","IO0",null,"NCS1_4_S1_PB","START PUSHBUTTON"]
["NCS1_2_VFD1","NCS1_2_VFD1_IO1","IO1",null,"NCS1_4_S1_PB_LT","START PUSHBUTTON LIGHT"]
["NCS1_2_VFD1","NCS1_2_VFD1_SI0","SI0",null,"SPARE"]
["NCS1_2_VFD1","NCS1_2_VFD1_SI1","SI1",null,"SPARE"]
["NCS1_2_VFD1","NCS1_2_VFD1_SI2","SI2",null,"SPARE"]
["NCS1_2_VFD1","NCS1_2_VFD1_SI3","SI3",null,"SPARE"]
["NCS1_2_VFD1","NCS1_2_VFD1_SO0","SO0",null,"SPARE"]
["NCS1_3_VFD1","NCS1_3_VFD1_I0","I0",null,"NCS1_3_VFD1_DISC","DISCONNECT AUX"]
["NCS1_3_VFD1","NCS1_3_VFD1_I1","I1",null,"SPARE"]
["NCS1_3_VFD1","NCS1_3_VFD1_I2","I2",null,"SPARE"]
["NCS1_3_VFD1","NCS1_3_VFD1_I3","I3",null,"SPARE"]
["NCS1_3_VFD1","NCS1_3_VFD1_IO0","IO0",null,"NCS1_3_JR1_PB","JAM RESET PUSHBUTTON"]
["NCS1_3_VFD1","NCS1_3_VFD1_IO1","IO1",null,"NCS1_3_JR1_PB_LT","JAM RESET PUSHBUTTON LIGHT"]
["NCS1_3_VFD1","NCS1_3_VFD1_SI0","SI0",null,"NCS1_4_EPC3","E-STOP PULLCORD"]
["NCS1_3_VFD1","NCS1_3_VFD1_SI1","SI1",null,"NCS1_4_EPC3_2","E-STOP PULLCORD"]
["NCS1_3_VFD1","NCS1_3_VFD1_SI2","SI2",null,"NCS1_4_EPC4","E-STOP PULLCORD"]
["NCS1_3_VFD1","NCS1_3_VFD1_SI3","SI3",null,"NCS1_4_EPC4_2","E-STOP PULLCORD"]
["NCS1_3_VFD1","NCS1_3_VFD1_SO0","SO0",null,"NCS1_3_BCN1_A","AMBER BEACON LIGHT"]
["NCS1_4_VFD1","NCS1_4_VFD1_I0","I0",null,"NCS1_4_VFD1_DISC","DISCONNECT AUX"]
["NCS1_4_VFD1","NCS1_4_VFD1_I1","I1",null,"NCS1_4_ENC1","ENCODER"]
["NCS1_4_VFD1","NCS1_4_VFD1_I2","I2",null,"NCS1_4_TPE1","TRACKING PHOTOEYE"]
["NCS1_4_VFD1","NCS1_4_VFD1_I3","I3",null,"NCS1_4_TPE2","TRACKING PHOTOEYE"]
["NCS1_4_VFD1","NCS1_4_VFD1_IO0","IO0",null,"SPARE"]
["NCS1_4_VFD1","NCS1_4_VFD1_IO1","IO1",null,"SPARE"]
["NCS1_4_VFD1","NCS1_4_VFD1_SI0","SI0",null,"NCS1_4_EPC1","E-STOP PULLCORD"]
["NCS1_4_VFD1","NCS1_4_VFD1_SI1","SI1",null,"NCS1_4_EPC1_2","E-STOP PULLCORD"]
["NCS1_4_VFD1","NCS1_4_VFD1_SI2","SI2",null,"NCS1_4_EPC2","E-STOP PULLCORD"]
["NCS1_4_VFD1","NCS1_4_VFD1_SI3","SI3",null,"NCS1_4_EPC2_2","E-STOP PULLCORD"]
["NCS1_4_VFD1","NCS1_4_VFD1_SO0","SO0",null,"SPARE"]
["NCS1_5A_VFD1","NCS1_5A_VFD1_I0","I0",null,"NCS1_5A_VFD1_DISC","DISCONNECT AUX"]
["NCS1_5A_VFD1","NCS1_5A_VFD1_I1","I1",null,"SPARE"]
["NCS1_5A_VFD1","NCS1_5A_VFD1_I2","I2",null,"SPARE"]
["NCS1_5A_VFD1","NCS1_5A_VFD1_I3","I3",null,"SPARE"]
["NCS1_5A_VFD1","NCS1_5A_VFD1_IO0","IO0",null,"NCS1_4_BCN1_R","RED BEACON LIGHT"]
["NCS1_5A_VFD1","NCS1_5A_VFD1_IO1","IO1",null,"NCS1_4_BCN2_R","RED BEACON LIGHT"]
["NCS1_5A_VFD1","NCS1_5A_VFD1_SI0","SI0",null,"SPARE"]
["NCS1_5A_VFD1","NCS1_5A_VFD1_SI1","SI1",null,"SPARE"]
["NCS1_5A_VFD1","NCS1_5A_VFD1_SI2","SI2",null,"SPARE"]
["NCS1_5A_VFD1","NCS1_5A_VFD1_SI3","SI3",null,"SPARE"]
["NCS1_5A_VFD1","NCS1_5A_VFD1_SO0","SO0",null,"SPARE"]
["NCS1_5B_VFD1","NCS1_5B_VFD1_I0","I0",null,"NCS1_5B_VFD1_DISC","DISCONNECT AUX"]
["NCS1_5B_VFD1","NCS1_5B_VFD1_I1","I1",null,"SPARE"]
["NCS1_5B_VFD1","NCS1_5B_VFD1_I2","I2",null,"SPARE"]
["NCS1_5B_VFD1","NCS1_5B_VFD1_I3","I3",null,"SPARE"]
["NCS1_5B_VFD1","NCS1_5B_VFD1_IO0","IO0",null,"NCS1_4_S2_PB","START PUSHBUTTON"]
["NCS1_5B_VFD1","NCS1_5B_VFD1_IO1","IO1",null,"NCS1_4_S2_PB_LT","START PUSHBUTTON LIGHT"]
["NCS1_5B_VFD1","NCS1_5B_VFD1_SI0","SI0",null,"SPARE"]
["NCS1_5B_VFD1","NCS1_5B_VFD1_SI1","SI1",null,"SPARE"]
["NCS1_5B_VFD1","NCS1_5B_VFD1_SI2","SI2",null,"SPARE"]
["NCS1_5B_VFD1","NCS1_5B_VFD1_SI3","SI3",null,"SPARE"]
["NCS1_5B_VFD1","NCS1_5B_VFD1_SO0","SO0",null,"SPARE"]
["NCS1_6_VFD1","NCS1_6_VFD1_I0","I0",null,"NCS1_6_VFD1_DISC","DISCONNECT AUX"]
["NCS1_6_VFD1","NCS1_6_VFD1_I1","I1",null,"NCS1_6_ENC1","ENCODER"]
["NCS1_6_VFD1","NCS1_6_VFD1_I2","I2",null,"NCS1_6_TPE1","TRACKING PHOTOEYE"]
["NCS1_6_VFD1","NCS1_6_VFD1_I3","I3",null,"NCS1_6_TPE2","TRACKING PHOTOEYE"]
["NCS1_6_VFD1","NCS1_6_VFD1_IO0","IO0",null,"SPARE"]
["NCS1_6_VFD1","NCS1_6_VFD1_IO1","IO1",null,"SPARE"]
["NCS1_6_VFD1","NCS1_6_VFD1_SI0","SI0",null,"SPARE"]
["NCS1_6_VFD1","NCS1_6_VFD1_SI1","SI1",null,"SPARE"]
["NCS1_6_VFD1","NCS1_6_VFD1_SI2","SI2",null,"SPARE"]
["NCS1_6_VFD1","NCS1_6_VFD1_SI3","SI3",null,"SPARE"]
["NCS1_6_VFD1","NCS1_6_VFD1_SO0","SO0",null,"SPARE"]
["NCS1_7_VFD1","NCS1_7_VFD1_I0","I0",null,"NCS1_7_VFD1_DISC","DISCONNECT AUX"]
["NCS1_7_VFD1","NCS1_7_VFD1_I1","I1",null,"NCS1_7_ENC1","ENCODER"]
["NCS1_7_VFD1","NCS1_7_VFD1_I2","I2",null,"NCS1_7_TPE1","TRACKING PHOTOEYE"]
["NCS1_7_VFD1","NCS1_7_VFD1_I3","I3",null,"SPARE"]
["NCS1_7_VFD1","NCS1_7_VFD1_IO0","IO0",null,"SPARE"]
["NCS1_7_VFD1","NCS1_7_VFD1_IO1","IO1",null,"SPARE"]
["NCS1_7_VFD1","NCS1_7_VFD1_SI0","SI0",null,"SPARE"]
["NCS1_7_VFD1","NCS1_7_VFD1_SI1","SI1",null,"SPARE"]
["NCS1_7_VFD1","NCS1_7_VFD1_SI2","SI2",null,"SPARE"]
["NCS1_7_VFD1","NCS1_7_VFD1_SI3","SI3",null,"SPARE"]
["NCS1_7_VFD1","NCS1_7_VFD1_SO0","SO0",null,"SPARE"]
["NCS1_8_VFD1","NCS1_8_VFD1_I0","I0",null,"NCS1_8_VFD1_DISC","DISCONNECT AUX"]
["NCS1_8_VFD1","NCS1_8_VFD1_I1","I1",null,"NCS1_8_ENC1","ENCODER"]
["NCS1_8_VFD1","NCS1_8_VFD1_I2","I2",null,"NCS1_8_TPE1","TRACKING PHOTOEYE"]
["NCS1_8_VFD1","NCS1_8_VFD1_I3","I3",null,"SPARE"]
["NCS1_8_VFD1","NCS1_8_VFD1_IO0","IO0",null,"SPARE"]
["NCS1_8_VFD1","NCS1_8_VFD1_IO1","IO1",null,"SPARE"]
["NCS1_8_VFD1","NCS1_8_VFD1_SI0","SI0",null,"SPARE"]
["NCS1_8_VFD1","NCS1_8_VFD1_SI1","SI1",null,"SPARE"]
["NCS1_8_VFD1","NCS1_8_VFD1_SI2","SI2",null,"SPARE"]
["NCS1_8_VFD1","NCS1_8_VFD1_SI3","SI3",null,"SPARE"]
["NCS1_8_VFD1","NCS1_8_VFD1_SO0","SO0",null,"SPARE"]
["NCS1_9_VFD1","NCS1_9_VFD1_I0","I0",null,"NCS1_9_VFD1_DISC","DISCONNECT AUX"]
["NCS1_9_VFD1","NCS1_9_VFD1_I1","I1",null,"NCS1_9_ENC1","ENCODER"]
["NCS1_9_VFD1","NCS1_9_VFD1_I2","I2",null,"NCS1_9_TPE1","TRACKING PHOTOEYE"]
["NCS1_9_VFD1","NCS1_9_VFD1_I3","I3",null,"S02_01_TS1","TRASH SENSOR","2025-05-31"]
["NCS1_9_VFD1","NCS1_9_VFD1_IO0","IO0",null,"S02_01_BDS1","BELT DISPLACEMENT SENSOR","2025-05-31"]
["NCS1_9_VFD1","NCS1_9_VFD1_IO1","IO1",null,"SPARE"]
["NCS1_9_VFD1","NCS1_9_VFD1_SI0","SI0",null,"S02_1_EPC1","E-STOP PULLCORD"]
["NCS1_9_VFD1","NCS1_9_VFD1_SI1","SI1",null,"S02_1_EPC1_2","E-STOP PULLCORD"]
["NCS1_9_VFD1","NCS1_9_VFD1_SI2","SI2",null,"S02_1_EPC2","E-STOP PULLCORD"]
["NCS1_9_VFD1","NCS1_9_VFD1_SI3","SI3",null,"S02_1_EPC2_2","E-STOP PULLCORD"]
["NCS1_9_VFD1","NCS1_9_VFD1_SO0","SO0",null,"SPARE"]
["NCS2_2_VFD1","NCS2_2_VFD1_I0","I0",null,"NCS2_2_VFD1_DISC","DISCONNECT AUX"]
["NCS2_2_VFD1","NCS2_2_VFD1_I1","I1",null,"NCS2_2_ENC1","ENCODER"]
["NCS2_2_VFD1","NCS2_2_VFD1_I2","I2",null,"NCS2_2_TPE1","TRACKING PHOTOEYE"]
["NCS2_2_VFD1","NCS2_2_VFD1_I3","I3",null,"NCS2_2_TPE2","TRACKING PHOTOEYE"]
["NCS2_2_VFD1","NCS2_2_VFD1_IO0","IO0",null,"NCS2_2_S1_PB","START PUSHBUTTON"]
["NCS2_2_VFD1","NCS2_2_VFD1_IO1","IO1",null,"NCS2_2_S1_PB_LT","START PUSHBUTTON LIGHT"]
["NCS2_2_VFD1","NCS2_2_VFD1_SI0","SI0",null,"NCS2_2_EPC1","E-STOP PULLCORD"]
["NCS2_2_VFD1","NCS2_2_VFD1_SI1","SI1",null,"NCS2_2_EPC1_2","E-STOP PULLCORD"]
["NCS2_2_VFD1","NCS2_2_VFD1_SI2","SI2",null,"NCS2_2_EPC2","E-STOP PULLCORD"]
["NCS2_2_VFD1","NCS2_2_VFD1_SI3","SI3",null,"NCS2_2_EPC2_2","E-STOP PULLCORD"]
["NCS2_2_VFD1","NCS2_2_VFD1_SO0","SO0",null,"NCS2_2_BCN2_R","RED BEACON LIGHT"]
["NCS2_3A_VFD1","NCS2_3A_VFD1_I0","I0",null,"NCS2_3A_VFD1_DISC","DISCONNECT AUX"]
["NCS2_3A_VFD1","NCS2_3A_VFD1_I1","I1",null,"SPARE"]
["NCS2_3A_VFD1","NCS2_3A_VFD1_I2","I2",null,"SPARE"]
["NCS2_3A_VFD1","NCS2_3A_VFD1_I3","I3",null,"SPARE"]
["NCS2_3A_VFD1","NCS2_3A_VFD1_IO0","IO0",null,"NCS2_2_S2_PB","START PUSHBUTTON"]
["NCS2_3A_VFD1","NCS2_3A_VFD1_IO1","IO1",null,"NCS2_2_S2_PB_LT","START PUSHBUTTON LIGHT"]
["NCS2_3A_VFD1","NCS2_3A_VFD1_SI0","SI0",null,"SPARE"]
["NCS2_3A_VFD1","NCS2_3A_VFD1_SI1","SI1",null,"SPARE"]
["NCS2_3A_VFD1","NCS2_3A_VFD1_SI2","SI2",null,"SPARE"]
["NCS2_3A_VFD1","NCS2_3A_VFD1_SI3","SI3",null,"SPARE"]
["NCS2_3A_VFD1","NCS2_3A_VFD1_SO0","SO0",null,"SPARE"]
["NCS2_3B_VFD1","NCS2_3B_VFD1_I0","I0",null,"NCS2_3B_VFD1_DISC","DISCONNECT AUX"]
["NCS2_3B_VFD1","NCS2_3B_VFD1_I1","I1",null,"SPARE"]
["NCS2_3B_VFD1","NCS2_3B_VFD1_I2","I2",null,"SPARE"]
["NCS2_3B_VFD1","NCS2_3B_VFD1_I3","I3",null,"SPARE"]
["NCS2_3B_VFD1","NCS2_3B_VFD1_IO0","IO0",null,"NCS2_2_BCN1_A","AMBER BEACON LIGHT"]
["NCS2_3B_VFD1","NCS2_3B_VFD1_IO1","IO1",null,"NCS2_2_BCN1_R","RED BEACON LIGHT"]
["NCS2_3B_VFD1","NCS2_3B_VFD1_SI0","SI0",null,"SPARE"]
["NCS2_3B_VFD1","NCS2_3B_VFD1_SI1","SI1",null,"SPARE"]
["NCS2_3B_VFD1","NCS2_3B_VFD1_SI2","SI2",null,"SPARE"]
["NCS2_3B_VFD1","NCS2_3B_VFD1_SI3","SI3",null,"SPARE"]
["NCS2_3B_VFD1","NCS2_3B_VFD1_SO0","SO0",null,"SPARE"]
["NCS2_4_VFD1","NCS2_4_VFD1_I0","I0",null,"NCS2_4_VFD1_DISC","DISCONNECT AUX"]
["NCS2_4_VFD1","NCS2_4_VFD1_I1","I1",null,"NCS2_4_ENC1","ENCODER"]
["NCS2_4_VFD1","NCS2_4_VFD1_I2","I2",null,"NCS2_4_TPE1","TRACKING PHOTOEYE"]
["NCS2_4_VFD1","NCS2_4_VFD1_I3","I3",null,"NCS2_4_TPE2","TRACKING PHOTOEYE"]
["NCS2_4_VFD1","NCS2_4_VFD1_IO0","IO0",null,"SPARE"]
["NCS2_4_VFD1","NCS2_4_VFD1_IO1","IO1",null,"SPARE"]
["NCS2_4_VFD1","NCS2_4_VFD1_SI0","SI0",null,"SPARE"]
["NCS2_4_VFD1","NCS2_4_VFD1_SI1","SI1",null,"SPARE"]
["NCS2_4_VFD1","NCS2_4_VFD1_SI2","SI2",null,"SPARE"]
["NCS2_4_VFD1","NCS2_4_VFD1_SI3","SI3",null,"SPARE"]
["NCS2_4_VFD1","NCS2_4_VFD1_SO0","SO0",null,"SPARE"]
["NCS2_5_VFD1","NCS2_5_VFD1_I0","I0",null,"NCS2_5_VFD1_DISC","DISCONNECT AUX"]
["NCS2_5_VFD1","NCS2_5_VFD1_I1","I1",null,"NCS2_5_ENC1","ENCODER"]
["NCS2_5_VFD1","NCS2_5_VFD1_I2","I2",null,"NCS2_5_TPE1","TRACKING PHOTOEYE"]
["NCS2_5_VFD1","NCS2_5_VFD1_I3","I3",null,"SPARE"]
["NCS2_5_VFD1","NCS2_5_VFD1_IO0","IO0",null,"SPARE"]
["NCS2_5_VFD1","NCS2_5_VFD1_IO1","IO1",null,"SPARE"]
["NCS2_5_VFD1","NCS2_5_VFD1_SI0","SI0",null,"SPARE"]
["NCS2_5_VFD1","NCS2_5_VFD1_SI1","SI1",null,"SPARE"]
["NCS2_5_VFD1","NCS2_5_VFD1_SI2","SI2",null,"SPARE"]
["NCS2_5_VFD1","NCS2_5_VFD1_SI3","SI3",null,"SPARE"]
["NCS2_5_VFD1","NCS2_5_VFD1_SO0","SO0",null,"SPARE"]
["NCS2_6_VFD1","NCS2_6_VFD1_I0","I0",null,"NCS2_6_VFD1_DISC","DISCONNECT AUX"]
["NCS2_6_VFD1","NCS2_6_VFD1_I1","I1",null,"NCS2_6_ENC1","ENCODER"]
["NCS2_6_VFD1","NCS2_6_VFD1_I2","I2",null,"NCS2_6_TPE1","TRACKING PHOTOEYE"]
["NCS2_6_VFD1","NCS2_6_VFD1_I3","I3",null,"SPARE"]
["NCS2_6_VFD1","NCS2_6_VFD1_IO0","IO0",null,"SPARE"]
["NCS2_6_VFD1","NCS2_6_VFD1_IO1","IO1",null,"SPARE"]
["NCS2_6_VFD1","NCS2_6_VFD1_SI0","SI0",null,"SPARE"]
["NCS2_6_VFD1","NCS2_6_VFD1_SI1","SI1",null,"SPARE"]
["NCS2_6_VFD1","NCS2_6_VFD1_SI2","SI2",null,"SPARE"]
["NCS2_6_VFD1","NCS2_6_VFD1_SI3","SI3",null,"SPARE"]
["NCS2_6_VFD1","NCS2_6_VFD1_SO0","SO0",null,"SPARE"]
["NCS2_7_VFD1","NCS2_7_VFD1_I0","I0",null,"NCS2_7_VFD1_DISC","DISCONNECT AUX"]
["NCS2_7_VFD1","NCS2_7_VFD1_I1","I1",null,"NCS2_7_ENC1","ENCODER"]
["NCS2_7_VFD1","NCS2_7_VFD1_I2","I2",null,"NCS2_7_TPE1","TRACKING PHOTOEYE"]
["NCS2_7_VFD1","NCS2_7_VFD1_I3","I3",null,"S02_02_TS1","TRASH SENSOR","2025-05-31"]
["NCS2_7_VFD1","NCS2_7_VFD1_IO0","IO0",null,"S02_02_BDS1","BELT DISPLACEMENT SENSOR","2025-05-31"]
["NCS2_7_VFD1","NCS2_7_VFD1_IO1","IO1",null,"SPARE"]
["NCS2_7_VFD1","NCS2_7_VFD1_SI0","SI0",null,"S02_2_EPC1","E-STOP PULLCORD"]
["NCS2_7_VFD1","NCS2_7_VFD1_SI1","SI1",null,"S02_2_EPC1_2","E-STOP PULLCORD"]
["NCS2_7_VFD1","NCS2_7_VFD1_SI2","SI2",null,"S02_2_EPC2","E-STOP PULLCORD"]
["NCS2_7_VFD1","NCS2_7_VFD1_SI3","SI3",null,"S02_2_EPC2_2","E-STOP PULLCORD"]
["NCS2_7_VFD1","NCS2_7_VFD1_SO0","SO0",null,"SPARE"]
["S02_1_VFD1","S02_1_VFD1_I0","I0",null,"S02_1_VFD1_DISC","DISCONNECT AUX"]
["S02_2_VFD1","S02_2_VFD1_I0","I0",null,"S02_2_VFD1_DISC","DISCONNECT AUX"]
["S02_1_SIO1","S02_1_SIO1_SI0","SI0",null,"S02_01_TPE1","TRACKING PHOTOEYE","2025-05-31"]
["S02_1_SIO1","S02_1_SIO1_SI1","SI1",null,"SPARE"]
["S02_1_SIO1","S02_1_SIO1_SI2","SI2",null,"S02_01_BDS2","BELT DISPLACEMENT SENSOR","2025-05-31"]
["S02_1_SIO1","S02_1_SIO1_SI3","SI3",null,"SPARE"]
["S02_1_SIO1","S02_1_SIO1_SI4","SI4",null,"S02_01_ENC1","ENCODER","2025-05-31"]
["S02_1_SIO1","S02_1_SIO1_SI5","SI5",null,"SPARE"]
["S02_1_SIO1","S02_1_SIO1_SI6","SI6",null,"SPARE"]
["S02_1_SIO1","S02_1_SIO1_SI7","SI7",null,"SPARE"]
["S02_1_SIO1","S02_1_SIO1_SO0","SO0",null,"S02_1_VFD1_STO","VFD SAFETY ACTIVE"]
["S02_1_SIO1","S02_1_SIO1_SO1","SO1",null,"SPARE"]
["S02_1_SIO1","S02_1_SIO1_SO2","SO2",null,"SPARE"]
["S02_1_SIO1","S02_1_SIO1_SO3","SO3",null,"SPARE"]
["S02_1_SIO1","S02_1_SIO1_IO0","IO0",null,"S02_1_BCN1_A","AMBER BEACON LIGHT"]
["S02_1_SIO1","S02_1_SIO1_IO1","IO1",null,"S02_1_BCN1_B","BLUE BEACON LIGHT"]
["S02_1_SIO1","S02_1_SIO1_IO2","IO2",null,"S02_1_BCN1_H","BEACON HORN"]
["S02_1_SIO1","S02_1_SIO1_IO3","IO3",null,"S02_1CH_JPE1","JAM PHOTOEYE"]
["S02_2_SIO1","S02_2_SIO1_SI0","SI0",null,"S02_02_TPE1","TRACKING PHOTOEYE","2025-05-31"]
["S02_2_SIO1","S02_2_SIO1_SI1","SI1",null,"SPARE"]
["S02_2_SIO1","S02_2_SIO1_SI2","SI2",null,"S02_02_BDS2","BELT DISPLACEMENT SENSOR","2025-05-31"]
["S02_2_SIO1","S02_2_SIO1_SI3","SI3",null,"SPARE"]
["S02_2_SIO1","S02_2_SIO1_SI4","SI4",null,"S02_02_ENC1","ENCODER","2025-05-31"]
["S02_2_SIO1","S02_2_SIO1_SI5","SI5",null,"SPARE"]
["S02_2_SIO1","S02_2_SIO1_SI6","SI6",null,"SPARE"]
["S02_2_SIO1","S02_2_SIO1_SI7","SI7",null,"SPARE"]
["S02_2_SIO1","S02_2_SIO1_SO0","SO0",null,"S02_2_VFD1_STO","VFD SAFETY ACTIVE"]
["S02_2_SIO1","S02_2_SIO1_SO1","SO1",null,"SPARE"]
["S02_2_SIO1","S02_2_SIO1_SO2","SO2",null,"SPARE"]
["S02_2_SIO1","S02_2_SIO1_SO3","SO3",null,"SPARE"]
["S02_2_SIO1","S02_2_SIO1_IO0","IO0",null,"S02_2_BCN1_A","AMBER BEACON LIGHT"]
["S02_2_SIO1","S02_2_SIO1_IO1","IO1",null,"S02_2_BCN1_B","BLUE BEACON LIGHT"]
["S02_2_SIO1","S02_2_SIO1_IO2","IO2",null,"S02_2_BCN1_H","BEACON HORN"]
["S02_2_SIO1","S02_2_SIO1_IO3","IO3",null,"S02_2CH_JPE1","JAM PHOTOEYE"]